{"id":98,"date":"2021-02-17T11:01:24","date_gmt":"2021-02-17T10:01:24","guid":{"rendered":"https:\/\/as-lightsound.de\/wordpress\/?post_type=product&#038;p=98"},"modified":"2025-10-07T10:18:06","modified_gmt":"2025-10-07T08:18:06","slug":"midas-pro-2","status":"publish","type":"product","link":"https:\/\/as-lightsound.de\/wordpress\/product\/midas-pro-2\/","title":{"rendered":"Midas Pro 2"},"content":{"rendered":"<p data-start=\"193\" data-end=\"611\">Das <strong data-start=\"197\" data-end=\"211\">Midas PRO2<\/strong> ist ein professionelles <strong data-start=\"236\" data-end=\"256\">Digitalmischpult<\/strong> f\u00fcr anspruchsvolle Live-, Touring- und Installationsanwendungen. Es bietet legend\u00e4re Midas-Audioqualit\u00e4t, herausragende Dynamikbearbeitung und intuitive Bedienung in einem kompakten Format. Mit 64 Eing\u00e4ngen, 27 Mix-Bussen und der M\u00f6glichkeit, \u00fcber AES50 Stageboxen zu erweitern, ist das PRO2 ein leistungsstarkes Herzst\u00fcck moderner Beschallungssysteme.<\/p>\n<hr data-start=\"613\" data-end=\"616\" \/>\n<h3 data-start=\"618\" data-end=\"655\"><strong data-start=\"622\" data-end=\"655\">Technische Daten (Tech Specs)<\/strong><\/h3>\n<div class=\"_tableContainer_1rjym_1\">\n<div class=\"group _tableWrapper_1rjym_13 flex w-fit flex-col-reverse\" tabindex=\"-1\">\n<table class=\"w-fit min-w-(--thread-content-width)\" data-start=\"657\" data-end=\"2287\">\n<thead data-start=\"657\" data-end=\"684\">\n<tr data-start=\"657\" data-end=\"684\">\n<th data-start=\"657\" data-end=\"667\" data-col-size=\"sm\">Merkmal<\/th>\n<th data-start=\"667\" data-end=\"684\" data-col-size=\"lg\">Spezifikation<\/th>\n<\/tr>\n<\/thead>\n<tbody data-start=\"708\" data-end=\"2287\">\n<tr data-start=\"708\" data-end=\"770\">\n<td data-start=\"708\" data-end=\"729\" data-col-size=\"sm\"><strong data-start=\"710\" data-end=\"728\">Eingangskan\u00e4le<\/strong><\/td>\n<td data-start=\"729\" data-end=\"770\" data-col-size=\"lg\">Bis zu 64 (48 lokale + 16 \u00fcber AES50)<\/td>\n<\/tr>\n<tr data-start=\"771\" data-end=\"856\">\n<td data-start=\"771\" data-end=\"786\" data-col-size=\"sm\"><strong data-start=\"773\" data-end=\"785\">Ausg\u00e4nge<\/strong><\/td>\n<td data-start=\"786\" data-end=\"856\" data-col-size=\"lg\">27 Mix-Busse (16 Aux, 8 Gruppen, L\/C\/R Master, Mono\/Stereo Matrix)<\/td>\n<\/tr>\n<tr data-start=\"857\" data-end=\"959\">\n<td data-start=\"857\" data-end=\"884\" data-col-size=\"sm\"><strong data-start=\"859\" data-end=\"883\">Lokale Ein-\/Ausg\u00e4nge<\/strong><\/td>\n<td data-start=\"884\" data-end=\"959\" data-col-size=\"lg\">8 \u00d7 Mic\/Line In (XLR), 8 \u00d7 XLR Out, 6 \u00d7 TRS Insert I\/O, 2 \u00d7 AES3 In\/Out<\/td>\n<\/tr>\n<tr data-start=\"960\" data-end=\"1042\">\n<td data-start=\"960\" data-end=\"989\" data-col-size=\"sm\"><strong data-start=\"962\" data-end=\"988\">Digitale Ein-\/Ausg\u00e4nge<\/strong><\/td>\n<td data-start=\"989\" data-end=\"1042\" data-col-size=\"lg\">3 \u00d7 AES50 Ports (96 Kan\u00e4le bidirektional, 96 kHz)<\/td>\n<\/tr>\n<tr data-start=\"1043\" data-end=\"1129\">\n<td data-start=\"1043\" data-end=\"1061\" data-col-size=\"sm\"><strong data-start=\"1045\" data-end=\"1060\">Erweiterung<\/strong><\/td>\n<td data-start=\"1061\" data-end=\"1129\" data-col-size=\"lg\">Kompatibel mit Midas DL-Serie (z. B. DL251, DL231, DL153, DL155)<\/td>\n<\/tr>\n<tr data-start=\"1130\" data-end=\"1201\">\n<td data-start=\"1130\" data-end=\"1155\" data-col-size=\"sm\"><strong data-start=\"1132\" data-end=\"1154\">Signalverarbeitung<\/strong><\/td>\n<td data-start=\"1155\" data-end=\"1201\" data-col-size=\"lg\">40-Bit Floating Point, 96 kHz Samplingrate<\/td>\n<\/tr>\n<tr data-start=\"1202\" data-end=\"1298\">\n<td data-start=\"1202\" data-end=\"1216\" data-col-size=\"sm\"><strong data-start=\"1204\" data-end=\"1215\">Effekte<\/strong><\/td>\n<td data-start=\"1216\" data-end=\"1298\" data-col-size=\"lg\">28 interne Effekt-Engines (inkl. Reverb, Delay, Chorus, Dynamics, Graphic EQs)<\/td>\n<\/tr>\n<tr data-start=\"1299\" data-end=\"1367\">\n<td data-start=\"1299\" data-end=\"1315\" data-col-size=\"sm\"><strong data-start=\"1301\" data-end=\"1314\">Equalizer<\/strong><\/td>\n<td data-start=\"1315\" data-end=\"1367\" data-col-size=\"lg\">4-Band-Parametrik auf allen Eing\u00e4ngen und Bussen<\/td>\n<\/tr>\n<tr data-start=\"1368\" data-end=\"1430\">\n<td data-start=\"1368\" data-end=\"1383\" data-col-size=\"sm\"><strong data-start=\"1370\" data-end=\"1382\">Dynamics<\/strong><\/td>\n<td data-start=\"1383\" data-end=\"1430\" data-col-size=\"lg\">Kompressor, Gate, Limiter auf allen Kan\u00e4len<\/td>\n<\/tr>\n<tr data-start=\"1431\" data-end=\"1497\">\n<td data-start=\"1431\" data-end=\"1443\" data-col-size=\"sm\"><strong data-start=\"1433\" data-end=\"1442\">Fader<\/strong><\/td>\n<td data-start=\"1443\" data-end=\"1497\" data-col-size=\"lg\">27 motorisierte 100-mm-Fader (24 Kanal + 3 Master)<\/td>\n<\/tr>\n<tr data-start=\"1498\" data-end=\"1568\">\n<td data-start=\"1498\" data-end=\"1512\" data-col-size=\"sm\"><strong data-start=\"1500\" data-end=\"1511\">Display<\/strong><\/td>\n<td data-start=\"1512\" data-end=\"1568\" data-col-size=\"lg\">15\u2033 Farb-Touchscreen mit direkter Parametersteuerung<\/td>\n<\/tr>\n<tr data-start=\"1569\" data-end=\"1636\">\n<td data-start=\"1569\" data-end=\"1590\" data-col-size=\"sm\"><strong data-start=\"1571\" data-end=\"1589\">Szenenspeicher<\/strong><\/td>\n<td data-start=\"1590\" data-end=\"1636\" data-col-size=\"lg\">Bis zu 1000 Szenen mit Snapshot-Automation<\/td>\n<\/tr>\n<tr data-start=\"1637\" data-end=\"1694\">\n<td data-start=\"1637\" data-end=\"1651\" data-col-size=\"sm\"><strong data-start=\"1639\" data-end=\"1650\">Routing<\/strong><\/td>\n<td data-start=\"1651\" data-end=\"1694\" data-col-size=\"lg\">Vollst\u00e4ndig frei konfigurierbare Matrix<\/td>\n<\/tr>\n<tr data-start=\"1695\" data-end=\"1780\">\n<td data-start=\"1695\" data-end=\"1722\" data-col-size=\"sm\"><strong data-start=\"1697\" data-end=\"1721\">Steuerung \/ Netzwerk<\/strong><\/td>\n<td data-start=\"1722\" data-end=\"1780\" data-col-size=\"lg\">Ethernet (Remote, Offline-Editor, SysLink), MIDI, GPIO<\/td>\n<\/tr>\n<tr data-start=\"1781\" data-end=\"1829\">\n<td data-start=\"1781\" data-end=\"1798\" data-col-size=\"sm\"><strong data-start=\"1783\" data-end=\"1797\">Word Clock<\/strong><\/td>\n<td data-start=\"1798\" data-end=\"1829\" data-col-size=\"lg\">In\/Out (BNC), intern 96 kHz<\/td>\n<\/tr>\n<tr data-start=\"1830\" data-end=\"1873\">\n<td data-start=\"1830\" data-end=\"1843\" data-col-size=\"sm\"><strong data-start=\"1832\" data-end=\"1842\">Latenz<\/strong><\/td>\n<td data-start=\"1843\" data-end=\"1873\" data-col-size=\"lg\">&lt; 2 ms (Eingang \u2192 Ausgang)<\/td>\n<\/tr>\n<tr data-start=\"1874\" data-end=\"1949\">\n<td data-start=\"1874\" data-end=\"1900\" data-col-size=\"sm\"><strong data-start=\"1876\" data-end=\"1899\">Spannungsversorgung<\/strong><\/td>\n<td data-start=\"1900\" data-end=\"1949\" data-col-size=\"lg\">100\u2013240 V AC, 50\/60 Hz, intern redundanzf\u00e4hig<\/td>\n<\/tr>\n<tr data-start=\"1950\" data-end=\"1987\">\n<td data-start=\"1950\" data-end=\"1974\" data-col-size=\"sm\"><strong data-start=\"1952\" data-end=\"1973\">Leistungsaufnahme<\/strong><\/td>\n<td data-start=\"1974\" data-end=\"1987\" data-col-size=\"lg\">ca. 200 W<\/td>\n<\/tr>\n<tr data-start=\"1988\" data-end=\"2070\">\n<td data-start=\"1988\" data-end=\"2002\" data-col-size=\"sm\"><strong data-start=\"1990\" data-end=\"2001\">Geh\u00e4use<\/strong><\/td>\n<td data-start=\"2002\" data-end=\"2070\" data-col-size=\"lg\">Touring-taugliches Metallgeh\u00e4use, 19\u2033 Rack-kompatibel (optional)<\/td>\n<\/tr>\n<tr data-start=\"2071\" data-end=\"2123\">\n<td data-start=\"2071\" data-end=\"2101\" data-col-size=\"sm\"><strong data-start=\"2073\" data-end=\"2100\">Abmessungen (B \u00d7 H \u00d7 T)<\/strong><\/td>\n<td data-start=\"2101\" data-end=\"2123\" data-col-size=\"lg\">902 \u00d7 276 \u00d7 800 mm<\/td>\n<\/tr>\n<tr data-start=\"2124\" data-end=\"2151\">\n<td data-start=\"2124\" data-end=\"2138\" data-col-size=\"sm\"><strong data-start=\"2126\" data-end=\"2137\">Gewicht<\/strong><\/td>\n<td data-start=\"2138\" data-end=\"2151\" data-col-size=\"lg\">ca. 52 kg<\/td>\n<\/tr>\n<tr data-start=\"2152\" data-end=\"2287\">\n<td data-start=\"2152\" data-end=\"2173\" data-col-size=\"sm\"><strong data-start=\"2154\" data-end=\"2172\">Besonderheiten<\/strong><\/td>\n<td data-start=\"2173\" data-end=\"2287\" data-col-size=\"lg\">96 kHz Audioqualit\u00e4t, 27 Busse, AES50-Netzwerk, Touchscreen, motorisierte Fader, erweiterbar mit DL-Stageboxen<\/td>\n<\/tr>\n<\/tbody>\n<\/table>\n<\/div>\n<\/div>\n","protected":false},"excerpt":{"rendered":"<p>1 vorr\u00e4tig<\/p>\n","protected":false},"featured_media":99,"template":"","meta":[],"product_brand":[],"product_cat":[16],"product_tag":[],"class_list":{"0":"post-98","1":"product","2":"type-product","3":"status-publish","4":"has-post-thumbnail","6":"product_cat-mischpulte","8":"first","9":"instock","10":"taxable","11":"shipping-taxable","12":"purchasable","13":"product-type-simple"},"_links":{"self":[{"href":"https:\/\/as-lightsound.de\/wordpress\/wp-json\/wp\/v2\/product\/98","targetHints":{"allow":["GET"]}}],"collection":[{"href":"https:\/\/as-lightsound.de\/wordpress\/wp-json\/wp\/v2\/product"}],"about":[{"href":"https:\/\/as-lightsound.de\/wordpress\/wp-json\/wp\/v2\/types\/product"}],"wp:featuredmedia":[{"embeddable":true,"href":"https:\/\/as-lightsound.de\/wordpress\/wp-json\/wp\/v2\/media\/99"}],"wp:attachment":[{"href":"https:\/\/as-lightsound.de\/wordpress\/wp-json\/wp\/v2\/media?parent=98"}],"wp:term":[{"taxonomy":"product_brand","embeddable":true,"href":"https:\/\/as-lightsound.de\/wordpress\/wp-json\/wp\/v2\/product_brand?post=98"},{"taxonomy":"product_cat","embeddable":true,"href":"https:\/\/as-lightsound.de\/wordpress\/wp-json\/wp\/v2\/product_cat?post=98"},{"taxonomy":"product_tag","embeddable":true,"href":"https:\/\/as-lightsound.de\/wordpress\/wp-json\/wp\/v2\/product_tag?post=98"}],"curies":[{"name":"wp","href":"https:\/\/api.w.org\/{rel}","templated":true}]}}