{"id":881,"date":"2021-09-02T10:53:28","date_gmt":"2021-09-02T08:53:28","guid":{"rendered":"https:\/\/as-lightsound.de\/wordpress\/?post_type=product&#038;p=881"},"modified":"2025-10-07T14:49:10","modified_gmt":"2025-10-07T12:49:10","slug":"nti-audio-exel-acoustic-set-mit-m4261-messmikrofon","status":"publish","type":"product","link":"https:\/\/as-lightsound.de\/wordpress\/product\/nti-audio-exel-acoustic-set-mit-m4261-messmikrofon\/","title":{"rendered":"NTI Audio Exel Acoustic Set mit M4261 Messmikrofon"},"content":{"rendered":"<p data-start=\"230\" data-end=\"684\">Das <strong data-start=\"234\" data-end=\"265\">NTi Audio Exel Acoustic Set<\/strong> ist ein professionelles <strong data-start=\"290\" data-end=\"335\">Messsystem f\u00fcr Akustik- und Audioanalysen<\/strong>, das h\u00f6chste Pr\u00e4zision und Flexibilit\u00e4t f\u00fcr Raum-, Beschallungs- und Systemmessungen bietet. Es kombiniert den <strong data-start=\"447\" data-end=\"471\">XL2 Audio-Analysator<\/strong>, das <strong data-start=\"477\" data-end=\"499\">M4261 Messmikrofon<\/strong>, den <strong data-start=\"505\" data-end=\"531\">MR-PRO Signalgenerator<\/strong> sowie umfangreiches Zubeh\u00f6r \u2013 alles sicher verstaut im robusten Systemkoffer. Ideal f\u00fcr Toningenieure, Akustiker, Installateure und Service-Techniker.<\/p>\n<hr data-start=\"686\" data-end=\"689\" \/>\n<h3 data-start=\"691\" data-end=\"711\"><strong data-start=\"695\" data-end=\"711\">Lieferumfang<\/strong><\/h3>\n<ul data-start=\"713\" data-end=\"1329\">\n<li data-start=\"713\" data-end=\"802\">\n<p data-start=\"715\" data-end=\"802\"><strong data-start=\"715\" data-end=\"749\">1\u00d7 NTi Audio Exel Systemkoffer<\/strong> \u2013 robuster Transportkoffer f\u00fcr das gesamte Messset<\/p>\n<\/li>\n<li data-start=\"803\" data-end=\"894\">\n<p data-start=\"805\" data-end=\"894\"><strong data-start=\"805\" data-end=\"840\">1\u00d7 NTi Audio M4261 Messmikrofon<\/strong> \u2013 pr\u00e4zises \u00bc&#8220;-Messmikrofon mit STIPA-Zertifizierung<\/p>\n<\/li>\n<li data-start=\"895\" data-end=\"1001\">\n<p data-start=\"897\" data-end=\"1001\"><strong data-start=\"897\" data-end=\"945\">1\u00d7 NTi Audio XL2 Audio- &amp; Akustik-Analysator<\/strong> \u2013 professioneller Schallpegelmesser und Audioanalyzer<\/p>\n<\/li>\n<li data-start=\"1002\" data-end=\"1085\">\n<p data-start=\"1004\" data-end=\"1085\"><strong data-start=\"1004\" data-end=\"1037\">1\u00d7 NTi Audio MR-PRO Minirator<\/strong> \u2013 Audio-Signalgenerator und Impedanzmessger\u00e4t<\/p>\n<\/li>\n<li data-start=\"1086\" data-end=\"1178\">\n<p data-start=\"1088\" data-end=\"1178\"><strong data-start=\"1088\" data-end=\"1129\">1\u00d7 NTi Audio XL2 ASD Verbindungskabel<\/strong> \u2013 Interfacekabel zwischen Analyzer und Zubeh\u00f6r<\/p>\n<\/li>\n<li data-start=\"1179\" data-end=\"1261\">\n<p data-start=\"1181\" data-end=\"1261\"><strong data-start=\"1181\" data-end=\"1222\">1\u00d7 NTi Audio MR-PRO Kabeltest-Stecker<\/strong> \u2013 zur Leitungs- und Polarit\u00e4tpr\u00fcfung<\/p>\n<\/li>\n<li data-start=\"1262\" data-end=\"1329\">\n<p data-start=\"1264\" data-end=\"1329\"><strong data-start=\"1264\" data-end=\"1290\">2\u00d7 NTi Audio Netzteile<\/strong> \u2013 Stromversorgung f\u00fcr XL2 und MR-PRO<\/p>\n<\/li>\n<\/ul>\n<hr data-start=\"1331\" data-end=\"1334\" \/>\n<h3 data-start=\"1336\" data-end=\"1369\"><strong data-start=\"1340\" data-end=\"1369\">Technische Daten (Auszug)<\/strong><\/h3>\n<div class=\"_tableContainer_1rjym_1\">\n<div class=\"group _tableWrapper_1rjym_13 flex w-fit flex-col-reverse\" tabindex=\"-1\">\n<table class=\"w-fit min-w-(--thread-content-width)\" data-start=\"1371\" data-end=\"2384\">\n<thead data-start=\"1371\" data-end=\"1398\">\n<tr data-start=\"1371\" data-end=\"1398\">\n<th data-start=\"1371\" data-end=\"1381\" data-col-size=\"sm\">Merkmal<\/th>\n<th data-start=\"1381\" data-end=\"1398\" data-col-size=\"md\">Spezifikation<\/th>\n<\/tr>\n<\/thead>\n<tbody data-start=\"1422\" data-end=\"2384\">\n<tr data-start=\"1422\" data-end=\"1542\">\n<td data-start=\"1422\" data-end=\"1445\" data-col-size=\"sm\"><strong data-start=\"1424\" data-end=\"1444\">Mikrofon (M4261)<\/strong><\/td>\n<td data-start=\"1445\" data-end=\"1542\" data-col-size=\"md\">\u00bc&#8220; Messmikrofon, kalibrierbar, Class 1 nach IEC 61672, Frequenzbereich 5 Hz \u2013 20 kHz, \u00b11,5 dB<\/td>\n<\/tr>\n<tr data-start=\"1543\" data-end=\"1650\">\n<td data-start=\"1543\" data-end=\"1564\" data-col-size=\"sm\"><strong data-start=\"1545\" data-end=\"1563\">Analyzer (XL2)<\/strong><\/td>\n<td data-start=\"1564\" data-end=\"1650\" data-col-size=\"md\">Echtzeit-FFT, SPL, STIPA, RTA (1\/1 &amp; 1\/3 Oktave), THD+N, Impuls- &amp; Langzeitmessung<\/td>\n<\/tr>\n<tr data-start=\"1651\" data-end=\"1760\">\n<td data-start=\"1651\" data-end=\"1682\" data-col-size=\"sm\"><strong data-start=\"1653\" data-end=\"1681\">Signalgenerator (MR-PRO)<\/strong><\/td>\n<td data-start=\"1682\" data-end=\"1760\" data-col-size=\"md\">Sinus, Sweep, Pink\/White Noise, Impedanzmessung, symmetrisch\/unsymmetrisch<\/td>\n<\/tr>\n<tr data-start=\"1761\" data-end=\"1834\">\n<td data-start=\"1761\" data-end=\"1784\" data-col-size=\"sm\"><strong data-start=\"1763\" data-end=\"1783\">Datenspeicherung<\/strong><\/td>\n<td data-start=\"1784\" data-end=\"1834\" data-col-size=\"md\">SD-Karte (bis 32 GB), USB-Schnittstelle f\u00fcr PC<\/td>\n<\/tr>\n<tr data-start=\"1835\" data-end=\"1894\">\n<td data-start=\"1835\" data-end=\"1849\" data-col-size=\"sm\"><strong data-start=\"1837\" data-end=\"1848\">Display<\/strong><\/td>\n<td data-start=\"1849\" data-end=\"1894\" data-col-size=\"md\">Farbdisplay (2,4\u2033, hintergrundbeleuchtet)<\/td>\n<\/tr>\n<tr data-start=\"1895\" data-end=\"1968\">\n<td data-start=\"1895\" data-end=\"1916\" data-col-size=\"sm\"><strong data-start=\"1897\" data-end=\"1915\">Schnittstellen<\/strong><\/td>\n<td data-start=\"1916\" data-end=\"1968\" data-col-size=\"md\">USB, XLR, BNC, 3,5 mm Miniklinke (je nach Ger\u00e4t)<\/td>\n<\/tr>\n<tr data-start=\"1969\" data-end=\"2048\">\n<td data-start=\"1969\" data-end=\"1988\" data-col-size=\"sm\"><strong data-start=\"1971\" data-end=\"1987\">Kalibrierung<\/strong><\/td>\n<td data-start=\"1988\" data-end=\"2048\" data-col-size=\"md\">Unterst\u00fctzt NTi Audio Sound Calibrator f\u00fcr Pegelreferenz<\/td>\n<\/tr>\n<tr data-start=\"2049\" data-end=\"2123\">\n<td data-start=\"2049\" data-end=\"2075\" data-col-size=\"sm\"><strong data-start=\"2051\" data-end=\"2074\">Spannungsversorgung<\/strong><\/td>\n<td data-start=\"2075\" data-end=\"2123\" data-col-size=\"md\">Batterie oder Netzteilbetrieb (100\u2013240 V AC)<\/td>\n<\/tr>\n<tr data-start=\"2124\" data-end=\"2176\">\n<td data-start=\"2124\" data-end=\"2141\" data-col-size=\"sm\"><strong data-start=\"2126\" data-end=\"2140\">Messnormen<\/strong><\/td>\n<td data-start=\"2141\" data-end=\"2176\" data-col-size=\"md\">IEC 61672, IEC 60268, ANSI S1.4<\/td>\n<\/tr>\n<tr data-start=\"2177\" data-end=\"2222\">\n<td data-start=\"2177\" data-end=\"2200\" data-col-size=\"sm\"><strong data-start=\"2179\" data-end=\"2199\">Kofferma\u00dfe (ca.)<\/strong><\/td>\n<td data-start=\"2200\" data-end=\"2222\" data-col-size=\"md\">470 \u00d7 360 \u00d7 140 mm<\/td>\n<\/tr>\n<tr data-start=\"2223\" data-end=\"2263\">\n<td data-start=\"2223\" data-end=\"2249\" data-col-size=\"sm\"><strong data-start=\"2225\" data-end=\"2248\">Gesamtgewicht (Set)<\/strong><\/td>\n<td data-start=\"2249\" data-end=\"2263\" data-col-size=\"md\">ca. 5,5 kg<\/td>\n<\/tr>\n<tr data-start=\"2264\" data-end=\"2384\">\n<td data-start=\"2264\" data-end=\"2285\" data-col-size=\"sm\"><strong data-start=\"2266\" data-end=\"2284\">Besonderheiten<\/strong><\/td>\n<td data-start=\"2285\" data-end=\"2384\" data-col-size=\"md\">Komplettsystem f\u00fcr Akustikmessung, STIPA-konform, tragbar, sofort einsatzbereit, kalibrierf\u00e4hig<\/td>\n<\/tr>\n<\/tbody>\n<\/table>\n<\/div>\n<\/div>\n","protected":false},"excerpt":{"rendered":"<p>1 vorr\u00e4tig<\/p>\n","protected":false},"featured_media":882,"template":"","meta":[],"product_brand":[],"product_cat":[18],"product_tag":[],"class_list":{"0":"post-881","1":"product","2":"type-product","3":"status-publish","4":"has-post-thumbnail","6":"product_cat-mikrofone","8":"first","9":"instock","10":"taxable","11":"shipping-taxable","12":"purchasable","13":"product-type-simple"},"_links":{"self":[{"href":"https:\/\/as-lightsound.de\/wordpress\/wp-json\/wp\/v2\/product\/881","targetHints":{"allow":["GET"]}}],"collection":[{"href":"https:\/\/as-lightsound.de\/wordpress\/wp-json\/wp\/v2\/product"}],"about":[{"href":"https:\/\/as-lightsound.de\/wordpress\/wp-json\/wp\/v2\/types\/product"}],"wp:featuredmedia":[{"embeddable":true,"href":"https:\/\/as-lightsound.de\/wordpress\/wp-json\/wp\/v2\/media\/882"}],"wp:attachment":[{"href":"https:\/\/as-lightsound.de\/wordpress\/wp-json\/wp\/v2\/media?parent=881"}],"wp:term":[{"taxonomy":"product_brand","embeddable":true,"href":"https:\/\/as-lightsound.de\/wordpress\/wp-json\/wp\/v2\/product_brand?post=881"},{"taxonomy":"product_cat","embeddable":true,"href":"https:\/\/as-lightsound.de\/wordpress\/wp-json\/wp\/v2\/product_cat?post=881"},{"taxonomy":"product_tag","embeddable":true,"href":"https:\/\/as-lightsound.de\/wordpress\/wp-json\/wp\/v2\/product_tag?post=881"}],"curies":[{"name":"wp","href":"https:\/\/api.w.org\/{rel}","templated":true}]}}