{"id":86,"date":"2021-02-17T10:49:16","date_gmt":"2021-02-17T09:49:16","guid":{"rendered":"https:\/\/as-lightsound.de\/wordpress\/?post_type=product&#038;p=86"},"modified":"2025-10-07T10:23:20","modified_gmt":"2025-10-07T08:23:20","slug":"hear-dante-wsg-bridge","status":"publish","type":"product","link":"https:\/\/as-lightsound.de\/wordpress\/product\/hear-dante-wsg-bridge\/","title":{"rendered":"Hear Dante WSG Bridge"},"content":{"rendered":"<p data-start=\"234\" data-end=\"722\">Die <strong data-start=\"238\" data-end=\"276\">Hear Technologies Dante WSG Bridge<\/strong> ist eine professionelle <strong data-start=\"301\" data-end=\"325\">Audio-Netzwerkbridge<\/strong>, die <strong data-start=\"331\" data-end=\"340\">Dante<\/strong>&#8211; und <strong data-start=\"346\" data-end=\"365\">Waves SoundGrid<\/strong>-Systeme nahtlos miteinander verbindet. Sie erm\u00f6glicht den bidirektionalen Austausch von bis zu <strong data-start=\"461\" data-end=\"483\">64\u00d764 Audiokan\u00e4len<\/strong> bei extrem niedriger Latenz und h\u00f6chster Klangqualit\u00e4t. Ideal f\u00fcr Touring, Broadcast, Recording und Festinstallationen, bei denen Dante-basierte Mischpulte oder Stageboxen mit Waves-Servern oder Plug-in-Systemen gekoppelt werden sollen.<\/p>\n<hr data-start=\"724\" data-end=\"727\" \/>\n<h3 data-start=\"729\" data-end=\"766\"><strong data-start=\"733\" data-end=\"766\">Technische Daten (Tech Specs)<\/strong><\/h3>\n<div class=\"_tableContainer_1rjym_1\">\n<div class=\"group _tableWrapper_1rjym_13 flex w-fit flex-col-reverse\" tabindex=\"-1\">\n<table class=\"w-fit min-w-(--thread-content-width)\" data-start=\"768\" data-end=\"2072\">\n<thead data-start=\"768\" data-end=\"795\">\n<tr data-start=\"768\" data-end=\"795\">\n<th data-start=\"768\" data-end=\"778\" data-col-size=\"sm\">Merkmal<\/th>\n<th data-start=\"778\" data-end=\"795\" data-col-size=\"lg\">Spezifikation<\/th>\n<\/tr>\n<\/thead>\n<tbody data-start=\"819\" data-end=\"2072\">\n<tr data-start=\"819\" data-end=\"893\">\n<td data-start=\"819\" data-end=\"834\" data-col-size=\"sm\"><strong data-start=\"821\" data-end=\"833\">Funktion<\/strong><\/td>\n<td data-start=\"834\" data-end=\"893\" data-col-size=\"lg\">Audio-Netzwerkbridge zwischen Dante und Waves SoundGrid<\/td>\n<\/tr>\n<tr data-start=\"894\" data-end=\"944\">\n<td data-start=\"894\" data-end=\"913\" data-col-size=\"sm\"><strong data-start=\"896\" data-end=\"912\">Audioformate<\/strong><\/td>\n<td data-start=\"913\" data-end=\"944\" data-col-size=\"lg\">48 kHz \/ 96 kHz, 24 Bit PCM<\/td>\n<\/tr>\n<tr data-start=\"945\" data-end=\"1003\">\n<td data-start=\"945\" data-end=\"958\" data-col-size=\"sm\"><strong data-start=\"947\" data-end=\"957\">Kan\u00e4le<\/strong><\/td>\n<td data-start=\"958\" data-end=\"1003\" data-col-size=\"lg\">64 \u00d7 64 bidirektional (Dante \u2194 SoundGrid)<\/td>\n<\/tr>\n<tr data-start=\"1004\" data-end=\"1056\">\n<td data-start=\"1004\" data-end=\"1017\" data-col-size=\"sm\"><strong data-start=\"1006\" data-end=\"1016\">Latenz<\/strong><\/td>\n<td data-start=\"1017\" data-end=\"1056\" data-col-size=\"lg\">&lt; 1 ms (bei 96 kHz, systemabh\u00e4ngig)<\/td>\n<\/tr>\n<tr data-start=\"1057\" data-end=\"1238\">\n<td data-start=\"1057\" data-end=\"1086\" data-col-size=\"sm\"><strong data-start=\"1059\" data-end=\"1085\">Netzwerkschnittstellen<\/strong><\/td>\n<td data-start=\"1086\" data-end=\"1238\" data-col-size=\"lg\">1 \u00d7 Dante Primary, 1 \u00d7 Dante Secondary (redundant) \u2013 RJ45 Gigabit Ethernet<br \/>\n1 \u00d7 SoundGrid Primary, 1 \u00d7 SoundGrid Secondary \u2013 RJ45 Gigabit Ethernet<\/td>\n<\/tr>\n<tr data-start=\"1239\" data-end=\"1389\">\n<td data-start=\"1239\" data-end=\"1260\" data-col-size=\"sm\"><strong data-start=\"1241\" data-end=\"1259\">Kompatibilit\u00e4t<\/strong><\/td>\n<td data-start=\"1260\" data-end=\"1389\" data-col-size=\"lg\">Dante Controller, Waves SuperRack, MultiRack, eMotion LV1, Waves SoundGrid Server, Allen &amp; Heath, Yamaha, DiGiCo, Midas u. a.<\/td>\n<\/tr>\n<tr data-start=\"1390\" data-end=\"1479\">\n<td data-start=\"1390\" data-end=\"1423\" data-col-size=\"sm\"><strong data-start=\"1392\" data-end=\"1422\">Clocking \/ Synchronisation<\/strong><\/td>\n<td data-start=\"1423\" data-end=\"1479\" data-col-size=\"lg\">Dante als Master oder Slave, Word Clock I\/O \u00fcber BNC<\/td>\n<\/tr>\n<tr data-start=\"1480\" data-end=\"1568\">\n<td data-start=\"1480\" data-end=\"1504\" data-col-size=\"sm\"><strong data-start=\"1482\" data-end=\"1503\">Steuerung \/ Setup<\/strong><\/td>\n<td data-start=\"1504\" data-end=\"1568\" data-col-size=\"lg\">\u00dcber Dante Controller und Waves SoundGrid Studio \/ SuperRack<\/td>\n<\/tr>\n<tr data-start=\"1569\" data-end=\"1641\">\n<td data-start=\"1569\" data-end=\"1595\" data-col-size=\"sm\"><strong data-start=\"1571\" data-end=\"1594\">Spannungsversorgung<\/strong><\/td>\n<td data-start=\"1595\" data-end=\"1641\" data-col-size=\"lg\">100\u2013240 V AC, 50\/60 Hz (internes Netzteil)<\/td>\n<\/tr>\n<tr data-start=\"1642\" data-end=\"1678\">\n<td data-start=\"1642\" data-end=\"1666\" data-col-size=\"sm\"><strong data-start=\"1644\" data-end=\"1665\">Leistungsaufnahme<\/strong><\/td>\n<td data-start=\"1666\" data-end=\"1678\" data-col-size=\"lg\">ca. 25 W<\/td>\n<\/tr>\n<tr data-start=\"1679\" data-end=\"1738\">\n<td data-start=\"1679\" data-end=\"1693\" data-col-size=\"sm\"><strong data-start=\"1681\" data-end=\"1692\">K\u00fchlung<\/strong><\/td>\n<td data-start=\"1693\" data-end=\"1738\" data-col-size=\"lg\">Passiv, l\u00fcfterlos (ger\u00e4uschloser Betrieb)<\/td>\n<\/tr>\n<tr data-start=\"1739\" data-end=\"1772\">\n<td data-start=\"1739\" data-end=\"1755\" data-col-size=\"sm\"><strong data-start=\"1741\" data-end=\"1754\">Schutzart<\/strong><\/td>\n<td data-start=\"1755\" data-end=\"1772\" data-col-size=\"lg\">IP20 (Indoor)<\/td>\n<\/tr>\n<tr data-start=\"1773\" data-end=\"1834\">\n<td data-start=\"1773\" data-end=\"1787\" data-col-size=\"sm\"><strong data-start=\"1775\" data-end=\"1786\">Geh\u00e4use<\/strong><\/td>\n<td data-start=\"1787\" data-end=\"1834\" data-col-size=\"lg\">19\u2033 Rackmount, 1 HE, stabiles Metallgeh\u00e4use<\/td>\n<\/tr>\n<tr data-start=\"1835\" data-end=\"1886\">\n<td data-start=\"1835\" data-end=\"1865\" data-col-size=\"sm\"><strong data-start=\"1837\" data-end=\"1864\">Abmessungen (B \u00d7 H \u00d7 T)<\/strong><\/td>\n<td data-start=\"1865\" data-end=\"1886\" data-col-size=\"lg\">483 \u00d7 44 \u00d7 200 mm<\/td>\n<\/tr>\n<tr data-start=\"1887\" data-end=\"1915\">\n<td data-start=\"1887\" data-end=\"1901\" data-col-size=\"sm\"><strong data-start=\"1889\" data-end=\"1900\">Gewicht<\/strong><\/td>\n<td data-start=\"1901\" data-end=\"1915\" data-col-size=\"lg\">ca. 3,2 kg<\/td>\n<\/tr>\n<tr data-start=\"1916\" data-end=\"2072\">\n<td data-start=\"1916\" data-end=\"1937\" data-col-size=\"sm\"><strong data-start=\"1918\" data-end=\"1936\">Besonderheiten<\/strong><\/td>\n<td data-start=\"1937\" data-end=\"2072\" data-col-size=\"lg\">64\u00d764 Dante\u2013SoundGrid Bridge, Word Clock I\/O, redundante Netzwerkanschl\u00fcsse, &lt;1 ms Latenz, einfache Integration mit Waves SuperRack<\/td>\n<\/tr>\n<\/tbody>\n<\/table>\n<\/div>\n<\/div>\n","protected":false},"excerpt":{"rendered":"<p>1 vorr\u00e4tig<\/p>\n","protected":false},"featured_media":87,"template":"","meta":[],"product_brand":[],"product_cat":[16],"product_tag":[],"class_list":{"0":"post-86","1":"product","2":"type-product","3":"status-publish","4":"has-post-thumbnail","6":"product_cat-mischpulte","8":"first","9":"instock","10":"taxable","11":"shipping-taxable","12":"purchasable","13":"product-type-simple"},"_links":{"self":[{"href":"https:\/\/as-lightsound.de\/wordpress\/wp-json\/wp\/v2\/product\/86","targetHints":{"allow":["GET"]}}],"collection":[{"href":"https:\/\/as-lightsound.de\/wordpress\/wp-json\/wp\/v2\/product"}],"about":[{"href":"https:\/\/as-lightsound.de\/wordpress\/wp-json\/wp\/v2\/types\/product"}],"wp:featuredmedia":[{"embeddable":true,"href":"https:\/\/as-lightsound.de\/wordpress\/wp-json\/wp\/v2\/media\/87"}],"wp:attachment":[{"href":"https:\/\/as-lightsound.de\/wordpress\/wp-json\/wp\/v2\/media?parent=86"}],"wp:term":[{"taxonomy":"product_brand","embeddable":true,"href":"https:\/\/as-lightsound.de\/wordpress\/wp-json\/wp\/v2\/product_brand?post=86"},{"taxonomy":"product_cat","embeddable":true,"href":"https:\/\/as-lightsound.de\/wordpress\/wp-json\/wp\/v2\/product_cat?post=86"},{"taxonomy":"product_tag","embeddable":true,"href":"https:\/\/as-lightsound.de\/wordpress\/wp-json\/wp\/v2\/product_tag?post=86"}],"curies":[{"name":"wp","href":"https:\/\/api.w.org\/{rel}","templated":true}]}}