{"id":604,"date":"2021-06-05T12:46:22","date_gmt":"2021-06-05T10:46:22","guid":{"rendered":"https:\/\/as-lightsound.de\/wordpress\/?post_type=product&#038;p=604"},"modified":"2025-10-09T11:05:09","modified_gmt":"2025-10-09T09:05:09","slug":"adj-fog-fury-vertikalnebel","status":"publish","type":"product","link":"https:\/\/as-lightsound.de\/wordpress\/product\/adj-fog-fury-vertikalnebel\/","title":{"rendered":"ADJ Fog Fury JETT Vertikalnebel"},"content":{"rendered":"<p data-start=\"70\" data-end=\"540\">Die ADJ Fog Fury JETT ist eine kompakte Vertikal-Nebelmaschine mit integrierter RGB-Amber-LED-Beleuchtung zur farbigen Inszenierung des Nebelaussto\u00dfes. Das Ger\u00e4t erzeugt kr\u00e4ftige, senkrechte Nebels\u00e4ulen mit hohem Druck und gleichm\u00e4\u00dfiger Dichte. Eine spezielle Heiztechnologie sorgt f\u00fcr konstante Verdampfung und reduziert Ablagerungen im Heizblock. Die Maschine kann vertikal oder horizontal betrieben werden und ist \u00fcber DMX, manuell oder per Fernbedienung steuerbar.<\/p>\n<div class=\"_tableContainer_1rjym_1\">\n<div class=\"group _tableWrapper_1rjym_13 flex w-fit flex-col-reverse\" tabindex=\"-1\">\n<table class=\"w-fit min-w-(--thread-content-width)\" data-start=\"542\" data-end=\"1172\" data-is-last-node=\"\" data-is-only-node=\"\">\n<thead data-start=\"542\" data-end=\"577\">\n<tr data-start=\"542\" data-end=\"577\">\n<th data-start=\"542\" data-end=\"565\" data-col-size=\"sm\"><strong data-start=\"544\" data-end=\"564\">Technische Daten<\/strong><\/th>\n<th data-start=\"565\" data-end=\"577\" data-col-size=\"sm\"><strong data-start=\"567\" data-end=\"575\">Wert<\/strong><\/th>\n<\/tr>\n<\/thead>\n<tbody data-start=\"615\" data-end=\"1172\" data-is-last-node=\"\">\n<tr data-start=\"615\" data-end=\"663\">\n<td data-start=\"615\" data-end=\"637\" data-col-size=\"sm\">Versorgungsspannung<\/td>\n<td data-col-size=\"sm\" data-start=\"637\" data-end=\"663\">AC 220\u2013240 V, 50\/60 Hz<\/td>\n<\/tr>\n<tr data-start=\"664\" data-end=\"688\">\n<td data-start=\"664\" data-end=\"679\" data-col-size=\"sm\">Heizleistung<\/td>\n<td data-col-size=\"sm\" data-start=\"679\" data-end=\"688\">700 W<\/td>\n<\/tr>\n<tr data-start=\"689\" data-end=\"722\">\n<td data-start=\"689\" data-end=\"709\" data-col-size=\"sm\">Leistungsaufnahme<\/td>\n<td data-col-size=\"sm\" data-start=\"709\" data-end=\"722\">ca. 730 W<\/td>\n<\/tr>\n<tr data-start=\"723\" data-end=\"750\">\n<td data-start=\"723\" data-end=\"737\" data-col-size=\"sm\">Aufheizzeit<\/td>\n<td data-col-size=\"sm\" data-start=\"737\" data-end=\"750\">ca. 9 min<\/td>\n<\/tr>\n<tr data-start=\"751\" data-end=\"789\">\n<td data-start=\"751\" data-end=\"766\" data-col-size=\"sm\">Nebelaussto\u00df<\/td>\n<td data-col-size=\"sm\" data-start=\"766\" data-end=\"789\">ca. 20.000 cuft\/min<\/td>\n<\/tr>\n<tr data-start=\"790\" data-end=\"833\">\n<td data-start=\"790\" data-end=\"804\" data-col-size=\"sm\">Lichtquelle<\/td>\n<td data-col-size=\"sm\" data-start=\"804\" data-end=\"833\">12 \u00d7 3 W LEDs (RGB Amber)<\/td>\n<\/tr>\n<tr data-start=\"834\" data-end=\"881\">\n<td data-start=\"834\" data-end=\"846\" data-col-size=\"sm\">Steuerung<\/td>\n<td data-col-size=\"sm\" data-start=\"846\" data-end=\"881\">DMX-512, manuell, Fernbedienung<\/td>\n<\/tr>\n<tr data-start=\"882\" data-end=\"916\">\n<td data-start=\"882\" data-end=\"895\" data-col-size=\"sm\">DMX-Kan\u00e4le<\/td>\n<td data-col-size=\"sm\" data-start=\"895\" data-end=\"916\">1 \/ 2 \/ 3 \/ 5 \/ 7<\/td>\n<\/tr>\n<tr data-start=\"917\" data-end=\"953\">\n<td data-start=\"917\" data-end=\"933\" data-col-size=\"sm\">Anschluss DMX<\/td>\n<td data-col-size=\"sm\" data-start=\"933\" data-end=\"953\">3-pol XLR In\/Out<\/td>\n<\/tr>\n<tr data-start=\"954\" data-end=\"1011\">\n<td data-start=\"954\" data-end=\"973\" data-col-size=\"sm\">Fl\u00fcssigkeitstank<\/td>\n<td data-col-size=\"sm\" data-start=\"973\" data-end=\"1011\">3,0 l, vorn oder hinten montierbar<\/td>\n<\/tr>\n<tr data-start=\"1012\" data-end=\"1054\">\n<td data-start=\"1012\" data-end=\"1026\" data-col-size=\"sm\">Ausrichtung<\/td>\n<td data-start=\"1026\" data-end=\"1054\" data-col-size=\"sm\">vertikal oder horizontal<\/td>\n<\/tr>\n<tr data-start=\"1055\" data-end=\"1103\">\n<td data-start=\"1055\" data-end=\"1081\" data-col-size=\"sm\">Abmessungen (L \u00d7 B \u00d7 H)<\/td>\n<td data-start=\"1081\" data-end=\"1103\" data-col-size=\"sm\">397 \u00d7 302 \u00d7 191 mm<\/td>\n<\/tr>\n<tr data-start=\"1104\" data-end=\"1124\">\n<td data-start=\"1104\" data-end=\"1114\" data-col-size=\"sm\">Gewicht<\/td>\n<td data-start=\"1114\" data-end=\"1124\" data-col-size=\"sm\">7,1 kg<\/td>\n<\/tr>\n<tr data-start=\"1125\" data-end=\"1172\" data-is-last-node=\"\">\n<td data-start=\"1125\" data-end=\"1143\" data-col-size=\"sm\">Geh\u00e4usematerial<\/td>\n<td data-start=\"1143\" data-end=\"1172\" data-is-last-node=\"\" data-col-size=\"sm\">Metall, pulverbeschichtet<\/td>\n<\/tr>\n<\/tbody>\n<\/table>\n<\/div>\n<\/div>\n","protected":false},"excerpt":{"rendered":"<p>8 vorr\u00e4tig<\/p>\n","protected":false},"featured_media":605,"template":"","meta":[],"product_brand":[],"product_cat":[47,44],"product_tag":[],"class_list":{"0":"post-604","1":"product","2":"type-product","3":"status-publish","4":"has-post-thumbnail","6":"product_cat-co2-nebel","7":"product_cat-special-fx","9":"first","10":"instock","11":"taxable","12":"shipping-taxable","13":"purchasable","14":"product-type-simple"},"_links":{"self":[{"href":"https:\/\/as-lightsound.de\/wordpress\/wp-json\/wp\/v2\/product\/604","targetHints":{"allow":["GET"]}}],"collection":[{"href":"https:\/\/as-lightsound.de\/wordpress\/wp-json\/wp\/v2\/product"}],"about":[{"href":"https:\/\/as-lightsound.de\/wordpress\/wp-json\/wp\/v2\/types\/product"}],"wp:featuredmedia":[{"embeddable":true,"href":"https:\/\/as-lightsound.de\/wordpress\/wp-json\/wp\/v2\/media\/605"}],"wp:attachment":[{"href":"https:\/\/as-lightsound.de\/wordpress\/wp-json\/wp\/v2\/media?parent=604"}],"wp:term":[{"taxonomy":"product_brand","embeddable":true,"href":"https:\/\/as-lightsound.de\/wordpress\/wp-json\/wp\/v2\/product_brand?post=604"},{"taxonomy":"product_cat","embeddable":true,"href":"https:\/\/as-lightsound.de\/wordpress\/wp-json\/wp\/v2\/product_cat?post=604"},{"taxonomy":"product_tag","embeddable":true,"href":"https:\/\/as-lightsound.de\/wordpress\/wp-json\/wp\/v2\/product_tag?post=604"}],"curies":[{"name":"wp","href":"https:\/\/api.w.org\/{rel}","templated":true}]}}

<p data-start="70" data-end="540">Die ADJ Fog Fury JETT ist eine kompakte Vertikal-Nebelmaschine mit integrierter RGB-Amber-LED-Beleuchtung zur farbigen Inszenierung des Nebelausstoßes. Das Gerät erzeugt kräftige, senkrechte Nebelsäulen mit hohem Druck und gleichmäßiger Dichte. Eine spezielle Heiztechnologie sorgt für konstante Verdampfung und reduziert Ablagerungen im Heizblock. Die Maschine kann vertikal oder horizontal betrieben werden und ist über DMX, manuell oder per Fernbedienung steuerbar.</p>
<div class="_tableContainer_1rjym_1">
<div class="group _tableWrapper_1rjym_13 flex w-fit flex-col-reverse" tabindex="-1">
<table class="w-fit min-w-(--thread-content-width)" data-start="542" data-end="1172" data-is-last-node="" data-is-only-node="">
<thead data-start="542" data-end="577">
<tr data-start="542" data-end="577">
<th data-start="542" data-end="565" data-col-size="sm"><strong data-start="544" data-end="564">Technische Daten</strong></th>
<th data-start="565" data-end="577" data-col-size="sm"><strong data-start="567" data-end="575">Wert</strong></th>
</tr>
</thead>
<tbody data-start="615" data-end="1172" data-is-last-node="">
<tr data-start="615" data-end="663">
<td data-start="615" data-end="637" data-col-size="sm">Versorgungsspannung</td>
<td data-col-size="sm" data-start="637" data-end="663">AC 220–240 V, 50/60 Hz</td>
</tr>
<tr data-start="664" data-end="688">
<td data-start="664" data-end="679" data-col-size="sm">Heizleistung</td>
<td data-col-size="sm" data-start="679" data-end="688">700 W</td>
</tr>
<tr data-start="689" data-end="722">
<td data-start="689" data-end="709" data-col-size="sm">Leistungsaufnahme</td>
<td data-col-size="sm" data-start="709" data-end="722">ca. 730 W</td>
</tr>
<tr data-start="723" data-end="750">
<td data-start="723" data-end="737" data-col-size="sm">Aufheizzeit</td>
<td data-col-size="sm" data-start="737" data-end="750">ca. 9 min</td>
</tr>
<tr data-start="751" data-end="789">
<td data-start="751" data-end="766" data-col-size="sm">Nebelausstoß</td>
<td data-col-size="sm" data-start="766" data-end="789">ca. 20.000 cuft/min</td>
</tr>
<tr data-start="790" data-end="833">
<td data-start="790" data-end="804" data-col-size="sm">Lichtquelle</td>
<td data-col-size="sm" data-start="804" data-end="833">12 × 3 W LEDs (RGB Amber)</td>
</tr>
<tr data-start="834" data-end="881">
<td data-start="834" data-end="846" data-col-size="sm">Steuerung</td>
<td data-col-size="sm" data-start="846" data-end="881">DMX-512, manuell, Fernbedienung</td>
</tr>
<tr data-start="882" data-end="916">
<td data-start="882" data-end="895" data-col-size="sm">DMX-Kanäle</td>
<td data-col-size="sm" data-start="895" data-end="916">1 / 2 / 3 / 5 / 7</td>
</tr>
<tr data-start="917" data-end="953">
<td data-start="917" data-end="933" data-col-size="sm">Anschluss DMX</td>
<td data-col-size="sm" data-start="933" data-end="953">3-pol XLR In/Out</td>
</tr>
<tr data-start="954" data-end="1011">
<td data-start="954" data-end="973" data-col-size="sm">Flüssigkeitstank</td>
<td data-col-size="sm" data-start="973" data-end="1011">3,0 l, vorn oder hinten montierbar</td>
</tr>
<tr data-start="1012" data-end="1054">
<td data-start="1012" data-end="1026" data-col-size="sm">Ausrichtung</td>
<td data-start="1026" data-end="1054" data-col-size="sm">vertikal oder horizontal</td>
</tr>
<tr data-start="1055" data-end="1103">
<td data-start="1055" data-end="1081" data-col-size="sm">Abmessungen (L × B × H)</td>
<td data-start="1081" data-end="1103" data-col-size="sm">397 × 302 × 191 mm</td>
</tr>
<tr data-start="1104" data-end="1124">
<td data-start="1104" data-end="1114" data-col-size="sm">Gewicht</td>
<td data-start="1114" data-end="1124" data-col-size="sm">7,1 kg</td>
</tr>
<tr data-start="1125" data-end="1172" data-is-last-node="">
<td data-start="1125" data-end="1143" data-col-size="sm">Gehäusematerial</td>
<td data-start="1143" data-end="1172" data-is-last-node="" data-col-size="sm">Metall, pulverbeschichtet</td>
</tr>
</tbody>
</table>
</div>
</div>

<p>8 vorrätig</p>
