{"id":602,"date":"2021-06-05T12:39:26","date_gmt":"2021-06-05T10:39:26","guid":{"rendered":"https:\/\/as-lightsound.de\/wordpress\/?post_type=product&#038;p=602"},"modified":"2025-10-09T11:05:32","modified_gmt":"2025-10-09T09:05:32","slug":"smoke-factory-tour-hazer-ii","status":"publish","type":"product","link":"https:\/\/as-lightsound.de\/wordpress\/product\/smoke-factory-tour-hazer-ii\/","title":{"rendered":"Smoke Factory Tour Hazer II"},"content":{"rendered":"<p data-start=\"76\" data-end=\"500\">Der Smoke Factory Tour Hazer II erzeugt einen feinen, gleichm\u00e4\u00dfigen Haze mit niedriger Tr\u00fcbung, ideal f\u00fcr Licht- und Beam-Effekte. Fan und Nebelaussto\u00df lassen sich separat regeln, um den Haze flexibel im Raum zu verteilen. Die Steuerung erfolgt \u00fcber DMX-512 mit zwei Kan\u00e4len oder im autonomen Modus. Die Maschine verf\u00fcgt \u00fcber eine automatische Selbstreinigungsfunktion und ist in einem robusten Touring-Geh\u00e4use ausgef\u00fchrt.<\/p>\n<div class=\"_tableContainer_1rjym_1\">\n<div class=\"group _tableWrapper_1rjym_13 flex w-fit flex-col-reverse\" tabindex=\"-1\">\n<table class=\"w-fit min-w-(--thread-content-width)\" data-start=\"502\" data-end=\"1127\">\n<thead data-start=\"502\" data-end=\"537\">\n<tr data-start=\"502\" data-end=\"537\">\n<th data-start=\"502\" data-end=\"525\" data-col-size=\"sm\"><strong data-start=\"504\" data-end=\"524\">Technische Daten<\/strong><\/th>\n<th data-start=\"525\" data-end=\"537\" data-col-size=\"md\"><strong data-start=\"527\" data-end=\"535\">Wert<\/strong><\/th>\n<\/tr>\n<\/thead>\n<tbody data-start=\"576\" data-end=\"1127\">\n<tr data-start=\"576\" data-end=\"617\">\n<td data-start=\"576\" data-end=\"598\" data-col-size=\"sm\">Versorgungsspannung<\/td>\n<td data-start=\"598\" data-end=\"617\" data-col-size=\"md\">AC 230 V, 50 Hz<\/td>\n<\/tr>\n<tr data-start=\"618\" data-end=\"649\">\n<td data-start=\"618\" data-end=\"638\" data-col-size=\"sm\">Leistungsaufnahme<\/td>\n<td data-col-size=\"md\" data-start=\"638\" data-end=\"649\">1.500 W<\/td>\n<\/tr>\n<tr data-start=\"650\" data-end=\"676\">\n<td data-start=\"650\" data-end=\"664\" data-col-size=\"sm\">Aufheizzeit<\/td>\n<td data-start=\"664\" data-end=\"676\" data-col-size=\"md\">ca. 60 s<\/td>\n<\/tr>\n<tr data-start=\"677\" data-end=\"715\">\n<td data-start=\"677\" data-end=\"703\" data-col-size=\"sm\">Nebelverbrauch bei 40 %<\/td>\n<td data-start=\"703\" data-end=\"715\" data-col-size=\"md\">1 ml\/min<\/td>\n<\/tr>\n<tr data-start=\"716\" data-end=\"746\">\n<td data-start=\"716\" data-end=\"739\" data-col-size=\"sm\">Fl\u00fcssigkeitsbeh\u00e4lter<\/td>\n<td data-start=\"739\" data-end=\"746\" data-col-size=\"md\">5 l<\/td>\n<\/tr>\n<tr data-start=\"747\" data-end=\"793\">\n<td data-start=\"747\" data-end=\"759\" data-col-size=\"sm\">Steuerung<\/td>\n<td data-start=\"759\" data-end=\"793\" data-col-size=\"md\">DMX-512 (2 Kan\u00e4le), Standalone<\/td>\n<\/tr>\n<tr data-start=\"794\" data-end=\"812\">\n<td data-start=\"794\" data-end=\"807\" data-col-size=\"sm\">DMX-Kan\u00e4le<\/td>\n<td data-start=\"807\" data-end=\"812\" data-col-size=\"md\">2<\/td>\n<\/tr>\n<tr data-start=\"813\" data-end=\"853\">\n<td data-start=\"813\" data-end=\"829\" data-col-size=\"sm\">Anschluss DMX<\/td>\n<td data-start=\"829\" data-end=\"853\" data-col-size=\"md\">5-polig XLR In \/ Out<\/td>\n<\/tr>\n<tr data-start=\"854\" data-end=\"893\">\n<td data-start=\"854\" data-end=\"873\" data-col-size=\"sm\">Steuerung L\u00fcfter<\/td>\n<td data-start=\"873\" data-end=\"893\" data-col-size=\"md\">separat regelbar<\/td>\n<\/tr>\n<tr data-start=\"894\" data-end=\"926\">\n<td data-start=\"894\" data-end=\"904\" data-col-size=\"sm\">Geh\u00e4use<\/td>\n<td data-start=\"904\" data-end=\"926\" data-col-size=\"md\">Touring-Flightcase<\/td>\n<\/tr>\n<tr data-start=\"927\" data-end=\"975\">\n<td data-start=\"927\" data-end=\"953\" data-col-size=\"sm\">Abmessungen (B \u00d7 H \u00d7 T)<\/td>\n<td data-col-size=\"md\" data-start=\"953\" data-end=\"975\">510 \u00d7 255 \u00d7 355 mm<\/td>\n<\/tr>\n<tr data-start=\"976\" data-end=\"1010\">\n<td data-start=\"976\" data-end=\"999\" data-col-size=\"sm\">Gewicht (ohne Fluid)<\/td>\n<td data-start=\"999\" data-end=\"1010\" data-col-size=\"md\">15,2 kg<\/td>\n<\/tr>\n<tr data-start=\"1011\" data-end=\"1057\">\n<td data-start=\"1011\" data-end=\"1029\" data-col-size=\"sm\">Reinigungsmodus<\/td>\n<td data-start=\"1029\" data-end=\"1057\" data-col-size=\"md\">Automatisch im Off-Modus<\/td>\n<\/tr>\n<tr data-start=\"1058\" data-end=\"1127\">\n<td data-start=\"1058\" data-end=\"1072\" data-col-size=\"sm\">Ausrichtung<\/td>\n<td data-col-size=\"md\" data-start=\"1072\" data-end=\"1127\">Betrieb in beliebiger Neigung (mit Einschr\u00e4nkungen)<\/td>\n<\/tr>\n<\/tbody>\n<\/table>\n<\/div>\n<\/div>\n","protected":false},"excerpt":{"rendered":"<p>ca. 10 vorr\u00e4tig<\/p>\n","protected":false},"featured_media":603,"template":"","meta":[],"product_brand":[],"product_cat":[47,44],"product_tag":[],"class_list":{"0":"post-602","1":"product","2":"type-product","3":"status-publish","4":"has-post-thumbnail","6":"product_cat-co2-nebel","7":"product_cat-special-fx","9":"first","10":"instock","11":"taxable","12":"shipping-taxable","13":"purchasable","14":"product-type-simple"},"_links":{"self":[{"href":"https:\/\/as-lightsound.de\/wordpress\/wp-json\/wp\/v2\/product\/602","targetHints":{"allow":["GET"]}}],"collection":[{"href":"https:\/\/as-lightsound.de\/wordpress\/wp-json\/wp\/v2\/product"}],"about":[{"href":"https:\/\/as-lightsound.de\/wordpress\/wp-json\/wp\/v2\/types\/product"}],"wp:featuredmedia":[{"embeddable":true,"href":"https:\/\/as-lightsound.de\/wordpress\/wp-json\/wp\/v2\/media\/603"}],"wp:attachment":[{"href":"https:\/\/as-lightsound.de\/wordpress\/wp-json\/wp\/v2\/media?parent=602"}],"wp:term":[{"taxonomy":"product_brand","embeddable":true,"href":"https:\/\/as-lightsound.de\/wordpress\/wp-json\/wp\/v2\/product_brand?post=602"},{"taxonomy":"product_cat","embeddable":true,"href":"https:\/\/as-lightsound.de\/wordpress\/wp-json\/wp\/v2\/product_cat?post=602"},{"taxonomy":"product_tag","embeddable":true,"href":"https:\/\/as-lightsound.de\/wordpress\/wp-json\/wp\/v2\/product_tag?post=602"}],"curies":[{"name":"wp","href":"https:\/\/api.w.org\/{rel}","templated":true}]}}