{"id":577,"date":"2021-06-05T12:18:31","date_gmt":"2021-06-05T10:18:31","guid":{"rendered":"https:\/\/as-lightsound.de\/wordpress\/?post_type=product&#038;p=577"},"modified":"2025-10-09T11:12:34","modified_gmt":"2025-10-09T09:12:34","slug":"eurolite-windmaschine","status":"publish","type":"product","link":"https:\/\/as-lightsound.de\/wordpress\/product\/eurolite-windmaschine\/","title":{"rendered":"Eurolite Windmaschine"},"content":{"rendered":"<p data-start=\"183\" data-end=\"559\">Die <strong data-start=\"187\" data-end=\"212\">Eurolite Windmaschine<\/strong> ist ein professionelles Gebl\u00e4se zur Erzeugung kr\u00e4ftiger Luftstr\u00f6me f\u00fcr B\u00fchnen-, Film- und Showanwendungen. Sie verf\u00fcgt \u00fcber ein robustes Metallgeh\u00e4use, stufenlos regelbare Drehzahl und hohe Luftleistung. Das Ger\u00e4t eignet sich zur Kombination mit Nebel-, Haze- oder Konfettimaschinen und kann gezielt zur Bewegung von Effekten eingesetzt werden.<\/p>\n<div class=\"_tableContainer_1rjym_1\">\n<div class=\"group _tableWrapper_1rjym_13 flex w-fit flex-col-reverse\" tabindex=\"-1\">\n<table class=\"w-fit min-w-(--thread-content-width)\" data-start=\"561\" data-end=\"966\" data-is-last-node=\"\" data-is-only-node=\"\">\n<thead data-start=\"561\" data-end=\"596\">\n<tr data-start=\"561\" data-end=\"596\">\n<th data-start=\"561\" data-end=\"584\" data-col-size=\"sm\"><strong data-start=\"563\" data-end=\"583\">Technische Daten<\/strong><\/th>\n<th data-start=\"584\" data-end=\"596\" data-col-size=\"sm\"><strong data-start=\"586\" data-end=\"594\">Wert<\/strong><\/th>\n<\/tr>\n<\/thead>\n<tbody data-start=\"635\" data-end=\"966\" data-is-last-node=\"\">\n<tr data-start=\"635\" data-end=\"676\">\n<td data-start=\"635\" data-end=\"657\" data-col-size=\"sm\">Versorgungsspannung<\/td>\n<td data-col-size=\"sm\" data-start=\"657\" data-end=\"676\">230 V AC, 50 Hz<\/td>\n<\/tr>\n<tr data-start=\"677\" data-end=\"708\">\n<td data-start=\"677\" data-end=\"697\" data-col-size=\"sm\">Leistungsaufnahme<\/td>\n<td data-col-size=\"sm\" data-start=\"697\" data-end=\"708\">1.200 W<\/td>\n<\/tr>\n<tr data-start=\"709\" data-end=\"741\">\n<td data-start=\"709\" data-end=\"720\" data-col-size=\"sm\">Drehzahl<\/td>\n<td data-col-size=\"sm\" data-start=\"720\" data-end=\"741\">1.200\u20131.300 U\/min<\/td>\n<\/tr>\n<tr data-start=\"742\" data-end=\"775\">\n<td data-start=\"742\" data-end=\"758\" data-col-size=\"sm\">Luftdurchsatz<\/td>\n<td data-col-size=\"sm\" data-start=\"758\" data-end=\"775\">bis 60 m\u00b3\/min<\/td>\n<\/tr>\n<tr data-start=\"776\" data-end=\"819\">\n<td data-start=\"776\" data-end=\"788\" data-col-size=\"sm\">Steuerung<\/td>\n<td data-col-size=\"sm\" data-start=\"788\" data-end=\"819\">manuell, stufenlos regelbar<\/td>\n<\/tr>\n<tr data-start=\"820\" data-end=\"868\">\n<td data-start=\"820\" data-end=\"846\" data-col-size=\"sm\">Abmessungen (L \u00d7 B \u00d7 H)<\/td>\n<td data-col-size=\"sm\" data-start=\"846\" data-end=\"868\">455 \u00d7 480 \u00d7 460 mm<\/td>\n<\/tr>\n<tr data-start=\"869\" data-end=\"894\">\n<td data-start=\"869\" data-end=\"879\" data-col-size=\"sm\">Gewicht<\/td>\n<td data-start=\"879\" data-end=\"894\" data-col-size=\"sm\">ca. 18,5 kg<\/td>\n<\/tr>\n<tr data-start=\"895\" data-end=\"923\">\n<td data-start=\"895\" data-end=\"913\" data-col-size=\"sm\">Geh\u00e4usematerial<\/td>\n<td data-start=\"913\" data-end=\"923\" data-col-size=\"sm\">Metall<\/td>\n<\/tr>\n<tr data-start=\"924\" data-end=\"966\" data-is-last-node=\"\">\n<td data-start=\"924\" data-end=\"938\" data-col-size=\"sm\">Ausrichtung<\/td>\n<td data-start=\"938\" data-end=\"966\" data-is-last-node=\"\" data-col-size=\"sm\">verstellbar \/ schwenkbar<\/td>\n<\/tr>\n<\/tbody>\n<\/table>\n<\/div>\n<\/div>\n","protected":false},"excerpt":{"rendered":"<p>22 vorr\u00e4tig<\/p>\n","protected":false},"featured_media":593,"template":"","meta":[],"product_brand":[],"product_cat":[48,44],"product_tag":[],"class_list":{"0":"post-577","1":"product","2":"type-product","3":"status-publish","4":"has-post-thumbnail","6":"product_cat-sonstige","7":"product_cat-special-fx","9":"first","10":"instock","11":"taxable","12":"shipping-taxable","13":"purchasable","14":"product-type-simple"},"_links":{"self":[{"href":"https:\/\/as-lightsound.de\/wordpress\/wp-json\/wp\/v2\/product\/577","targetHints":{"allow":["GET"]}}],"collection":[{"href":"https:\/\/as-lightsound.de\/wordpress\/wp-json\/wp\/v2\/product"}],"about":[{"href":"https:\/\/as-lightsound.de\/wordpress\/wp-json\/wp\/v2\/types\/product"}],"wp:featuredmedia":[{"embeddable":true,"href":"https:\/\/as-lightsound.de\/wordpress\/wp-json\/wp\/v2\/media\/593"}],"wp:attachment":[{"href":"https:\/\/as-lightsound.de\/wordpress\/wp-json\/wp\/v2\/media?parent=577"}],"wp:term":[{"taxonomy":"product_brand","embeddable":true,"href":"https:\/\/as-lightsound.de\/wordpress\/wp-json\/wp\/v2\/product_brand?post=577"},{"taxonomy":"product_cat","embeddable":true,"href":"https:\/\/as-lightsound.de\/wordpress\/wp-json\/wp\/v2\/product_cat?post=577"},{"taxonomy":"product_tag","embeddable":true,"href":"https:\/\/as-lightsound.de\/wordpress\/wp-json\/wp\/v2\/product_tag?post=577"}],"curies":[{"name":"wp","href":"https:\/\/api.w.org\/{rel}","templated":true}]}}