{"id":494,"date":"2021-05-10T18:01:58","date_gmt":"2021-05-10T16:01:58","guid":{"rendered":"https:\/\/as-lightsound.de\/wordpress\/?post_type=product&#038;p=494"},"modified":"2025-10-09T09:19:24","modified_gmt":"2025-10-09T07:19:24","slug":"fenix-at05b-gabellift","status":"publish","type":"product","link":"https:\/\/as-lightsound.de\/wordpress\/product\/fenix-at05b-gabellift\/","title":{"rendered":"Fenix AT05B Gabellift"},"content":{"rendered":"<p data-start=\"57\" data-end=\"362\">Der <strong data-start=\"61\" data-end=\"86\">Fenix AT05B Gabellift<\/strong> ist ein frontbeladbarer Hebeturm, der Lasten von Bodenebene sicher hebt. Mit hochwertiger Aluminiumstruktur, kompakter Bauweise und automatischer Lastsicherung eignet er sich ideal f\u00fcr B\u00fchnen-, Licht- und Audioinstallationen. Er kombiniert Mobilit\u00e4t mit stabiler Hebetechnik.<\/p>\n<hr data-start=\"364\" data-end=\"367\" \/>\n<h3 data-start=\"369\" data-end=\"402\">Technische Daten (Tech Specs)<\/h3>\n<div class=\"_tableContainer_1rjym_1\">\n<div class=\"group _tableWrapper_1rjym_13 flex w-fit flex-col-reverse\" tabindex=\"-1\">\n<table class=\"w-fit min-w-(--thread-content-width)\" data-start=\"404\" data-end=\"1149\">\n<thead data-start=\"404\" data-end=\"422\">\n<tr data-start=\"404\" data-end=\"422\">\n<th data-start=\"404\" data-end=\"414\" data-col-size=\"sm\">Merkmal<\/th>\n<th data-start=\"414\" data-end=\"422\" data-col-size=\"md\">Wert<\/th>\n<\/tr>\n<\/thead>\n<tbody data-start=\"433\" data-end=\"1149\">\n<tr data-start=\"433\" data-end=\"455\">\n<td data-start=\"433\" data-end=\"446\" data-col-size=\"sm\"><strong data-start=\"435\" data-end=\"445\">Modell<\/strong><\/td>\n<td data-start=\"446\" data-end=\"455\" data-col-size=\"md\">AT05B<\/td>\n<\/tr>\n<tr data-start=\"456\" data-end=\"492\">\n<td data-start=\"456\" data-end=\"466\" data-col-size=\"sm\"><strong data-start=\"458\" data-end=\"465\">Typ<\/strong><\/td>\n<td data-start=\"466\" data-end=\"492\" data-col-size=\"md\">Front-Loading Hebeturm<\/td>\n<\/tr>\n<tr data-start=\"493\" data-end=\"523\">\n<td data-start=\"493\" data-end=\"513\" data-col-size=\"sm\"><strong data-start=\"495\" data-end=\"512\">Maximale H\u00f6he<\/strong><\/td>\n<td data-start=\"513\" data-end=\"523\" data-col-size=\"md\">5,40 m<\/td>\n<\/tr>\n<tr data-start=\"524\" data-end=\"566\">\n<td data-start=\"524\" data-end=\"556\" data-col-size=\"sm\"><strong data-start=\"526\" data-end=\"555\">Minimalh\u00f6he (eingefahren)<\/strong><\/td>\n<td data-start=\"556\" data-end=\"566\" data-col-size=\"md\">1,76 m<\/td>\n<\/tr>\n<tr data-start=\"567\" data-end=\"598\">\n<td data-start=\"567\" data-end=\"588\" data-col-size=\"sm\"><strong data-start=\"569\" data-end=\"587\">Traglast (SWL)<\/strong><\/td>\n<td data-start=\"588\" data-end=\"598\" data-col-size=\"md\">250 kg<\/td>\n<\/tr>\n<tr data-start=\"599\" data-end=\"626\">\n<td data-start=\"599\" data-end=\"617\" data-col-size=\"sm\"><strong data-start=\"601\" data-end=\"616\">Mindestlast<\/strong><\/td>\n<td data-col-size=\"md\" data-start=\"617\" data-end=\"626\">25 kg<\/td>\n<\/tr>\n<tr data-start=\"627\" data-end=\"671\">\n<td data-start=\"627\" data-end=\"642\" data-col-size=\"sm\"><strong data-start=\"629\" data-end=\"641\">Material<\/strong><\/td>\n<td data-start=\"642\" data-end=\"671\" data-col-size=\"md\">Aluminium AL Si 6082 \/ T6<\/td>\n<\/tr>\n<tr data-start=\"672\" data-end=\"710\">\n<td data-start=\"672\" data-end=\"697\" data-col-size=\"sm\"><strong data-start=\"674\" data-end=\"696\">Gewicht (komplett)<\/strong><\/td>\n<td data-start=\"697\" data-end=\"710\" data-col-size=\"md\">ca. 98 kg<\/td>\n<\/tr>\n<tr data-start=\"711\" data-end=\"761\">\n<td data-start=\"711\" data-end=\"734\" data-col-size=\"sm\"><strong data-start=\"713\" data-end=\"733\">Seilkonstruktion<\/strong><\/td>\n<td data-start=\"734\" data-end=\"761\" data-col-size=\"md\">Stahlseil, \u00d8 6 mm, 7\u00d719<\/td>\n<\/tr>\n<tr data-start=\"762\" data-end=\"801\">\n<td data-start=\"762\" data-end=\"789\" data-col-size=\"sm\"><strong data-start=\"764\" data-end=\"788\">Maximale Seilzuglast<\/strong><\/td>\n<td data-start=\"789\" data-end=\"801\" data-col-size=\"md\">19.600 N<\/td>\n<\/tr>\n<tr data-start=\"802\" data-end=\"850\">\n<td data-start=\"802\" data-end=\"829\" data-col-size=\"sm\"><strong data-start=\"804\" data-end=\"828\">Basisfl\u00e4che ge\u00f6ffnet<\/strong><\/td>\n<td data-start=\"829\" data-end=\"850\" data-col-size=\"md\">ca. 1,62 \u00d7 1,64 m<\/td>\n<\/tr>\n<tr data-start=\"851\" data-end=\"902\">\n<td data-start=\"851\" data-end=\"881\" data-col-size=\"sm\"><strong data-start=\"853\" data-end=\"880\">Basisfl\u00e4che geschlossen<\/strong><\/td>\n<td data-start=\"881\" data-end=\"902\" data-col-size=\"md\">ca. 0,48 \u00d7 0,48 m<\/td>\n<\/tr>\n<tr data-start=\"903\" data-end=\"971\">\n<td data-start=\"903\" data-end=\"922\" data-col-size=\"sm\"><strong data-start=\"905\" data-end=\"921\">Arbeitswinde<\/strong><\/td>\n<td data-start=\"922\" data-end=\"971\" data-col-size=\"md\">AL-KO 900 Compact, automatische Lastsicherung<\/td>\n<\/tr>\n<tr data-start=\"972\" data-end=\"1044\">\n<td data-start=\"972\" data-end=\"997\" data-col-size=\"sm\"><strong data-start=\"974\" data-end=\"996\">Sicherheitssysteme<\/strong><\/td>\n<td data-start=\"997\" data-end=\"1044\" data-col-size=\"md\">Innenpendel, Sicherheitsstifte in Segmenten<\/td>\n<\/tr>\n<tr data-start=\"1045\" data-end=\"1101\">\n<td data-start=\"1045\" data-end=\"1074\" data-col-size=\"sm\"><strong data-start=\"1047\" data-end=\"1073\">Libelle \/ Nivellierung<\/strong><\/td>\n<td data-start=\"1074\" data-end=\"1101\" data-col-size=\"md\">Integrierte Wasserwaage<\/td>\n<\/tr>\n<tr data-start=\"1102\" data-end=\"1149\">\n<td data-start=\"1102\" data-end=\"1127\" data-col-size=\"sm\"><\/td>\n<td data-start=\"1127\" data-end=\"1149\" data-col-size=\"md\"><\/td>\n<\/tr>\n<\/tbody>\n<\/table>\n<\/div>\n<\/div>\n","protected":false},"excerpt":{"rendered":"<p>8 vorr\u00e4tig<\/p>\n","protected":false},"featured_media":495,"template":"","meta":[],"product_brand":[],"product_cat":[43],"product_tag":[],"class_list":{"0":"post-494","1":"product","2":"type-product","3":"status-publish","4":"has-post-thumbnail","6":"product_cat-lifte","8":"first","9":"instock","10":"taxable","11":"shipping-taxable","12":"purchasable","13":"product-type-simple"},"_links":{"self":[{"href":"https:\/\/as-lightsound.de\/wordpress\/wp-json\/wp\/v2\/product\/494","targetHints":{"allow":["GET"]}}],"collection":[{"href":"https:\/\/as-lightsound.de\/wordpress\/wp-json\/wp\/v2\/product"}],"about":[{"href":"https:\/\/as-lightsound.de\/wordpress\/wp-json\/wp\/v2\/types\/product"}],"wp:featuredmedia":[{"embeddable":true,"href":"https:\/\/as-lightsound.de\/wordpress\/wp-json\/wp\/v2\/media\/495"}],"wp:attachment":[{"href":"https:\/\/as-lightsound.de\/wordpress\/wp-json\/wp\/v2\/media?parent=494"}],"wp:term":[{"taxonomy":"product_brand","embeddable":true,"href":"https:\/\/as-lightsound.de\/wordpress\/wp-json\/wp\/v2\/product_brand?post=494"},{"taxonomy":"product_cat","embeddable":true,"href":"https:\/\/as-lightsound.de\/wordpress\/wp-json\/wp\/v2\/product_cat?post=494"},{"taxonomy":"product_tag","embeddable":true,"href":"https:\/\/as-lightsound.de\/wordpress\/wp-json\/wp\/v2\/product_tag?post=494"}],"curies":[{"name":"wp","href":"https:\/\/api.w.org\/{rel}","templated":true}]}}

<p data-start="57" data-end="362">Der <strong data-start="61" data-end="86">Fenix AT05B Gabellift</strong> ist ein frontbeladbarer Hebeturm, der Lasten von Bodenebene sicher hebt. Mit hochwertiger Aluminiumstruktur, kompakter Bauweise und automatischer Lastsicherung eignet er sich ideal für Bühnen-, Licht- und Audioinstallationen. Er kombiniert Mobilität mit stabiler Hebetechnik.</p>
<hr data-start="364" data-end="367" />
<h3 data-start="369" data-end="402">Technische Daten (Tech Specs)</h3>
<div class="_tableContainer_1rjym_1">
<div class="group _tableWrapper_1rjym_13 flex w-fit flex-col-reverse" tabindex="-1">
<table class="w-fit min-w-(--thread-content-width)" data-start="404" data-end="1149">
<thead data-start="404" data-end="422">
<tr data-start="404" data-end="422">
<th data-start="404" data-end="414" data-col-size="sm">Merkmal</th>
<th data-start="414" data-end="422" data-col-size="md">Wert</th>
</tr>
</thead>
<tbody data-start="433" data-end="1149">
<tr data-start="433" data-end="455">
<td data-start="433" data-end="446" data-col-size="sm"><strong data-start="435" data-end="445">Modell</strong></td>
<td data-start="446" data-end="455" data-col-size="md">AT05B</td>
</tr>
<tr data-start="456" data-end="492">
<td data-start="456" data-end="466" data-col-size="sm"><strong data-start="458" data-end="465">Typ</strong></td>
<td data-start="466" data-end="492" data-col-size="md">Front-Loading Hebeturm</td>
</tr>
<tr data-start="493" data-end="523">
<td data-start="493" data-end="513" data-col-size="sm"><strong data-start="495" data-end="512">Maximale Höhe</strong></td>
<td data-start="513" data-end="523" data-col-size="md">5,40 m</td>
</tr>
<tr data-start="524" data-end="566">
<td data-start="524" data-end="556" data-col-size="sm"><strong data-start="526" data-end="555">Minimalhöhe (eingefahren)</strong></td>
<td data-start="556" data-end="566" data-col-size="md">1,76 m</td>
</tr>
<tr data-start="567" data-end="598">
<td data-start="567" data-end="588" data-col-size="sm"><strong data-start="569" data-end="587">Traglast (SWL)</strong></td>
<td data-start="588" data-end="598" data-col-size="md">250 kg</td>
</tr>
<tr data-start="599" data-end="626">
<td data-start="599" data-end="617" data-col-size="sm"><strong data-start="601" data-end="616">Mindestlast</strong></td>
<td data-col-size="md" data-start="617" data-end="626">25 kg</td>
</tr>
<tr data-start="627" data-end="671">
<td data-start="627" data-end="642" data-col-size="sm"><strong data-start="629" data-end="641">Material</strong></td>
<td data-start="642" data-end="671" data-col-size="md">Aluminium AL Si 6082 / T6</td>
</tr>
<tr data-start="672" data-end="710">
<td data-start="672" data-end="697" data-col-size="sm"><strong data-start="674" data-end="696">Gewicht (komplett)</strong></td>
<td data-start="697" data-end="710" data-col-size="md">ca. 98 kg</td>
</tr>
<tr data-start="711" data-end="761">
<td data-start="711" data-end="734" data-col-size="sm"><strong data-start="713" data-end="733">Seilkonstruktion</strong></td>
<td data-start="734" data-end="761" data-col-size="md">Stahlseil, Ø 6 mm, 7×19</td>
</tr>
<tr data-start="762" data-end="801">
<td data-start="762" data-end="789" data-col-size="sm"><strong data-start="764" data-end="788">Maximale Seilzuglast</strong></td>
<td data-start="789" data-end="801" data-col-size="md">19.600 N</td>
</tr>
<tr data-start="802" data-end="850">
<td data-start="802" data-end="829" data-col-size="sm"><strong data-start="804" data-end="828">Basisfläche geöffnet</strong></td>
<td data-start="829" data-end="850" data-col-size="md">ca. 1,62 × 1,64 m</td>
</tr>
<tr data-start="851" data-end="902">
<td data-start="851" data-end="881" data-col-size="sm"><strong data-start="853" data-end="880">Basisfläche geschlossen</strong></td>
<td data-start="881" data-end="902" data-col-size="md">ca. 0,48 × 0,48 m</td>
</tr>
<tr data-start="903" data-end="971">
<td data-start="903" data-end="922" data-col-size="sm"><strong data-start="905" data-end="921">Arbeitswinde</strong></td>
<td data-start="922" data-end="971" data-col-size="md">AL-KO 900 Compact, automatische Lastsicherung</td>
</tr>
<tr data-start="972" data-end="1044">
<td data-start="972" data-end="997" data-col-size="sm"><strong data-start="974" data-end="996">Sicherheitssysteme</strong></td>
<td data-start="997" data-end="1044" data-col-size="md">Innenpendel, Sicherheitsstifte in Segmenten</td>
</tr>
<tr data-start="1045" data-end="1101">
<td data-start="1045" data-end="1074" data-col-size="sm"><strong data-start="1047" data-end="1073">Libelle / Nivellierung</strong></td>
<td data-start="1074" data-end="1101" data-col-size="md">Integrierte Wasserwaage</td>
</tr>
<tr data-start="1102" data-end="1149">
<td data-start="1102" data-end="1127" data-col-size="sm"></td>
<td data-start="1127" data-end="1149" data-col-size="md"></td>
</tr>
</tbody>
</table>
</div>
</div>

<p>8 vorrätig</p>
