{"id":419,"date":"2021-05-05T16:55:05","date_gmt":"2021-05-05T14:55:05","guid":{"rendered":"https:\/\/as-lightsound.de\/wordpress\/?post_type=product&#038;p=419"},"modified":"2025-10-08T11:16:07","modified_gmt":"2025-10-08T09:16:07","slug":"technics-1210-plattenspieler","status":"publish","type":"product","link":"https:\/\/as-lightsound.de\/wordpress\/product\/technics-1210-plattenspieler\/","title":{"rendered":"Technics 1210 Plattenspieler"},"content":{"rendered":"<p data-start=\"74\" data-end=\"608\">Der <strong data-start=\"78\" data-end=\"98\">Technics SL-1210<\/strong> ist einer der bekanntesten und zuverl\u00e4ssigsten Plattenspieler weltweit, entwickelt f\u00fcr den professionellen Einsatz im DJ- und Studio-Bereich. Mit seinem pr\u00e4zisen, drehmomentstarken Direktantriebsmotor, dem robusten Aluminiumgeh\u00e4use und der exakten Tonarmf\u00fchrung steht der SL-1210 seit Jahrzehnten f\u00fcr h\u00f6chste Qualit\u00e4t und Langlebigkeit. Die pr\u00e4zise Geschwindigkeitsregelung, vibrationsarme Bauweise und der klassische, funktionale Aufbau machen ihn zum Standard f\u00fcr DJs und Hi-Fi-Enthusiasten gleicherma\u00dfen.<\/p>\n<hr data-start=\"610\" data-end=\"613\" \/>\n<h3 data-start=\"615\" data-end=\"648\">Technische Daten (Tech Specs)<\/h3>\n<div class=\"_tableContainer_1rjym_1\">\n<div class=\"group _tableWrapper_1rjym_13 flex w-fit flex-col-reverse\" tabindex=\"-1\">\n<table class=\"w-fit min-w-(--thread-content-width)\" data-start=\"650\" data-end=\"1558\">\n<thead data-start=\"650\" data-end=\"668\">\n<tr data-start=\"650\" data-end=\"668\">\n<th data-start=\"650\" data-end=\"660\" data-col-size=\"sm\">Merkmal<\/th>\n<th data-start=\"660\" data-end=\"668\" data-col-size=\"md\">Wert<\/th>\n<\/tr>\n<\/thead>\n<tbody data-start=\"689\" data-end=\"1558\">\n<tr data-start=\"689\" data-end=\"748\">\n<td data-start=\"689\" data-end=\"702\" data-col-size=\"sm\"><strong data-start=\"691\" data-end=\"701\">Modell<\/strong><\/td>\n<td data-start=\"702\" data-end=\"748\" data-col-size=\"md\">Technics SL-1210 (MK2\/MK5 je nach Version)<\/td>\n<\/tr>\n<tr data-start=\"749\" data-end=\"806\">\n<td data-start=\"749\" data-end=\"770\" data-col-size=\"sm\"><strong data-start=\"751\" data-end=\"769\">Antriebssystem<\/strong><\/td>\n<td data-start=\"770\" data-end=\"806\" data-col-size=\"md\">Direktantrieb (Quartz-gesteuert)<\/td>\n<\/tr>\n<tr data-start=\"807\" data-end=\"852\">\n<td data-start=\"807\" data-end=\"819\" data-col-size=\"sm\"><strong data-start=\"809\" data-end=\"818\">Motor<\/strong><\/td>\n<td data-start=\"819\" data-end=\"852\" data-col-size=\"md\">B\u00fcrstenloser Gleichstrommotor<\/td>\n<\/tr>\n<tr data-start=\"853\" data-end=\"895\">\n<td data-start=\"853\" data-end=\"878\" data-col-size=\"sm\"><strong data-start=\"855\" data-end=\"877\">Drehmoment (Start)<\/strong><\/td>\n<td data-start=\"878\" data-end=\"895\" data-col-size=\"md\">ca. 1,5 kg\u00b7cm<\/td>\n<\/tr>\n<tr data-start=\"896\" data-end=\"932\">\n<td data-start=\"896\" data-end=\"913\" data-col-size=\"sm\"><strong data-start=\"898\" data-end=\"912\">Drehzahlen<\/strong><\/td>\n<td data-start=\"913\" data-end=\"932\" data-col-size=\"md\">33 \u2153 \/ 45 U\/min<\/td>\n<\/tr>\n<tr data-start=\"933\" data-end=\"990\">\n<td data-start=\"933\" data-end=\"958\" data-col-size=\"sm\"><strong data-start=\"935\" data-end=\"957\">Pitch-Regelbereich<\/strong><\/td>\n<td data-start=\"958\" data-end=\"990\" data-col-size=\"md\">\u00b18 % (je nach Modellversion)<\/td>\n<\/tr>\n<tr data-start=\"991\" data-end=\"1028\">\n<td data-start=\"991\" data-end=\"1015\" data-col-size=\"sm\"><strong data-start=\"993\" data-end=\"1014\">Start-\/Stopp-Zeit<\/strong><\/td>\n<td data-start=\"1015\" data-end=\"1028\" data-col-size=\"md\">ca. 0,7 s<\/td>\n<\/tr>\n<tr data-start=\"1029\" data-end=\"1081\">\n<td data-start=\"1029\" data-end=\"1049\" data-col-size=\"sm\"><strong data-start=\"1031\" data-end=\"1048\">Plattenteller<\/strong><\/td>\n<td data-start=\"1049\" data-end=\"1081\" data-col-size=\"md\">Aluminiumdruckguss, \u00d8 332 mm<\/td>\n<\/tr>\n<tr data-start=\"1082\" data-end=\"1134\">\n<td data-start=\"1082\" data-end=\"1098\" data-col-size=\"sm\"><strong data-start=\"1084\" data-end=\"1097\">Tonarmtyp<\/strong><\/td>\n<td data-start=\"1098\" data-end=\"1134\" data-col-size=\"md\">S-f\u00f6rmig, statisch ausbalanciert<\/td>\n<\/tr>\n<tr data-start=\"1135\" data-end=\"1173\">\n<td data-start=\"1135\" data-end=\"1163\" data-col-size=\"sm\"><strong data-start=\"1137\" data-end=\"1162\">Effektive Tonarml\u00e4nge<\/strong><\/td>\n<td data-start=\"1163\" data-end=\"1173\" data-col-size=\"md\">230 mm<\/td>\n<\/tr>\n<tr data-start=\"1174\" data-end=\"1198\">\n<td data-start=\"1174\" data-end=\"1189\" data-col-size=\"sm\"><strong data-start=\"1176\" data-end=\"1188\">\u00dcberhang<\/strong><\/td>\n<td data-start=\"1189\" data-end=\"1198\" data-col-size=\"md\">15 mm<\/td>\n<\/tr>\n<tr data-start=\"1199\" data-end=\"1258\">\n<td data-start=\"1199\" data-end=\"1220\" data-col-size=\"sm\"><strong data-start=\"1201\" data-end=\"1219\">Signal-Ausgang<\/strong><\/td>\n<td data-start=\"1220\" data-end=\"1258\" data-col-size=\"md\">Cinch (vergoldet) mit Erdungskabel<\/td>\n<\/tr>\n<tr data-start=\"1259\" data-end=\"1295\">\n<td data-start=\"1259\" data-end=\"1278\" data-col-size=\"sm\"><strong data-start=\"1261\" data-end=\"1277\">Netzspannung<\/strong><\/td>\n<td data-start=\"1278\" data-end=\"1295\" data-col-size=\"md\">230 V \/ 50 Hz<\/td>\n<\/tr>\n<tr data-start=\"1296\" data-end=\"1332\">\n<td data-start=\"1296\" data-end=\"1320\" data-col-size=\"sm\"><strong data-start=\"1298\" data-end=\"1319\">Leistungsaufnahme<\/strong><\/td>\n<td data-start=\"1320\" data-end=\"1332\" data-col-size=\"md\">ca. 13 W<\/td>\n<\/tr>\n<tr data-start=\"1333\" data-end=\"1414\">\n<td data-start=\"1333\" data-end=\"1355\" data-col-size=\"sm\"><strong data-start=\"1335\" data-end=\"1354\">Geh\u00e4usematerial<\/strong><\/td>\n<td data-start=\"1355\" data-end=\"1414\" data-col-size=\"md\">Druckguss-Aluminium mit vibrationsd\u00e4mpfender Gummierung<\/td>\n<\/tr>\n<tr data-start=\"1415\" data-end=\"1467\">\n<td data-start=\"1415\" data-end=\"1445\" data-col-size=\"sm\"><strong data-start=\"1417\" data-end=\"1444\">Abmessungen (B \u00d7 H \u00d7 T)<\/strong><\/td>\n<td data-start=\"1445\" data-end=\"1467\" data-col-size=\"md\">453 \u00d7 173 \u00d7 360 mm<\/td>\n<\/tr>\n<tr data-start=\"1468\" data-end=\"1497\">\n<td data-start=\"1468\" data-end=\"1482\" data-col-size=\"sm\"><strong data-start=\"1470\" data-end=\"1481\">Gewicht<\/strong><\/td>\n<td data-start=\"1482\" data-end=\"1497\" data-col-size=\"md\">ca. 12,5 kg<\/td>\n<\/tr>\n<tr data-start=\"1498\" data-end=\"1558\">\n<td data-start=\"1498\" data-end=\"1519\" data-col-size=\"sm\"><strong data-start=\"1500\" data-end=\"1518\">Farbe \/ Finish<\/strong><\/td>\n<td data-start=\"1519\" data-end=\"1558\" data-col-size=\"md\">Schwarz (SL-1210), Silber (SL-1200)<\/td>\n<\/tr>\n<\/tbody>\n<\/table>\n<\/div>\n<\/div>\n","protected":false},"excerpt":{"rendered":"<p>2 vorr\u00e4tig<\/p>\n","protected":false},"featured_media":420,"template":"","meta":[],"product_brand":[],"product_cat":[37],"product_tag":[],"class_list":{"0":"post-419","1":"product","2":"type-product","3":"status-publish","4":"has-post-thumbnail","6":"product_cat-dj-gear","8":"first","9":"instock","10":"taxable","11":"shipping-taxable","12":"purchasable","13":"product-type-simple"},"_links":{"self":[{"href":"https:\/\/as-lightsound.de\/wordpress\/wp-json\/wp\/v2\/product\/419","targetHints":{"allow":["GET"]}}],"collection":[{"href":"https:\/\/as-lightsound.de\/wordpress\/wp-json\/wp\/v2\/product"}],"about":[{"href":"https:\/\/as-lightsound.de\/wordpress\/wp-json\/wp\/v2\/types\/product"}],"wp:featuredmedia":[{"embeddable":true,"href":"https:\/\/as-lightsound.de\/wordpress\/wp-json\/wp\/v2\/media\/420"}],"wp:attachment":[{"href":"https:\/\/as-lightsound.de\/wordpress\/wp-json\/wp\/v2\/media?parent=419"}],"wp:term":[{"taxonomy":"product_brand","embeddable":true,"href":"https:\/\/as-lightsound.de\/wordpress\/wp-json\/wp\/v2\/product_brand?post=419"},{"taxonomy":"product_cat","embeddable":true,"href":"https:\/\/as-lightsound.de\/wordpress\/wp-json\/wp\/v2\/product_cat?post=419"},{"taxonomy":"product_tag","embeddable":true,"href":"https:\/\/as-lightsound.de\/wordpress\/wp-json\/wp\/v2\/product_tag?post=419"}],"curies":[{"name":"wp","href":"https:\/\/api.w.org\/{rel}","templated":true}]}}