{"id":417,"date":"2021-05-05T16:52:53","date_gmt":"2021-05-05T14:52:53","guid":{"rendered":"https:\/\/as-lightsound.de\/wordpress\/?post_type=product&#038;p=417"},"modified":"2025-10-08T11:16:40","modified_gmt":"2025-10-08T09:16:40","slug":"pioneer-cdj-2000-nxs2","status":"publish","type":"product","link":"https:\/\/as-lightsound.de\/wordpress\/product\/pioneer-cdj-2000-nxs2\/","title":{"rendered":"Pioneer CDJ 2000 NXS2"},"content":{"rendered":"<p data-start=\"75\" data-end=\"684\">Der <strong data-start=\"79\" data-end=\"103\">Pioneer CDJ-2000NXS2<\/strong> ist ein professioneller DJ-Multiplayer der Referenzklasse und weltweit Standard in Clubs, Touring-Rigs und Studios. Er bietet hochaufl\u00f6sende 24-Bit\/96-kHz-Wiedergabe, ein gro\u00dfes Touchdisplay mit Wellenformanalyse und volle Kompatibilit\u00e4t mit <strong data-start=\"346\" data-end=\"359\">Rekordbox<\/strong>-Software. Dank erweiterter Browsing-Funktionen, Hot-Cues, Slip- und Quantize-Modi sowie Pro DJ Link f\u00fcr bis zu vier verbundene Player erm\u00f6glicht der CDJ-2000NXS2 maximale Kontrolle und kreative Performance. Seine robuste Bauweise und intuitive Bedienoberfl\u00e4che machen ihn zum verl\u00e4sslichen Werkzeug f\u00fcr professionelle DJs.<\/p>\n<hr data-start=\"686\" data-end=\"689\" \/>\n<h3 data-start=\"691\" data-end=\"724\">Technische Daten (Tech Specs)<\/h3>\n<div class=\"_tableContainer_1rjym_1\">\n<div class=\"group _tableWrapper_1rjym_13 flex w-fit flex-col-reverse\" tabindex=\"-1\">\n<table class=\"w-fit min-w-(--thread-content-width)\" data-start=\"726\" data-end=\"1953\">\n<thead data-start=\"726\" data-end=\"744\">\n<tr data-start=\"726\" data-end=\"744\">\n<th data-start=\"726\" data-end=\"736\" data-col-size=\"sm\">Merkmal<\/th>\n<th data-start=\"736\" data-end=\"744\" data-col-size=\"md\">Wert<\/th>\n<\/tr>\n<\/thead>\n<tbody data-start=\"765\" data-end=\"1953\">\n<tr data-start=\"765\" data-end=\"802\">\n<td data-start=\"765\" data-end=\"778\" data-col-size=\"sm\"><strong data-start=\"767\" data-end=\"777\">Modell<\/strong><\/td>\n<td data-start=\"778\" data-end=\"802\" data-col-size=\"md\">Pioneer CDJ-2000NXS2<\/td>\n<\/tr>\n<tr data-start=\"803\" data-end=\"853\">\n<td data-start=\"803\" data-end=\"813\" data-col-size=\"sm\"><strong data-start=\"805\" data-end=\"812\">Typ<\/strong><\/td>\n<td data-start=\"813\" data-end=\"853\" data-col-size=\"md\">Professioneller DJ-Multimedia-Player<\/td>\n<\/tr>\n<tr data-start=\"854\" data-end=\"913\">\n<td data-start=\"854\" data-end=\"874\" data-col-size=\"sm\"><strong data-start=\"856\" data-end=\"873\">Medienformate<\/strong><\/td>\n<td data-start=\"874\" data-end=\"913\" data-col-size=\"md\">USB, SD, CD, Netzwerk (Pro DJ Link)<\/td>\n<\/tr>\n<tr data-start=\"914\" data-end=\"981\">\n<td data-start=\"914\" data-end=\"946\" data-col-size=\"sm\"><strong data-start=\"916\" data-end=\"945\">Unterst\u00fctzte Dateiformate<\/strong><\/td>\n<td data-start=\"946\" data-end=\"981\" data-col-size=\"md\">MP3, AAC, WAV, AIFF, FLAC, ALAC<\/td>\n<\/tr>\n<tr data-start=\"982\" data-end=\"1032\">\n<td data-start=\"982\" data-end=\"1013\" data-col-size=\"sm\"><strong data-start=\"984\" data-end=\"1012\">Aufl\u00f6sung \/ Samplingrate<\/strong><\/td>\n<td data-start=\"1013\" data-end=\"1032\" data-col-size=\"md\">24 Bit \/ 96 kHz<\/td>\n<\/tr>\n<tr data-start=\"1033\" data-end=\"1100\">\n<td data-start=\"1033\" data-end=\"1047\" data-col-size=\"sm\"><strong data-start=\"1035\" data-end=\"1046\">Display<\/strong><\/td>\n<td data-start=\"1047\" data-end=\"1100\" data-col-size=\"md\">7\u2033 Vollfarb-Touchscreen mit Wellenformdarstellung<\/td>\n<\/tr>\n<tr data-start=\"1101\" data-end=\"1192\">\n<td data-start=\"1101\" data-end=\"1130\" data-col-size=\"sm\"><strong data-start=\"1103\" data-end=\"1129\">Performance-Funktionen<\/strong><\/td>\n<td data-start=\"1130\" data-end=\"1192\" data-col-size=\"md\">8 Hot Cues, Slip Mode, Quantize, Beat Sync, Loop &amp; Reverse<\/td>\n<\/tr>\n<tr data-start=\"1193\" data-end=\"1247\">\n<td data-start=\"1193\" data-end=\"1211\" data-col-size=\"sm\"><strong data-start=\"1195\" data-end=\"1210\">Pro DJ Link<\/strong><\/td>\n<td data-start=\"1211\" data-end=\"1247\" data-col-size=\"md\">Ja, f\u00fcr bis zu 4 Player \u00fcber LAN<\/td>\n<\/tr>\n<tr data-start=\"1248\" data-end=\"1331\">\n<td data-start=\"1248\" data-end=\"1282\" data-col-size=\"sm\"><strong data-start=\"1250\" data-end=\"1281\">Such- und Browse-Funktionen<\/strong><\/td>\n<td data-start=\"1282\" data-end=\"1331\" data-col-size=\"md\">Keyword Search, Filter, Tag List, My Settings<\/td>\n<\/tr>\n<tr data-start=\"1332\" data-end=\"1390\">\n<td data-start=\"1332\" data-end=\"1355\" data-col-size=\"sm\"><strong data-start=\"1334\" data-end=\"1354\">Anschl\u00fcsse Audio<\/strong><\/td>\n<td data-start=\"1355\" data-end=\"1390\" data-col-size=\"md\">Analog RCA, Digital Out (SPDIF)<\/td>\n<\/tr>\n<tr data-start=\"1391\" data-end=\"1479\">\n<td data-start=\"1391\" data-end=\"1414\" data-col-size=\"sm\"><strong data-start=\"1393\" data-end=\"1413\">Anschl\u00fcsse Daten<\/strong><\/td>\n<td data-start=\"1414\" data-end=\"1479\" data-col-size=\"md\">1 \u00d7 USB Typ-A (Top), 1 \u00d7 SD-Slot, 1 \u00d7 USB Typ-B (PC), 1 \u00d7 LAN<\/td>\n<\/tr>\n<tr data-start=\"1480\" data-end=\"1548\">\n<td data-start=\"1480\" data-end=\"1506\" data-col-size=\"sm\"><strong data-start=\"1482\" data-end=\"1505\">Kompatible Software<\/strong><\/td>\n<td data-start=\"1506\" data-end=\"1548\" data-col-size=\"md\">Rekordbox (Performance &amp; Export Modus)<\/td>\n<\/tr>\n<tr data-start=\"1549\" data-end=\"1627\">\n<td data-start=\"1549\" data-end=\"1565\" data-col-size=\"sm\"><strong data-start=\"1551\" data-end=\"1564\">Jog Wheel<\/strong><\/td>\n<td data-start=\"1565\" data-end=\"1627\" data-col-size=\"md\">206 mm, Aluminium, mechanisch einstellbar (Tension Adjust)<\/td>\n<\/tr>\n<tr data-start=\"1628\" data-end=\"1684\">\n<td data-start=\"1628\" data-end=\"1654\" data-col-size=\"sm\"><strong data-start=\"1630\" data-end=\"1653\">Pitch-Fader-Bereich<\/strong><\/td>\n<td data-start=\"1654\" data-end=\"1684\" data-col-size=\"md\">\u00b16 %, \u00b110 %, \u00b116 %, \u00b1100 %<\/td>\n<\/tr>\n<tr data-start=\"1685\" data-end=\"1721\">\n<td data-start=\"1685\" data-end=\"1704\" data-col-size=\"sm\"><strong data-start=\"1687\" data-end=\"1703\">Frequenzgang<\/strong><\/td>\n<td data-start=\"1704\" data-end=\"1721\" data-col-size=\"md\">4 Hz \u2013 40 kHz<\/td>\n<\/tr>\n<tr data-start=\"1722\" data-end=\"1760\">\n<td data-start=\"1722\" data-end=\"1750\" data-col-size=\"sm\"><strong data-start=\"1724\" data-end=\"1749\">Signal-Rausch-Abstand<\/strong><\/td>\n<td data-start=\"1750\" data-end=\"1760\" data-col-size=\"md\">115 dB<\/td>\n<\/tr>\n<tr data-start=\"1761\" data-end=\"1809\">\n<td data-start=\"1761\" data-end=\"1783\" data-col-size=\"sm\"><strong data-start=\"1763\" data-end=\"1782\">Stromversorgung<\/strong><\/td>\n<td data-start=\"1783\" data-end=\"1809\" data-col-size=\"md\">220\u2013240 V AC, 50\/60 Hz<\/td>\n<\/tr>\n<tr data-start=\"1810\" data-end=\"1842\">\n<td data-start=\"1810\" data-end=\"1834\" data-col-size=\"sm\"><strong data-start=\"1812\" data-end=\"1833\">Leistungsaufnahme<\/strong><\/td>\n<td data-start=\"1834\" data-end=\"1842\" data-col-size=\"md\">40 W<\/td>\n<\/tr>\n<tr data-start=\"1843\" data-end=\"1895\">\n<td data-start=\"1843\" data-end=\"1873\" data-col-size=\"sm\"><strong data-start=\"1845\" data-end=\"1872\">Abmessungen (B \u00d7 H \u00d7 T)<\/strong><\/td>\n<td data-start=\"1873\" data-end=\"1895\" data-col-size=\"md\">320 \u00d7 113 \u00d7 414 mm<\/td>\n<\/tr>\n<tr data-start=\"1896\" data-end=\"1920\">\n<td data-start=\"1896\" data-end=\"1910\" data-col-size=\"sm\"><strong data-start=\"1898\" data-end=\"1909\">Gewicht<\/strong><\/td>\n<td data-start=\"1910\" data-end=\"1920\" data-col-size=\"md\">5,7 kg<\/td>\n<\/tr>\n<tr data-start=\"1921\" data-end=\"1953\">\n<td data-start=\"1921\" data-end=\"1942\" data-col-size=\"sm\"><strong data-start=\"1923\" data-end=\"1941\">Farbe \/ Finish<\/strong><\/td>\n<td data-start=\"1942\" data-end=\"1953\" data-col-size=\"md\">Schwarz<\/td>\n<\/tr>\n<\/tbody>\n<\/table>\n<\/div>\n<\/div>\n","protected":false},"excerpt":{"rendered":"<p>4 vorr\u00e4tig<\/p>\n","protected":false},"featured_media":418,"template":"","meta":[],"product_brand":[],"product_cat":[37],"product_tag":[],"class_list":{"0":"post-417","1":"product","2":"type-product","3":"status-publish","4":"has-post-thumbnail","6":"product_cat-dj-gear","8":"first","9":"instock","10":"taxable","11":"shipping-taxable","12":"purchasable","13":"product-type-simple"},"_links":{"self":[{"href":"https:\/\/as-lightsound.de\/wordpress\/wp-json\/wp\/v2\/product\/417","targetHints":{"allow":["GET"]}}],"collection":[{"href":"https:\/\/as-lightsound.de\/wordpress\/wp-json\/wp\/v2\/product"}],"about":[{"href":"https:\/\/as-lightsound.de\/wordpress\/wp-json\/wp\/v2\/types\/product"}],"wp:featuredmedia":[{"embeddable":true,"href":"https:\/\/as-lightsound.de\/wordpress\/wp-json\/wp\/v2\/media\/418"}],"wp:attachment":[{"href":"https:\/\/as-lightsound.de\/wordpress\/wp-json\/wp\/v2\/media?parent=417"}],"wp:term":[{"taxonomy":"product_brand","embeddable":true,"href":"https:\/\/as-lightsound.de\/wordpress\/wp-json\/wp\/v2\/product_brand?post=417"},{"taxonomy":"product_cat","embeddable":true,"href":"https:\/\/as-lightsound.de\/wordpress\/wp-json\/wp\/v2\/product_cat?post=417"},{"taxonomy":"product_tag","embeddable":true,"href":"https:\/\/as-lightsound.de\/wordpress\/wp-json\/wp\/v2\/product_tag?post=417"}],"curies":[{"name":"wp","href":"https:\/\/api.w.org\/{rel}","templated":true}]}}