{"id":348,"date":"2021-03-18T16:09:38","date_gmt":"2021-03-18T15:09:38","guid":{"rendered":"https:\/\/as-lightsound.de\/wordpress\/?post_type=product&#038;p=348"},"modified":"2025-10-07T09:37:33","modified_gmt":"2025-10-07T07:37:33","slug":"chamsys-magicq-mq500m","status":"publish","type":"product","link":"https:\/\/as-lightsound.de\/wordpress\/product\/chamsys-magicq-mq500m\/","title":{"rendered":"ChamSys MagicQ MQ500M"},"content":{"rendered":"<p data-start=\"210\" data-end=\"649\">Die <strong data-start=\"214\" data-end=\"247\">ChamSys MagicQ MQ500M Stadium<\/strong> ist das Flaggschiff der MagicQ-Serie und wurde f\u00fcr die Steuerung komplexer Licht-, Video- und Medien-Setups auf h\u00f6chstem professionellen Niveau entwickelt. Mit 256 Universen direkt aus der Konsole, zwei gro\u00dfen Multi-Touch-Displays, motorisierten Fadern und vollst\u00e4ndig integriertem Media-Server bietet sie maximale Leistung und Flexibilit\u00e4t f\u00fcr Touring, Festival, Theater und Broadcast-Produktionen.<\/p>\n<hr data-start=\"651\" data-end=\"654\" \/>\n<h3 data-start=\"656\" data-end=\"693\"><strong data-start=\"660\" data-end=\"693\">Technische Daten (Tech Specs)<\/strong><\/h3>\n<div class=\"_tableContainer_1rjym_1\">\n<div class=\"group _tableWrapper_1rjym_13 flex w-fit flex-col-reverse\" tabindex=\"-1\">\n<table class=\"w-fit min-w-(--thread-content-width)\" data-start=\"695\" data-end=\"2332\">\n<thead data-start=\"695\" data-end=\"722\">\n<tr data-start=\"695\" data-end=\"722\">\n<th data-start=\"695\" data-end=\"705\" data-col-size=\"sm\">Merkmal<\/th>\n<th data-start=\"705\" data-end=\"722\" data-col-size=\"lg\">Spezifikation<\/th>\n<\/tr>\n<\/thead>\n<tbody data-start=\"746\" data-end=\"2332\">\n<tr data-start=\"746\" data-end=\"864\">\n<td data-start=\"746\" data-end=\"771\" data-col-size=\"sm\"><strong data-start=\"748\" data-end=\"770\">Universen (Output)<\/strong><\/td>\n<td data-col-size=\"lg\" data-start=\"771\" data-end=\"864\">Bis zu 256 Universen (Art-Net, sACN, Pathport, MA-Net kompatibel) \u2013 ohne externe Lizenzen<\/td>\n<\/tr>\n<tr data-start=\"865\" data-end=\"921\">\n<td data-start=\"865\" data-end=\"894\" data-col-size=\"sm\"><strong data-start=\"867\" data-end=\"893\">Physische DMX-Ausg\u00e4nge<\/strong><\/td>\n<td data-start=\"894\" data-end=\"921\" data-col-size=\"lg\">4 \u00d7 XLR 5-pol (DMX\/RDM)<\/td>\n<\/tr>\n<tr data-start=\"922\" data-end=\"990\">\n<td data-start=\"922\" data-end=\"947\" data-col-size=\"sm\"><strong data-start=\"924\" data-end=\"946\">Netzwerkprotokolle<\/strong><\/td>\n<td data-start=\"947\" data-end=\"990\" data-col-size=\"lg\">Art-Net, sACN, Pathport, RDM, CITP, NDI<\/td>\n<\/tr>\n<tr data-start=\"991\" data-end=\"1063\">\n<td data-start=\"991\" data-end=\"1009\" data-col-size=\"sm\"><strong data-start=\"993\" data-end=\"1008\">Bildschirme<\/strong><\/td>\n<td data-start=\"1009\" data-end=\"1063\" data-col-size=\"lg\">2 \u00d7 15,6\u2033 Full-HD Multi-Touch-Displays (kapazitiv)<\/td>\n<\/tr>\n<tr data-start=\"1064\" data-end=\"1139\">\n<td data-start=\"1064\" data-end=\"1087\" data-col-size=\"sm\"><strong data-start=\"1066\" data-end=\"1086\">Externe Displays<\/strong><\/td>\n<td data-start=\"1087\" data-end=\"1139\" data-col-size=\"lg\">Bis zu 3 externe Monitore via HDMI \/ DisplayPort<\/td>\n<\/tr>\n<tr data-start=\"1140\" data-end=\"1236\">\n<td data-start=\"1140\" data-end=\"1163\" data-col-size=\"sm\"><strong data-start=\"1142\" data-end=\"1162\">Playback \/ Fader<\/strong><\/td>\n<td data-col-size=\"lg\" data-start=\"1163\" data-end=\"1236\">15 motorisierte Fader + 15 Executor-Fader + 60 Direkt-Executor-Tasten<\/td>\n<\/tr>\n<tr data-start=\"1237\" data-end=\"1324\">\n<td data-start=\"1237\" data-end=\"1263\" data-col-size=\"sm\"><strong data-start=\"1239\" data-end=\"1262\">Encoder \/ Steuerung<\/strong><\/td>\n<td data-start=\"1263\" data-end=\"1324\" data-col-size=\"lg\">4 Multifunktions-Encoder, Jog-Wheel, beleuchtete Tastatur<\/td>\n<\/tr>\n<tr data-start=\"1325\" data-end=\"1414\">\n<td data-start=\"1325\" data-end=\"1353\" data-col-size=\"sm\"><strong data-start=\"1327\" data-end=\"1352\">Programmieroberfl\u00e4che<\/strong><\/td>\n<td data-col-size=\"lg\" data-start=\"1353\" data-end=\"1414\">MagicQ OS mit integriertem MagicVis &amp; MagicHD MediaServer<\/td>\n<\/tr>\n<tr data-start=\"1415\" data-end=\"1500\">\n<td data-start=\"1415\" data-end=\"1437\" data-col-size=\"sm\"><strong data-start=\"1417\" data-end=\"1436\">Timecode \/ Sync<\/strong><\/td>\n<td data-col-size=\"lg\" data-start=\"1437\" data-end=\"1500\">MIDI Timecode, SMPTE LTC, Art-Net Timecode, Trigger via OSC<\/td>\n<\/tr>\n<tr data-start=\"1501\" data-end=\"1572\">\n<td data-start=\"1501\" data-end=\"1520\" data-col-size=\"sm\"><strong data-start=\"1503\" data-end=\"1519\">Audio \/ MIDI<\/strong><\/td>\n<td data-col-size=\"lg\" data-start=\"1520\" data-end=\"1572\">MIDI In\/Out\/Thru, LTC In, Sound-to-Light Eingang<\/td>\n<\/tr>\n<tr data-start=\"1573\" data-end=\"1643\">\n<td data-start=\"1573\" data-end=\"1598\" data-col-size=\"sm\"><strong data-start=\"1575\" data-end=\"1597\">Netzwerkanschl\u00fcsse<\/strong><\/td>\n<td data-col-size=\"lg\" data-start=\"1598\" data-end=\"1643\">2 \u00d7 Neutrik etherCON (Gigabit, redundant)<\/td>\n<\/tr>\n<tr data-start=\"1644\" data-end=\"1710\">\n<td data-start=\"1644\" data-end=\"1665\" data-col-size=\"sm\"><strong data-start=\"1646\" data-end=\"1664\">USB-Anschl\u00fcsse<\/strong><\/td>\n<td data-col-size=\"lg\" data-start=\"1665\" data-end=\"1710\">5 \u00d7 USB (f\u00fcr Wings, MIDI, Datensicherung)<\/td>\n<\/tr>\n<tr data-start=\"1711\" data-end=\"1780\">\n<td data-start=\"1711\" data-end=\"1732\" data-col-size=\"sm\"><strong data-start=\"1713\" data-end=\"1731\">Massenspeicher<\/strong><\/td>\n<td data-start=\"1732\" data-end=\"1780\" data-col-size=\"lg\">Integrierte SSD (Showfiles, Medien, Backups)<\/td>\n<\/tr>\n<tr data-start=\"1781\" data-end=\"1829\">\n<td data-start=\"1781\" data-end=\"1803\" data-col-size=\"sm\"><strong data-start=\"1783\" data-end=\"1802\">Stromversorgung<\/strong><\/td>\n<td data-col-size=\"lg\" data-start=\"1803\" data-end=\"1829\">100\u2013240 V AC, 50\/60 Hz<\/td>\n<\/tr>\n<tr data-start=\"1830\" data-end=\"1868\">\n<td data-start=\"1830\" data-end=\"1854\" data-col-size=\"sm\"><strong data-start=\"1832\" data-end=\"1853\">Leistungsaufnahme<\/strong><\/td>\n<td data-col-size=\"lg\" data-start=\"1854\" data-end=\"1868\">max. 150 W<\/td>\n<\/tr>\n<tr data-start=\"1869\" data-end=\"1917\">\n<td data-start=\"1869\" data-end=\"1892\" data-col-size=\"sm\"><strong data-start=\"1871\" data-end=\"1891\">Anschl\u00fcsse Strom<\/strong><\/td>\n<td data-start=\"1892\" data-end=\"1917\" data-col-size=\"lg\">PowerCON TRUE1 In\/Out<\/td>\n<\/tr>\n<tr data-start=\"1918\" data-end=\"1967\">\n<td data-start=\"1918\" data-end=\"1932\" data-col-size=\"sm\"><strong data-start=\"1920\" data-end=\"1931\">K\u00fchlung<\/strong><\/td>\n<td data-start=\"1932\" data-end=\"1967\" data-col-size=\"lg\">Temperaturgeregelt, ger\u00e4uscharm<\/td>\n<\/tr>\n<tr data-start=\"1968\" data-end=\"2032\">\n<td data-start=\"1968\" data-end=\"1982\" data-col-size=\"sm\"><strong data-start=\"1970\" data-end=\"1981\">Geh\u00e4use<\/strong><\/td>\n<td data-start=\"1982\" data-end=\"2032\" data-col-size=\"lg\">Robustes Aluminium-\/Stahlgeh\u00e4use, touringf\u00e4hig<\/td>\n<\/tr>\n<tr data-start=\"2033\" data-end=\"2066\">\n<td data-start=\"2033\" data-end=\"2049\" data-col-size=\"sm\"><strong data-start=\"2035\" data-end=\"2048\">Schutzart<\/strong><\/td>\n<td data-col-size=\"lg\" data-start=\"2049\" data-end=\"2066\">IP20 (Indoor)<\/td>\n<\/tr>\n<tr data-start=\"2067\" data-end=\"2123\">\n<td data-start=\"2067\" data-end=\"2097\" data-col-size=\"sm\"><strong data-start=\"2069\" data-end=\"2096\">Abmessungen (B \u00d7 H \u00d7 T)<\/strong><\/td>\n<td data-col-size=\"lg\" data-start=\"2097\" data-end=\"2123\">ca. 970 \u00d7 150 \u00d7 530 mm<\/td>\n<\/tr>\n<tr data-start=\"2124\" data-end=\"2151\">\n<td data-start=\"2124\" data-end=\"2138\" data-col-size=\"sm\"><strong data-start=\"2126\" data-end=\"2137\">Gewicht<\/strong><\/td>\n<td data-start=\"2138\" data-end=\"2151\" data-col-size=\"lg\">ca. 24 kg<\/td>\n<\/tr>\n<tr data-start=\"2152\" data-end=\"2332\">\n<td data-start=\"2152\" data-end=\"2173\" data-col-size=\"sm\"><strong data-start=\"2154\" data-end=\"2172\">Besonderheiten<\/strong><\/td>\n<td data-start=\"2173\" data-end=\"2332\" data-col-size=\"lg\">256 Universen ohne Lizenz, Dual-Touchscreens, motorisierte Fader, integrierter MediaServer, Timecode, Art-Net\/sACN\/RDM-Unterst\u00fctzung, MA-Net-Kompatibilit\u00e4t<\/td>\n<\/tr>\n<\/tbody>\n<\/table>\n<\/div>\n<\/div>\n","protected":false},"excerpt":{"rendered":"<p>1 vorr\u00e4tig<\/p>\n","protected":false},"featured_media":350,"template":"","meta":[],"product_brand":[],"product_cat":[33],"product_tag":[],"class_list":{"0":"post-348","1":"product","2":"type-product","3":"status-publish","4":"has-post-thumbnail","6":"product_cat-steuerpulte","8":"first","9":"instock","10":"taxable","11":"shipping-taxable","12":"purchasable","13":"product-type-simple"},"_links":{"self":[{"href":"https:\/\/as-lightsound.de\/wordpress\/wp-json\/wp\/v2\/product\/348","targetHints":{"allow":["GET"]}}],"collection":[{"href":"https:\/\/as-lightsound.de\/wordpress\/wp-json\/wp\/v2\/product"}],"about":[{"href":"https:\/\/as-lightsound.de\/wordpress\/wp-json\/wp\/v2\/types\/product"}],"wp:featuredmedia":[{"embeddable":true,"href":"https:\/\/as-lightsound.de\/wordpress\/wp-json\/wp\/v2\/media\/350"}],"wp:attachment":[{"href":"https:\/\/as-lightsound.de\/wordpress\/wp-json\/wp\/v2\/media?parent=348"}],"wp:term":[{"taxonomy":"product_brand","embeddable":true,"href":"https:\/\/as-lightsound.de\/wordpress\/wp-json\/wp\/v2\/product_brand?post=348"},{"taxonomy":"product_cat","embeddable":true,"href":"https:\/\/as-lightsound.de\/wordpress\/wp-json\/wp\/v2\/product_cat?post=348"},{"taxonomy":"product_tag","embeddable":true,"href":"https:\/\/as-lightsound.de\/wordpress\/wp-json\/wp\/v2\/product_tag?post=348"}],"curies":[{"name":"wp","href":"https:\/\/api.w.org\/{rel}","templated":true}]}}