{"id":311,"date":"2021-03-18T15:06:52","date_gmt":"2021-03-18T14:06:52","guid":{"rendered":"https:\/\/as-lightsound.de\/wordpress\/?post_type=product&#038;p=311"},"modified":"2025-09-27T11:54:04","modified_gmt":"2025-09-27T09:54:04","slug":"light-bright-beam-200","status":"publish","type":"product","link":"https:\/\/as-lightsound.de\/wordpress\/product\/light-bright-beam-200\/","title":{"rendered":"Light Bright Beam 230"},"content":{"rendered":"<h2 data-start=\"123\" data-end=\"153\"><strong data-start=\"126\" data-end=\"153\">Beam 230 7R Moving Head<\/strong><\/h2>\n<p data-start=\"155\" data-end=\"406\">Der <strong data-start=\"159\" data-end=\"174\">Beam 230 7R<\/strong> ist ein kraftvoller Beam Moving Head mit 230 W 7R-Lampe, ideal f\u00fcr B\u00fchnen, Clubs, Events und Shows. Mit eng geb\u00fcndeltem Lichtstrahl, farbigen Effekten, Gobo-Projektion und flexibler Steuerung erzeugt er spektakul\u00e4re Lichtakzente.<\/p>\n<hr data-start=\"408\" data-end=\"411\" \/>\n<h3 data-start=\"413\" data-end=\"450\"><strong data-start=\"417\" data-end=\"450\">Technische Daten (Tech Specs)<\/strong><\/h3>\n<div class=\"_tableContainer_1rjym_1\">\n<div class=\"group _tableWrapper_1rjym_13 flex w-fit flex-col-reverse\" tabindex=\"-1\">\n<table class=\"w-fit min-w-(--thread-content-width)\" data-start=\"452\" data-end=\"1624\">\n<thead data-start=\"452\" data-end=\"479\">\n<tr data-start=\"452\" data-end=\"479\">\n<th data-start=\"452\" data-end=\"462\" data-col-size=\"sm\">Merkmal<\/th>\n<th data-start=\"462\" data-end=\"479\" data-col-size=\"md\">Spezifikation<\/th>\n<\/tr>\n<\/thead>\n<tbody data-start=\"502\" data-end=\"1624\">\n<tr data-start=\"502\" data-end=\"556\">\n<td data-start=\"502\" data-end=\"529\" data-col-size=\"sm\"><strong data-start=\"504\" data-end=\"528\">Lampenleistung \/ Typ<\/strong><\/td>\n<td data-start=\"529\" data-end=\"556\" data-col-size=\"md\">230 W 7R Hochdrucklampe<\/td>\n<\/tr>\n<tr data-start=\"557\" data-end=\"599\">\n<td data-start=\"557\" data-end=\"578\" data-col-size=\"sm\"><strong data-start=\"559\" data-end=\"577\">Farbtemperatur<\/strong><\/td>\n<td data-start=\"578\" data-end=\"599\" data-col-size=\"md\">ca. 8.000\u20138.500 K<\/td>\n<\/tr>\n<tr data-start=\"600\" data-end=\"645\">\n<td data-start=\"600\" data-end=\"624\" data-col-size=\"sm\"><strong data-start=\"602\" data-end=\"623\">Lebensdauer Lampe<\/strong><\/td>\n<td data-start=\"624\" data-end=\"645\" data-col-size=\"md\">ca. 2.000 Stunden<\/td>\n<\/tr>\n<tr data-start=\"646\" data-end=\"709\">\n<td data-start=\"646\" data-end=\"680\" data-col-size=\"sm\"><strong data-start=\"648\" data-end=\"679\">Abstrahlwinkel (Beam Angle)<\/strong><\/td>\n<td data-start=\"680\" data-end=\"709\" data-col-size=\"md\">ca. 0 \u2013 3,8\u00b0 \/ bis ca. 4\u00b0<\/td>\n<\/tr>\n<tr data-start=\"710\" data-end=\"768\">\n<td data-start=\"710\" data-end=\"736\" data-col-size=\"sm\"><strong data-start=\"712\" data-end=\"735\">Gobo \/ Musterwalzen<\/strong><\/td>\n<td data-start=\"736\" data-end=\"768\" data-col-size=\"md\">17 feste Gobo-Muster + offen<\/td>\n<\/tr>\n<tr data-start=\"769\" data-end=\"804\">\n<td data-start=\"769\" data-end=\"784\" data-col-size=\"sm\"><strong data-start=\"771\" data-end=\"783\">Farb-Rad<\/strong><\/td>\n<td data-start=\"784\" data-end=\"804\" data-col-size=\"md\">14 Farben + Wei\u00df<\/td>\n<\/tr>\n<tr data-start=\"805\" data-end=\"880\">\n<td data-start=\"805\" data-end=\"828\" data-col-size=\"sm\"><strong data-start=\"807\" data-end=\"827\">Prisma \/ Effekte<\/strong><\/td>\n<td data-start=\"828\" data-end=\"880\" data-col-size=\"md\">8-Facetten Prisma, Rotation vorw\u00e4rts \/ r\u00fcckw\u00e4rts<\/td>\n<\/tr>\n<tr data-start=\"881\" data-end=\"947\">\n<td data-start=\"881\" data-end=\"908\" data-col-size=\"sm\"><strong data-start=\"883\" data-end=\"907\">Frost \/ Weicheffekte<\/strong><\/td>\n<td data-start=\"908\" data-end=\"947\" data-col-size=\"md\">0-100 % Frost \/ Weicheffekt m\u00f6glich<\/td>\n<\/tr>\n<tr data-start=\"948\" data-end=\"1020\">\n<td data-start=\"948\" data-end=\"970\" data-col-size=\"sm\"><strong data-start=\"950\" data-end=\"969\">Dimmer \/ Strobe<\/strong><\/td>\n<td data-start=\"970\" data-end=\"1020\" data-col-size=\"md\">Mechanisches Dimmen 0-100 %; Strobe (mehrfach)<\/td>\n<\/tr>\n<tr data-start=\"1021\" data-end=\"1098\">\n<td data-start=\"1021\" data-end=\"1038\" data-col-size=\"sm\"><strong data-start=\"1023\" data-end=\"1037\">Pan \/ Tilt<\/strong><\/td>\n<td data-start=\"1038\" data-end=\"1098\" data-col-size=\"md\">Pan: 0-540\u00b0 (elektronisch korrigiert) \/ Tilt: ca. 0-270\u00b0<\/td>\n<\/tr>\n<tr data-start=\"1099\" data-end=\"1171\">\n<td data-start=\"1099\" data-end=\"1122\" data-col-size=\"sm\"><strong data-start=\"1101\" data-end=\"1121\">Steuerung \/ Modi<\/strong><\/td>\n<td data-start=\"1122\" data-end=\"1171\" data-col-size=\"md\">DMX512, Master\/Slave, Automatisch, Sound-Mode<\/td>\n<\/tr>\n<tr data-start=\"1172\" data-end=\"1225\">\n<td data-start=\"1172\" data-end=\"1189\" data-col-size=\"sm\"><strong data-start=\"1174\" data-end=\"1188\">DMX-Kan\u00e4le<\/strong><\/td>\n<td data-start=\"1189\" data-end=\"1225\" data-col-size=\"md\">ca. 16 Kan\u00e4le (je nach Variante)<\/td>\n<\/tr>\n<tr data-start=\"1226\" data-end=\"1340\">\n<td data-start=\"1226\" data-end=\"1257\" data-col-size=\"sm\"><strong data-start=\"1228\" data-end=\"1256\">Spannungsbereich \/ Strom<\/strong><\/td>\n<td data-col-size=\"md\" data-start=\"1257\" data-end=\"1340\">AC 100-240 V, 50\/60 Hz; Leistungsaufnahme bis ca. 400 W in manchen Ausf\u00fchrungen<\/td>\n<\/tr>\n<tr data-start=\"1341\" data-end=\"1421\">\n<td data-start=\"1341\" data-end=\"1364\" data-col-size=\"sm\"><strong data-start=\"1343\" data-end=\"1363\">K\u00fchlung \/ Schutz<\/strong><\/td>\n<td data-start=\"1364\" data-end=\"1421\" data-col-size=\"md\">L\u00fcfter mit Temperatur\u00fcberwachung \/ \u00dcberhitzungsschutz<\/td>\n<\/tr>\n<tr data-start=\"1422\" data-end=\"1467\">\n<td data-start=\"1422\" data-end=\"1438\" data-col-size=\"sm\"><strong data-start=\"1424\" data-end=\"1437\">Schutzart<\/strong><\/td>\n<td data-col-size=\"md\" data-start=\"1438\" data-end=\"1467\">IP20 (f\u00fcr Indoor-Betrieb)<\/td>\n<\/tr>\n<tr data-start=\"1468\" data-end=\"1537\">\n<td data-start=\"1468\" data-end=\"1493\" data-col-size=\"sm\"><strong data-start=\"1470\" data-end=\"1492\">Geh\u00e4use \/ Material<\/strong><\/td>\n<td data-col-size=\"md\" data-start=\"1493\" data-end=\"1537\">Robustes Geh\u00e4use, typischerweise schwarz<\/td>\n<\/tr>\n<tr data-start=\"1538\" data-end=\"1594\">\n<td data-start=\"1538\" data-end=\"1568\" data-col-size=\"sm\"><strong data-start=\"1540\" data-end=\"1567\">Abmessungen (B \u00d7 T \u00d7 H)<\/strong><\/td>\n<td data-start=\"1568\" data-end=\"1594\" data-col-size=\"md\">ca. 350 \u00d7 320 \u00d7 505 mm<\/td>\n<\/tr>\n<tr data-start=\"1595\" data-end=\"1624\">\n<td data-start=\"1595\" data-end=\"1609\" data-col-size=\"sm\"><strong data-start=\"1597\" data-end=\"1608\">Gewicht<\/strong><\/td>\n<td data-start=\"1609\" data-end=\"1624\" data-col-size=\"md\">ca. 18,5 kg<\/td>\n<\/tr>\n<\/tbody>\n<\/table>\n<\/div>\n<\/div>\n","protected":false},"excerpt":{"rendered":"<p>20 vorr\u00e4tig<\/p>\n","protected":false},"featured_media":1766,"template":"","meta":[],"product_brand":[],"product_cat":[31],"product_tag":[],"class_list":{"0":"post-311","1":"product","2":"type-product","3":"status-publish","4":"has-post-thumbnail","6":"product_cat-moving-heads","8":"first","9":"instock","10":"taxable","11":"shipping-taxable","12":"purchasable","13":"product-type-simple"},"_links":{"self":[{"href":"https:\/\/as-lightsound.de\/wordpress\/wp-json\/wp\/v2\/product\/311","targetHints":{"allow":["GET"]}}],"collection":[{"href":"https:\/\/as-lightsound.de\/wordpress\/wp-json\/wp\/v2\/product"}],"about":[{"href":"https:\/\/as-lightsound.de\/wordpress\/wp-json\/wp\/v2\/types\/product"}],"wp:featuredmedia":[{"embeddable":true,"href":"https:\/\/as-lightsound.de\/wordpress\/wp-json\/wp\/v2\/media\/1766"}],"wp:attachment":[{"href":"https:\/\/as-lightsound.de\/wordpress\/wp-json\/wp\/v2\/media?parent=311"}],"wp:term":[{"taxonomy":"product_brand","embeddable":true,"href":"https:\/\/as-lightsound.de\/wordpress\/wp-json\/wp\/v2\/product_brand?post=311"},{"taxonomy":"product_cat","embeddable":true,"href":"https:\/\/as-lightsound.de\/wordpress\/wp-json\/wp\/v2\/product_cat?post=311"},{"taxonomy":"product_tag","embeddable":true,"href":"https:\/\/as-lightsound.de\/wordpress\/wp-json\/wp\/v2\/product_tag?post=311"}],"curies":[{"name":"wp","href":"https:\/\/api.w.org\/{rel}","templated":true}]}}