{"id":282,"date":"2021-03-18T14:17:43","date_gmt":"2021-03-18T13:17:43","guid":{"rendered":"https:\/\/as-lightsound.de\/wordpress\/?post_type=product&#038;p=282"},"modified":"2025-10-09T08:17:05","modified_gmt":"2025-10-09T06:17:05","slug":"blackmagic-mini-converter-sdi%ef%80%a2hdmi-in","status":"publish","type":"product","link":"https:\/\/as-lightsound.de\/wordpress\/product\/blackmagic-mini-converter-sdi%ef%80%a2hdmi-in\/","title":{"rendered":"Blackmagic Design Mini Converter HDMI to SDI 3G"},"content":{"rendered":"<p data-start=\"98\" data-end=\"540\">Der <strong data-start=\"102\" data-end=\"153\">Blackmagic Design Mini Converter HDMI to SDI 3G<\/strong> ist ein kompakter, professioneller Signalwandler zur Umwandlung von HDMI-Signalen in SD-, HD- oder 3G-SDI. Er erm\u00f6glicht den Anschluss von HDMI-Kameras, Computern oder Monitoren an professionelle SDI-Infrastrukturen. Mit zwei parallelen SDI-Ausg\u00e4ngen, 10-Bit-Verarbeitung und eingebetteter Audio\u00fcbertragung ist der Konverter ideal f\u00fcr Broadcast-, Event- und Studioumgebungen geeignet.<\/p>\n<hr data-start=\"542\" data-end=\"545\" \/>\n<h3 data-start=\"547\" data-end=\"580\">Technische Daten (Tech Specs)<\/h3>\n<div class=\"_tableContainer_1rjym_1\">\n<div class=\"group _tableWrapper_1rjym_13 flex w-fit flex-col-reverse\" tabindex=\"-1\">\n<table class=\"w-fit min-w-(--thread-content-width)\" data-start=\"582\" data-end=\"1713\">\n<thead data-start=\"582\" data-end=\"600\">\n<tr data-start=\"582\" data-end=\"600\">\n<th data-start=\"582\" data-end=\"592\" data-col-size=\"sm\">Merkmal<\/th>\n<th data-start=\"592\" data-end=\"600\" data-col-size=\"md\">Wert<\/th>\n<\/tr>\n<\/thead>\n<tbody data-start=\"621\" data-end=\"1713\">\n<tr data-start=\"621\" data-end=\"685\">\n<td data-start=\"621\" data-end=\"634\" data-col-size=\"sm\"><strong data-start=\"623\" data-end=\"633\">Modell<\/strong><\/td>\n<td data-start=\"634\" data-end=\"685\" data-col-size=\"md\">Blackmagic Design Mini Converter HDMI to SDI 3G<\/td>\n<\/tr>\n<tr data-start=\"686\" data-end=\"732\">\n<td data-start=\"686\" data-end=\"702\" data-col-size=\"sm\"><strong data-start=\"688\" data-end=\"701\">Ger\u00e4tetyp<\/strong><\/td>\n<td data-start=\"702\" data-end=\"732\" data-col-size=\"md\">HDMI-zu-SDI-Videokonverter<\/td>\n<\/tr>\n<tr data-start=\"733\" data-end=\"766\">\n<td data-start=\"733\" data-end=\"748\" data-col-size=\"sm\"><strong data-start=\"735\" data-end=\"747\">Eing\u00e4nge<\/strong><\/td>\n<td data-start=\"748\" data-end=\"766\" data-col-size=\"md\">1 \u00d7 HDMI Typ A<\/td>\n<\/tr>\n<tr data-start=\"767\" data-end=\"823\">\n<td data-start=\"767\" data-end=\"782\" data-col-size=\"sm\"><strong data-start=\"769\" data-end=\"781\">Ausg\u00e4nge<\/strong><\/td>\n<td data-start=\"782\" data-end=\"823\" data-col-size=\"md\">2 \u00d7 SDI (BNC, 3G\/HD\/SD-SDI, parallel)<\/td>\n<\/tr>\n<tr data-start=\"824\" data-end=\"873\">\n<td data-start=\"824\" data-end=\"843\" data-col-size=\"sm\"><strong data-start=\"826\" data-end=\"842\">Videoformate<\/strong><\/td>\n<td data-col-size=\"md\" data-start=\"843\" data-end=\"873\">SD, HD, 3G-SDI bis 1080p60<\/td>\n<\/tr>\n<tr data-start=\"874\" data-end=\"938\">\n<td data-start=\"874\" data-end=\"900\" data-col-size=\"sm\"><strong data-start=\"876\" data-end=\"899\">Unterst\u00fctzte Normen<\/strong><\/td>\n<td data-start=\"900\" data-end=\"938\" data-col-size=\"md\">SMPTE 259M, 292M, 296M, 424M, 425M<\/td>\n<\/tr>\n<tr data-start=\"939\" data-end=\"999\">\n<td data-start=\"939\" data-end=\"966\" data-col-size=\"sm\"><strong data-start=\"941\" data-end=\"965\">Farbtiefe \/ Sampling<\/strong><\/td>\n<td data-start=\"966\" data-end=\"999\" data-col-size=\"md\">YUV 4:2:2 \/ RGB 4:4:4, 10 Bit<\/td>\n<\/tr>\n<tr data-start=\"1000\" data-end=\"1088\">\n<td data-start=\"1000\" data-end=\"1026\" data-col-size=\"sm\"><strong data-start=\"1002\" data-end=\"1025\">Audio-Unterst\u00fctzung<\/strong><\/td>\n<td data-start=\"1026\" data-end=\"1088\" data-col-size=\"md\">Embedded HDMI Audio (bis zu 8 Kan\u00e4le) \u2192 SDI Embedded Audio<\/td>\n<\/tr>\n<tr data-start=\"1089\" data-end=\"1153\">\n<td data-start=\"1089\" data-end=\"1113\" data-col-size=\"sm\"><strong data-start=\"1091\" data-end=\"1112\">Signal-Reclocking<\/strong><\/td>\n<td data-start=\"1113\" data-end=\"1153\" data-col-size=\"md\">Automatisch auf beiden SDI-Ausg\u00e4ngen<\/td>\n<\/tr>\n<tr data-start=\"1154\" data-end=\"1222\">\n<td data-start=\"1154\" data-end=\"1190\" data-col-size=\"sm\"><strong data-start=\"1156\" data-end=\"1189\">Farbkorrektur \/ Konvertierung<\/strong><\/td>\n<td data-start=\"1190\" data-end=\"1222\" data-col-size=\"md\">Automatische SD\/HD-Erkennung<\/td>\n<\/tr>\n<tr data-start=\"1223\" data-end=\"1295\">\n<td data-start=\"1223\" data-end=\"1255\" data-col-size=\"sm\"><strong data-start=\"1225\" data-end=\"1254\">Steuerung \/ Konfiguration<\/strong><\/td>\n<td data-start=\"1255\" data-end=\"1295\" data-col-size=\"md\">USB-Anschluss (f\u00fcr Firmware-Updates)<\/td>\n<\/tr>\n<tr data-start=\"1296\" data-end=\"1369\">\n<td data-start=\"1296\" data-end=\"1318\" data-col-size=\"sm\"><strong data-start=\"1298\" data-end=\"1317\">Stromversorgung<\/strong><\/td>\n<td data-start=\"1318\" data-end=\"1369\" data-col-size=\"md\">12 V DC (Locking-Anschluss, Netzteil enthalten)<\/td>\n<\/tr>\n<tr data-start=\"1370\" data-end=\"1405\">\n<td data-start=\"1370\" data-end=\"1394\" data-col-size=\"sm\"><strong data-start=\"1372\" data-end=\"1393\">Leistungsaufnahme<\/strong><\/td>\n<td data-start=\"1394\" data-end=\"1405\" data-col-size=\"md\">ca. 3 W<\/td>\n<\/tr>\n<tr data-start=\"1406\" data-end=\"1456\">\n<td data-start=\"1406\" data-end=\"1436\" data-col-size=\"sm\"><strong data-start=\"1408\" data-end=\"1435\">Abmessungen (B \u00d7 H \u00d7 T)<\/strong><\/td>\n<td data-start=\"1436\" data-end=\"1456\" data-col-size=\"md\">123 \u00d7 82 \u00d7 23 mm<\/td>\n<\/tr>\n<tr data-start=\"1457\" data-end=\"1484\">\n<td data-start=\"1457\" data-end=\"1471\" data-col-size=\"sm\"><strong data-start=\"1459\" data-end=\"1470\">Gewicht<\/strong><\/td>\n<td data-start=\"1471\" data-end=\"1484\" data-col-size=\"md\">ca. 280 g<\/td>\n<\/tr>\n<tr data-start=\"1485\" data-end=\"1545\">\n<td data-start=\"1485\" data-end=\"1507\" data-col-size=\"sm\"><strong data-start=\"1487\" data-end=\"1506\">Geh\u00e4usematerial<\/strong><\/td>\n<td data-start=\"1507\" data-end=\"1545\" data-col-size=\"md\">Metall (robustes Aluminiumgeh\u00e4use)<\/td>\n<\/tr>\n<tr data-start=\"1546\" data-end=\"1584\">\n<td data-start=\"1546\" data-end=\"1571\" data-col-size=\"sm\"><strong data-start=\"1548\" data-end=\"1570\">Betriebstemperatur<\/strong><\/td>\n<td data-start=\"1571\" data-end=\"1584\" data-col-size=\"md\">0 \u2013 40 \u00b0C<\/td>\n<\/tr>\n<tr data-start=\"1585\" data-end=\"1620\">\n<td data-start=\"1585\" data-end=\"1599\" data-col-size=\"sm\"><strong data-start=\"1587\" data-end=\"1598\">K\u00fchlung<\/strong><\/td>\n<td data-start=\"1599\" data-end=\"1620\" data-col-size=\"md\">Passiv, l\u00fcfterlos<\/td>\n<\/tr>\n<tr data-start=\"1621\" data-end=\"1651\">\n<td data-start=\"1621\" data-end=\"1633\" data-col-size=\"sm\"><strong data-start=\"1623\" data-end=\"1632\">Farbe<\/strong><\/td>\n<td data-col-size=\"md\" data-start=\"1633\" data-end=\"1651\">Grau \/ Schwarz<\/td>\n<\/tr>\n<tr data-start=\"1652\" data-end=\"1713\">\n<td data-start=\"1652\" data-end=\"1674\" data-col-size=\"sm\"><strong data-start=\"1654\" data-end=\"1673\">Montageoptionen<\/strong><\/td>\n<td data-start=\"1674\" data-end=\"1713\" data-col-size=\"md\">Schraubbefestigung oder freistehend<\/td>\n<\/tr>\n<\/tbody>\n<\/table>\n<\/div>\n<\/div>\n","protected":false},"excerpt":{"rendered":"<p>12 vorr\u00e4tig<\/p>\n","protected":false},"featured_media":2301,"template":"","meta":[],"product_brand":[],"product_cat":[28],"product_tag":[],"class_list":{"0":"post-282","1":"product","2":"type-product","3":"status-publish","4":"has-post-thumbnail","6":"product_cat-zubehoer","8":"first","9":"instock","10":"taxable","11":"shipping-taxable","12":"purchasable","13":"product-type-simple"},"_links":{"self":[{"href":"https:\/\/as-lightsound.de\/wordpress\/wp-json\/wp\/v2\/product\/282","targetHints":{"allow":["GET"]}}],"collection":[{"href":"https:\/\/as-lightsound.de\/wordpress\/wp-json\/wp\/v2\/product"}],"about":[{"href":"https:\/\/as-lightsound.de\/wordpress\/wp-json\/wp\/v2\/types\/product"}],"wp:featuredmedia":[{"embeddable":true,"href":"https:\/\/as-lightsound.de\/wordpress\/wp-json\/wp\/v2\/media\/2301"}],"wp:attachment":[{"href":"https:\/\/as-lightsound.de\/wordpress\/wp-json\/wp\/v2\/media?parent=282"}],"wp:term":[{"taxonomy":"product_brand","embeddable":true,"href":"https:\/\/as-lightsound.de\/wordpress\/wp-json\/wp\/v2\/product_brand?post=282"},{"taxonomy":"product_cat","embeddable":true,"href":"https:\/\/as-lightsound.de\/wordpress\/wp-json\/wp\/v2\/product_cat?post=282"},{"taxonomy":"product_tag","embeddable":true,"href":"https:\/\/as-lightsound.de\/wordpress\/wp-json\/wp\/v2\/product_tag?post=282"}],"curies":[{"name":"wp","href":"https:\/\/api.w.org\/{rel}","templated":true}]}}