{"id":231,"date":"2021-03-18T12:59:04","date_gmt":"2021-03-18T11:59:04","guid":{"rendered":"https:\/\/as-lightsound.de\/wordpress\/?post_type=product&#038;p=231"},"modified":"2025-10-08T13:47:47","modified_gmt":"2025-10-08T11:47:47","slug":"panasonic-et-d75le30-objektiv-24-47","status":"publish","type":"product","link":"https:\/\/as-lightsound.de\/wordpress\/product\/panasonic-et-d75le30-objektiv-24-47\/","title":{"rendered":"Panasonic ET-D75LE30 Objektiv 2,4 &#8211; 4,7 f\u00fcr DZ\/RZ21k"},"content":{"rendered":"<p data-start=\"78\" data-end=\"591\">Das <strong data-start=\"82\" data-end=\"106\">Panasonic ET-D75LE30<\/strong> ist ein professionelles Telezoom-Wechselobjektiv f\u00fcr Panasonic 3-Chip-DLP-Projektoren der DZ-, RZ- und RS-Serien (z. B. PT-DZ21K, PT-RZ21K). Es bietet ein Projektionsverh\u00e4ltnis von 2,6\u20135,0:1 und ist ideal f\u00fcr gro\u00dfe Distanzen und Installationen mit begrenztem Platz im B\u00fchnen- oder Veranstaltungsbereich. Mit motorischem Zoom und Fokus, hoher Lichtdurchl\u00e4ssigkeit und exakter Bildsch\u00e4rfe gew\u00e4hrleistet das ET-D75LE30 herausragende Projektionsergebnisse in anspruchsvollen Umgebungen.<\/p>\n<hr data-start=\"593\" data-end=\"596\" \/>\n<h3 data-start=\"598\" data-end=\"631\">Technische Daten (Tech Specs)<\/h3>\n<div class=\"_tableContainer_1rjym_1\">\n<div class=\"group _tableWrapper_1rjym_13 flex w-fit flex-col-reverse\" tabindex=\"-1\">\n<table class=\"w-fit min-w-(--thread-content-width)\" data-start=\"633\" data-end=\"1462\">\n<thead data-start=\"633\" data-end=\"651\">\n<tr data-start=\"633\" data-end=\"651\">\n<th data-start=\"633\" data-end=\"643\" data-col-size=\"sm\">Merkmal<\/th>\n<th data-start=\"643\" data-end=\"651\" data-col-size=\"md\">Wert<\/th>\n<\/tr>\n<\/thead>\n<tbody data-start=\"672\" data-end=\"1462\">\n<tr data-start=\"672\" data-end=\"709\">\n<td data-start=\"672\" data-end=\"685\" data-col-size=\"sm\"><strong data-start=\"674\" data-end=\"684\">Modell<\/strong><\/td>\n<td data-start=\"685\" data-end=\"709\" data-col-size=\"md\">Panasonic ET-D75LE30<\/td>\n<\/tr>\n<tr data-start=\"710\" data-end=\"759\">\n<td data-start=\"710\" data-end=\"728\" data-col-size=\"sm\"><strong data-start=\"712\" data-end=\"727\">Objektivtyp<\/strong><\/td>\n<td data-start=\"728\" data-end=\"759\" data-col-size=\"md\">Wechselobjektiv (Tele-Zoom)<\/td>\n<\/tr>\n<tr data-start=\"760\" data-end=\"854\">\n<td data-start=\"760\" data-end=\"781\" data-col-size=\"sm\"><strong data-start=\"762\" data-end=\"780\">Kompatibilit\u00e4t<\/strong><\/td>\n<td data-start=\"781\" data-end=\"854\" data-col-size=\"md\">PT-DZ21K \/ PT-RZ21K \/ PT-DZ13K \/ PT-RZ12K \/ PT-DZ10K \/ PT-RQ22K u. a.<\/td>\n<\/tr>\n<tr data-start=\"855\" data-end=\"898\">\n<td data-start=\"855\" data-end=\"883\" data-col-size=\"sm\"><strong data-start=\"857\" data-end=\"882\">Projektionsverh\u00e4ltnis<\/strong><\/td>\n<td data-start=\"883\" data-end=\"898\" data-col-size=\"md\">2,6 \u2013 5,0:1<\/td>\n<\/tr>\n<tr data-start=\"899\" data-end=\"940\">\n<td data-start=\"899\" data-end=\"920\" data-col-size=\"sm\"><strong data-start=\"901\" data-end=\"919\">Zoomverh\u00e4ltnis<\/strong><\/td>\n<td data-start=\"920\" data-end=\"940\" data-col-size=\"md\">1,9\u00d7 (motorisch)<\/td>\n<\/tr>\n<tr data-start=\"941\" data-end=\"977\">\n<td data-start=\"941\" data-end=\"958\" data-col-size=\"sm\"><strong data-start=\"943\" data-end=\"957\">Brennweite<\/strong><\/td>\n<td data-start=\"958\" data-end=\"977\" data-col-size=\"md\">54,6 \u2013 103,2 mm<\/td>\n<\/tr>\n<tr data-start=\"978\" data-end=\"1016\">\n<td data-start=\"978\" data-end=\"1003\" data-col-size=\"sm\"><strong data-start=\"980\" data-end=\"1002\">Blenden\u00f6ffnung (F)<\/strong><\/td>\n<td data-start=\"1003\" data-end=\"1016\" data-col-size=\"md\">2,5 \u2013 3,4<\/td>\n<\/tr>\n<tr data-start=\"1017\" data-end=\"1069\">\n<td data-start=\"1017\" data-end=\"1029\" data-col-size=\"sm\"><strong data-start=\"1019\" data-end=\"1028\">Fokus<\/strong><\/td>\n<td data-start=\"1029\" data-end=\"1069\" data-col-size=\"md\">Motorisch (steuerbar \u00fcber Projektor)<\/td>\n<\/tr>\n<tr data-start=\"1070\" data-end=\"1138\">\n<td data-start=\"1070\" data-end=\"1098\" data-col-size=\"sm\"><strong data-start=\"1072\" data-end=\"1097\">Bildgr\u00f6\u00dfe (Diagonale)<\/strong><\/td>\n<td data-start=\"1098\" data-end=\"1138\" data-col-size=\"md\">200\u2033 \u2013 600\u2033 (abh\u00e4ngig vom Projektor)<\/td>\n<\/tr>\n<tr data-start=\"1139\" data-end=\"1201\">\n<td data-start=\"1139\" data-end=\"1164\" data-col-size=\"sm\"><strong data-start=\"1141\" data-end=\"1163\">Projektionsabstand<\/strong><\/td>\n<td data-start=\"1164\" data-end=\"1201\" data-col-size=\"md\">ca. 4,5 m \u2013 65 m (modellabh\u00e4ngig)<\/td>\n<\/tr>\n<tr data-start=\"1202\" data-end=\"1285\">\n<td data-start=\"1202\" data-end=\"1229\" data-col-size=\"sm\"><strong data-start=\"1204\" data-end=\"1228\">Objektivkonstruktion<\/strong><\/td>\n<td data-start=\"1229\" data-end=\"1285\" data-col-size=\"md\">Mehrlinsiges Glasobjektiv mit Antireflexbeschichtung<\/td>\n<\/tr>\n<tr data-start=\"1286\" data-end=\"1335\">\n<td data-start=\"1286\" data-end=\"1312\" data-col-size=\"sm\"><strong data-start=\"1288\" data-end=\"1311\">Abmessungen (\u00d8 \u00d7 L)<\/strong><\/td>\n<td data-start=\"1312\" data-end=\"1335\" data-col-size=\"md\">ca. 132 mm \u00d7 213 mm<\/td>\n<\/tr>\n<tr data-start=\"1336\" data-end=\"1364\">\n<td data-start=\"1336\" data-end=\"1350\" data-col-size=\"sm\"><strong data-start=\"1338\" data-end=\"1349\">Gewicht<\/strong><\/td>\n<td data-start=\"1350\" data-end=\"1364\" data-col-size=\"md\">ca. 2,3 kg<\/td>\n<\/tr>\n<tr data-start=\"1365\" data-end=\"1397\">\n<td data-start=\"1365\" data-end=\"1386\" data-col-size=\"sm\"><strong data-start=\"1367\" data-end=\"1385\">Farbe \/ Finish<\/strong><\/td>\n<td data-start=\"1386\" data-end=\"1397\" data-col-size=\"md\">Schwarz<\/td>\n<\/tr>\n<tr data-start=\"1398\" data-end=\"1462\">\n<td data-start=\"1398\" data-end=\"1415\" data-col-size=\"sm\"><strong data-start=\"1400\" data-end=\"1414\">Montageart<\/strong><\/td>\n<td data-start=\"1415\" data-end=\"1462\" data-col-size=\"md\">Bajonettverschluss (werkzeuglos wechselbar)<\/td>\n<\/tr>\n<\/tbody>\n<\/table>\n<\/div>\n<\/div>\n","protected":false},"excerpt":{"rendered":"<p>1 vorr\u00e4tig<\/p>\n","protected":false},"featured_media":2166,"template":"","meta":[],"product_brand":[],"product_cat":[26],"product_tag":[],"class_list":{"0":"post-231","1":"product","2":"type-product","3":"status-publish","4":"has-post-thumbnail","6":"product_cat-projektoren","8":"first","9":"instock","10":"taxable","11":"shipping-taxable","12":"purchasable","13":"product-type-simple"},"_links":{"self":[{"href":"https:\/\/as-lightsound.de\/wordpress\/wp-json\/wp\/v2\/product\/231","targetHints":{"allow":["GET"]}}],"collection":[{"href":"https:\/\/as-lightsound.de\/wordpress\/wp-json\/wp\/v2\/product"}],"about":[{"href":"https:\/\/as-lightsound.de\/wordpress\/wp-json\/wp\/v2\/types\/product"}],"wp:featuredmedia":[{"embeddable":true,"href":"https:\/\/as-lightsound.de\/wordpress\/wp-json\/wp\/v2\/media\/2166"}],"wp:attachment":[{"href":"https:\/\/as-lightsound.de\/wordpress\/wp-json\/wp\/v2\/media?parent=231"}],"wp:term":[{"taxonomy":"product_brand","embeddable":true,"href":"https:\/\/as-lightsound.de\/wordpress\/wp-json\/wp\/v2\/product_brand?post=231"},{"taxonomy":"product_cat","embeddable":true,"href":"https:\/\/as-lightsound.de\/wordpress\/wp-json\/wp\/v2\/product_cat?post=231"},{"taxonomy":"product_tag","embeddable":true,"href":"https:\/\/as-lightsound.de\/wordpress\/wp-json\/wp\/v2\/product_tag?post=231"}],"curies":[{"name":"wp","href":"https:\/\/api.w.org\/{rel}","templated":true}]}}