{"id":210,"date":"2021-03-18T12:30:06","date_gmt":"2021-03-18T11:30:06","guid":{"rendered":"https:\/\/as-lightsound.de\/wordpress\/?post_type=product&#038;p=210"},"modified":"2025-10-08T10:03:31","modified_gmt":"2025-10-08T08:03:31","slug":"shure-sm-57","status":"publish","type":"product","link":"https:\/\/as-lightsound.de\/wordpress\/product\/shure-sm-57\/","title":{"rendered":"Shure SM 57"},"content":{"rendered":"<p data-start=\"73\" data-end=\"571\">Das Shure SM57 ist ein professionelles, dynamisches Mikrofon, das f\u00fcr die pr\u00e4zise Abnahme von Instrumenten und Verst\u00e4rkern konzipiert wurde. Mit seiner Nierencharakteristik isoliert es gezielt die Schallquelle und minimiert st\u00f6rende Umgebungsger\u00e4usche. Die lineare \u00dcbertragung im mittleren Frequenzbereich sorgt f\u00fcr einen klaren, druckvollen Klang, der sich im Mix durchsetzt. Durch seine robuste Konstruktion und Zuverl\u00e4ssigkeit ist das SM57 ein Standard in Live- und Studioanwendungen weltweit.<\/p>\n<hr data-start=\"573\" data-end=\"576\" \/>\n<h3 data-start=\"578\" data-end=\"611\">Technische Daten (Tech Specs)<\/h3>\n<div class=\"_tableContainer_1rjym_1\">\n<div class=\"group _tableWrapper_1rjym_13 flex w-fit flex-col-reverse\" tabindex=\"-1\">\n<table class=\"w-fit min-w-(--thread-content-width)\" data-start=\"613\" data-end=\"1099\">\n<thead data-start=\"613\" data-end=\"631\">\n<tr data-start=\"613\" data-end=\"631\">\n<th data-start=\"613\" data-end=\"623\" data-col-size=\"sm\">Merkmal<\/th>\n<th data-start=\"623\" data-end=\"631\" data-col-size=\"sm\">Wert<\/th>\n<\/tr>\n<\/thead>\n<tbody data-start=\"652\" data-end=\"1099\">\n<tr data-start=\"652\" data-end=\"686\">\n<td data-start=\"652\" data-end=\"662\" data-col-size=\"sm\"><strong data-start=\"654\" data-end=\"661\">Typ<\/strong><\/td>\n<td data-start=\"662\" data-end=\"686\" data-col-size=\"sm\">Dynamisches Mikrofon<\/td>\n<\/tr>\n<tr data-start=\"687\" data-end=\"722\">\n<td data-start=\"687\" data-end=\"713\" data-col-size=\"sm\"><strong data-start=\"689\" data-end=\"712\">Richtcharakteristik<\/strong><\/td>\n<td data-start=\"713\" data-end=\"722\" data-col-size=\"sm\">Niere<\/td>\n<\/tr>\n<tr data-start=\"723\" data-end=\"763\">\n<td data-start=\"723\" data-end=\"745\" data-col-size=\"sm\"><strong data-start=\"725\" data-end=\"744\">Frequenzbereich<\/strong><\/td>\n<td data-start=\"745\" data-end=\"763\" data-col-size=\"sm\">40 Hz \u2013 15 kHz<\/td>\n<\/tr>\n<tr data-start=\"764\" data-end=\"811\">\n<td data-start=\"764\" data-end=\"786\" data-col-size=\"sm\"><strong data-start=\"766\" data-end=\"785\">Empfindlichkeit<\/strong><\/td>\n<td data-start=\"786\" data-end=\"811\" data-col-size=\"sm\">\u201354,5 dBV\/Pa (1,6 mV)<\/td>\n<\/tr>\n<tr data-start=\"812\" data-end=\"848\">\n<td data-start=\"812\" data-end=\"827\" data-col-size=\"sm\"><strong data-start=\"814\" data-end=\"826\">Impedanz<\/strong><\/td>\n<td data-start=\"827\" data-end=\"848\" data-col-size=\"sm\">150 Ohm (nominal)<\/td>\n<\/tr>\n<tr data-start=\"849\" data-end=\"899\">\n<td data-start=\"849\" data-end=\"871\" data-col-size=\"sm\"><strong data-start=\"851\" data-end=\"870\">Betriebsprinzip<\/strong><\/td>\n<td data-start=\"871\" data-end=\"899\" data-col-size=\"sm\">Druckgradientenempf\u00e4nger<\/td>\n<\/tr>\n<tr data-start=\"900\" data-end=\"956\">\n<td data-start=\"900\" data-end=\"924\" data-col-size=\"sm\"><strong data-start=\"902\" data-end=\"923\">Ausgangsanschluss<\/strong><\/td>\n<td data-start=\"924\" data-end=\"956\" data-col-size=\"sm\">3-poliger XLR-Stecker (male)<\/td>\n<\/tr>\n<tr data-start=\"957\" data-end=\"999\">\n<td data-start=\"957\" data-end=\"979\" data-col-size=\"sm\"><strong data-start=\"959\" data-end=\"978\">Geh\u00e4usematerial<\/strong><\/td>\n<td data-start=\"979\" data-end=\"999\" data-col-size=\"sm\">Metall, sto\u00dffest<\/td>\n<\/tr>\n<tr data-start=\"1000\" data-end=\"1044\">\n<td data-start=\"1000\" data-end=\"1026\" data-col-size=\"sm\"><strong data-start=\"1002\" data-end=\"1025\">Abmessungen (L \u00d7 \u00d8)<\/strong><\/td>\n<td data-start=\"1026\" data-end=\"1044\" data-col-size=\"sm\">157 mm \u00d7 32 mm<\/td>\n<\/tr>\n<tr data-start=\"1045\" data-end=\"1072\">\n<td data-start=\"1045\" data-end=\"1059\" data-col-size=\"sm\"><strong data-start=\"1047\" data-end=\"1058\">Gewicht<\/strong><\/td>\n<td data-start=\"1059\" data-end=\"1072\" data-col-size=\"sm\">ca. 284 g<\/td>\n<\/tr>\n<tr data-start=\"1073\" data-end=\"1099\">\n<td data-start=\"1073\" data-end=\"1085\" data-col-size=\"sm\"><strong data-start=\"1075\" data-end=\"1084\">Farbe<\/strong><\/td>\n<td data-start=\"1085\" data-end=\"1099\" data-col-size=\"sm\">Dunkelgrau<\/td>\n<\/tr>\n<\/tbody>\n<\/table>\n<\/div>\n<\/div>\n","protected":false},"excerpt":{"rendered":"<p>20 vorr\u00e4tig<\/p>\n","protected":false},"featured_media":211,"template":"","meta":[],"product_brand":[],"product_cat":[18],"product_tag":[],"class_list":{"0":"post-210","1":"product","2":"type-product","3":"status-publish","4":"has-post-thumbnail","6":"product_cat-mikrofone","8":"first","9":"instock","10":"taxable","11":"shipping-taxable","12":"purchasable","13":"product-type-simple"},"_links":{"self":[{"href":"https:\/\/as-lightsound.de\/wordpress\/wp-json\/wp\/v2\/product\/210","targetHints":{"allow":["GET"]}}],"collection":[{"href":"https:\/\/as-lightsound.de\/wordpress\/wp-json\/wp\/v2\/product"}],"about":[{"href":"https:\/\/as-lightsound.de\/wordpress\/wp-json\/wp\/v2\/types\/product"}],"wp:featuredmedia":[{"embeddable":true,"href":"https:\/\/as-lightsound.de\/wordpress\/wp-json\/wp\/v2\/media\/211"}],"wp:attachment":[{"href":"https:\/\/as-lightsound.de\/wordpress\/wp-json\/wp\/v2\/media?parent=210"}],"wp:term":[{"taxonomy":"product_brand","embeddable":true,"href":"https:\/\/as-lightsound.de\/wordpress\/wp-json\/wp\/v2\/product_brand?post=210"},{"taxonomy":"product_cat","embeddable":true,"href":"https:\/\/as-lightsound.de\/wordpress\/wp-json\/wp\/v2\/product_cat?post=210"},{"taxonomy":"product_tag","embeddable":true,"href":"https:\/\/as-lightsound.de\/wordpress\/wp-json\/wp\/v2\/product_tag?post=210"}],"curies":[{"name":"wp","href":"https:\/\/api.w.org\/{rel}","templated":true}]}}