{"id":190,"date":"2021-03-18T11:31:39","date_gmt":"2021-03-18T10:31:39","guid":{"rendered":"https:\/\/as-lightsound.de\/wordpress\/?post_type=product&#038;p=190"},"modified":"2025-10-08T10:09:24","modified_gmt":"2025-10-08T08:09:24","slug":"yamaha-sub-kick","status":"publish","type":"product","link":"https:\/\/as-lightsound.de\/wordpress\/product\/yamaha-sub-kick\/","title":{"rendered":"Yamaha Sub Kick"},"content":{"rendered":"<p data-start=\"87\" data-end=\"664\">Das <strong data-start=\"91\" data-end=\"109\">Yamaha SubKick<\/strong> ist ein spezialisiertes Tiefton-Mikrofon, das f\u00fcr die pr\u00e4zise Erfassung extrem niedriger Frequenzen entwickelt wurde. Es nutzt ein 6,5&#8243;-Lautsprecher-Element als Wandler, um druckvolle Subb\u00e4sse und den nat\u00fcrlichen Tiefenanteil von Bassdrums und Bassinstrumenten einzufangen. Durch seine passive Bauweise und Nierencharakteristik liefert das SubKick einen warmen, vollen Klang mit au\u00dfergew\u00f6hnlicher Tiefenaufl\u00f6sung. Das robuste Metallgeh\u00e4use mit integriertem Stativadapter erm\u00f6glicht eine einfache und stabile Positionierung im Studio oder auf der B\u00fchne.<\/p>\n<hr data-start=\"666\" data-end=\"669\" \/>\n<h3 data-start=\"671\" data-end=\"704\">Technische Daten (Tech Specs)<\/h3>\n<div class=\"_tableContainer_1rjym_1\">\n<div class=\"group _tableWrapper_1rjym_13 flex w-fit flex-col-reverse\" tabindex=\"-1\">\n<table class=\"w-fit min-w-(--thread-content-width)\" data-start=\"706\" data-end=\"1353\">\n<thead data-start=\"706\" data-end=\"724\">\n<tr data-start=\"706\" data-end=\"724\">\n<th data-start=\"706\" data-end=\"716\" data-col-size=\"sm\">Merkmal<\/th>\n<th data-start=\"716\" data-end=\"724\" data-col-size=\"md\">Wert<\/th>\n<\/tr>\n<\/thead>\n<tbody data-start=\"745\" data-end=\"1353\">\n<tr data-start=\"745\" data-end=\"802\">\n<td data-start=\"745\" data-end=\"755\" data-col-size=\"sm\"><strong data-start=\"747\" data-end=\"754\">Typ<\/strong><\/td>\n<td data-start=\"755\" data-end=\"802\" data-col-size=\"md\">Dynamisches Mikrofon (Lautsprecher-Wandler)<\/td>\n<\/tr>\n<tr data-start=\"803\" data-end=\"838\">\n<td data-start=\"803\" data-end=\"829\" data-col-size=\"sm\"><strong data-start=\"805\" data-end=\"828\">Richtcharakteristik<\/strong><\/td>\n<td data-start=\"829\" data-end=\"838\" data-col-size=\"md\">Niere<\/td>\n<\/tr>\n<tr data-start=\"839\" data-end=\"878\">\n<td data-start=\"839\" data-end=\"861\" data-col-size=\"sm\"><strong data-start=\"841\" data-end=\"860\">Frequenzbereich<\/strong><\/td>\n<td data-start=\"861\" data-end=\"878\" data-col-size=\"md\">50 Hz \u2013 2 kHz<\/td>\n<\/tr>\n<tr data-start=\"879\" data-end=\"923\">\n<td data-start=\"879\" data-end=\"901\" data-col-size=\"sm\"><strong data-start=\"881\" data-end=\"900\">Empfindlichkeit<\/strong><\/td>\n<td data-start=\"901\" data-end=\"923\" data-col-size=\"md\">\u201325 dB (re 1 V\/Pa)<\/td>\n<\/tr>\n<tr data-start=\"924\" data-end=\"958\">\n<td data-start=\"924\" data-end=\"939\" data-col-size=\"sm\"><strong data-start=\"926\" data-end=\"938\">Impedanz<\/strong><\/td>\n<td data-start=\"939\" data-end=\"958\" data-col-size=\"md\">6 Ohm (nominal)<\/td>\n<\/tr>\n<tr data-start=\"959\" data-end=\"1028\">\n<td data-start=\"959\" data-end=\"981\" data-col-size=\"sm\"><strong data-start=\"961\" data-end=\"980\">Betriebsprinzip<\/strong><\/td>\n<td data-start=\"981\" data-end=\"1028\" data-col-size=\"md\">Passiv (keine Phantomspeisung erforderlich)<\/td>\n<\/tr>\n<tr data-start=\"1029\" data-end=\"1085\">\n<td data-start=\"1029\" data-end=\"1057\" data-col-size=\"sm\"><strong data-start=\"1031\" data-end=\"1056\">Schalldruckfestigkeit<\/strong><\/td>\n<td data-start=\"1057\" data-end=\"1085\" data-col-size=\"md\">Sehr hoch (&gt; 160 dB SPL)<\/td>\n<\/tr>\n<tr data-start=\"1086\" data-end=\"1123\">\n<td data-start=\"1086\" data-end=\"1111\" data-col-size=\"sm\"><strong data-start=\"1088\" data-end=\"1110\">Membrandurchmesser<\/strong><\/td>\n<td data-start=\"1111\" data-end=\"1123\" data-col-size=\"md\">6,5 Zoll<\/td>\n<\/tr>\n<tr data-start=\"1124\" data-end=\"1167\">\n<td data-start=\"1124\" data-end=\"1140\" data-col-size=\"sm\"><strong data-start=\"1126\" data-end=\"1139\">Anschluss<\/strong><\/td>\n<td data-start=\"1140\" data-end=\"1167\" data-col-size=\"md\">XLR (symmetrisch, male)<\/td>\n<\/tr>\n<tr data-start=\"1168\" data-end=\"1230\">\n<td data-start=\"1168\" data-end=\"1190\" data-col-size=\"sm\"><strong data-start=\"1170\" data-end=\"1189\">Geh\u00e4usematerial<\/strong><\/td>\n<td data-start=\"1190\" data-end=\"1230\" data-col-size=\"md\">Metall mit integriertem Stativhalter<\/td>\n<\/tr>\n<tr data-start=\"1231\" data-end=\"1291\">\n<td data-start=\"1231\" data-end=\"1257\" data-col-size=\"sm\"><strong data-start=\"1233\" data-end=\"1256\">Abmessungen (L \u00d7 \u00d8)<\/strong><\/td>\n<td data-start=\"1257\" data-end=\"1291\" data-col-size=\"md\">170 mm \u00d7 250 mm (inkl. Halter)<\/td>\n<\/tr>\n<tr data-start=\"1292\" data-end=\"1320\">\n<td data-start=\"1292\" data-end=\"1306\" data-col-size=\"sm\"><strong data-start=\"1294\" data-end=\"1305\">Gewicht<\/strong><\/td>\n<td data-start=\"1306\" data-end=\"1320\" data-col-size=\"md\">ca. 2,8 kg<\/td>\n<\/tr>\n<tr data-start=\"1321\" data-end=\"1353\">\n<td data-start=\"1321\" data-end=\"1333\" data-col-size=\"sm\"><strong data-start=\"1323\" data-end=\"1332\">Farbe<\/strong><\/td>\n<td data-start=\"1333\" data-end=\"1353\" data-col-size=\"md\">Schwarz \/ Silber<\/td>\n<\/tr>\n<\/tbody>\n<\/table>\n<\/div>\n<\/div>\n","protected":false},"excerpt":{"rendered":"<p>1 vorr\u00e4tig<\/p>\n","protected":false},"featured_media":191,"template":"","meta":[],"product_brand":[],"product_cat":[18],"product_tag":[],"class_list":{"0":"post-190","1":"product","2":"type-product","3":"status-publish","4":"has-post-thumbnail","6":"product_cat-mikrofone","8":"first","9":"instock","10":"taxable","11":"shipping-taxable","12":"purchasable","13":"product-type-simple"},"_links":{"self":[{"href":"https:\/\/as-lightsound.de\/wordpress\/wp-json\/wp\/v2\/product\/190","targetHints":{"allow":["GET"]}}],"collection":[{"href":"https:\/\/as-lightsound.de\/wordpress\/wp-json\/wp\/v2\/product"}],"about":[{"href":"https:\/\/as-lightsound.de\/wordpress\/wp-json\/wp\/v2\/types\/product"}],"wp:featuredmedia":[{"embeddable":true,"href":"https:\/\/as-lightsound.de\/wordpress\/wp-json\/wp\/v2\/media\/191"}],"wp:attachment":[{"href":"https:\/\/as-lightsound.de\/wordpress\/wp-json\/wp\/v2\/media?parent=190"}],"wp:term":[{"taxonomy":"product_brand","embeddable":true,"href":"https:\/\/as-lightsound.de\/wordpress\/wp-json\/wp\/v2\/product_brand?post=190"},{"taxonomy":"product_cat","embeddable":true,"href":"https:\/\/as-lightsound.de\/wordpress\/wp-json\/wp\/v2\/product_cat?post=190"},{"taxonomy":"product_tag","embeddable":true,"href":"https:\/\/as-lightsound.de\/wordpress\/wp-json\/wp\/v2\/product_tag?post=190"}],"curies":[{"name":"wp","href":"https:\/\/api.w.org\/{rel}","templated":true}]}}