{"id":1895,"date":"2025-09-30T14:42:19","date_gmt":"2025-09-30T12:42:19","guid":{"rendered":"https:\/\/as-lightsound.de\/wordpress\/?post_type=product&#038;p=1895"},"modified":"2025-09-30T14:48:15","modified_gmt":"2025-09-30T12:48:15","slug":"audipack-390921-vorschau-monitorstaender-auf-rollen","status":"publish","type":"product","link":"https:\/\/as-lightsound.de\/wordpress\/product\/audipack-390921-vorschau-monitorstaender-auf-rollen\/","title":{"rendered":"AudiPack 390921 Vorschau-Monitorst\u00e4nder auf Rollen"},"content":{"rendered":"<p data-start=\"150\" data-end=\"416\">Der 390921 ist ein hobelfreier, mit Rollen versehener Bodenst\u00e4nder f\u00fcr Flachbildschirme bis 55 Zoll. Durch sein Werkzeug-freies Montagesystem und praktische Neigefunktion eignet er sich ideal f\u00fcr den mobilen Einsatz bei Pr\u00e4sentationen, Messen oder B\u00fchnen-Monitoring.<\/p>\n<hr data-start=\"418\" data-end=\"421\" \/>\n<h3 data-start=\"423\" data-end=\"460\"><strong data-start=\"427\" data-end=\"460\">Technische Daten (Tech Specs)<\/strong><\/h3>\n<div class=\"_tableContainer_1rjym_1\">\n<div class=\"group _tableWrapper_1rjym_13 flex w-fit flex-col-reverse\" tabindex=\"-1\">\n<table class=\"w-fit min-w-(--thread-content-width)\" data-start=\"462\" data-end=\"1121\">\n<thead data-start=\"462\" data-end=\"489\">\n<tr data-start=\"462\" data-end=\"489\">\n<th data-start=\"462\" data-end=\"472\" data-col-size=\"sm\">Merkmal<\/th>\n<th data-start=\"472\" data-end=\"489\" data-col-size=\"md\">Spezifikation<\/th>\n<\/tr>\n<\/thead>\n<tbody data-start=\"513\" data-end=\"1121\">\n<tr data-start=\"513\" data-end=\"547\">\n<td data-start=\"513\" data-end=\"536\" data-col-size=\"sm\"><strong data-start=\"515\" data-end=\"535\">F\u00fcr Displays bis<\/strong><\/td>\n<td data-start=\"536\" data-end=\"547\" data-col-size=\"md\">55 Zoll<\/td>\n<\/tr>\n<tr data-start=\"548\" data-end=\"581\">\n<td data-start=\"548\" data-end=\"572\" data-col-size=\"sm\"><strong data-start=\"550\" data-end=\"571\">Maximale Traglast<\/strong><\/td>\n<td data-start=\"572\" data-end=\"581\" data-col-size=\"md\">60 kg<\/td>\n<\/tr>\n<tr data-start=\"582\" data-end=\"632\">\n<td data-start=\"582\" data-end=\"610\" data-col-size=\"sm\"><strong data-start=\"584\" data-end=\"609\">Standma\u00dfe (B \u00d7 T \u00d7 H)<\/strong><\/td>\n<td data-col-size=\"md\" data-start=\"610\" data-end=\"632\">900 \u00d7 560 \u00d7 593 mm<\/td>\n<\/tr>\n<tr data-start=\"633\" data-end=\"679\">\n<td data-start=\"633\" data-end=\"660\" data-col-size=\"sm\"><strong data-start=\"635\" data-end=\"659\">Neigbare Ausrichtung<\/strong><\/td>\n<td data-start=\"660\" data-end=\"679\" data-col-size=\"md\">ca. 30\u00b0 bis 60\u00b0<\/td>\n<\/tr>\n<tr data-start=\"680\" data-end=\"740\">\n<td data-start=\"680\" data-end=\"701\" data-col-size=\"sm\"><strong data-start=\"682\" data-end=\"700\">Montage-System<\/strong><\/td>\n<td data-col-size=\"md\" data-start=\"701\" data-end=\"740\">Quick-Release \u2014 kein Werkzeug n\u00f6tig<\/td>\n<\/tr>\n<tr data-start=\"741\" data-end=\"826\">\n<td data-start=\"741\" data-end=\"766\" data-col-size=\"sm\"><strong data-start=\"743\" data-end=\"765\">Befestigungssystem<\/strong><\/td>\n<td data-start=\"766\" data-end=\"826\" data-col-size=\"md\">Lock &amp; Secure 5 (L&amp;S5) \/ 3-Punkt- bzw. 5-Punkt-Interface<\/td>\n<\/tr>\n<tr data-start=\"827\" data-end=\"920\">\n<td data-start=\"827\" data-end=\"856\" data-col-size=\"sm\"><strong data-start=\"829\" data-end=\"855\">Material \/ Oberfl\u00e4chen<\/strong><\/td>\n<td data-start=\"856\" data-end=\"920\" data-col-size=\"md\">S\u00e4ule: eloxiertes Aluminium; Bodenplatte: schwarz (RAL 9005)<\/td>\n<\/tr>\n<tr data-start=\"921\" data-end=\"948\">\n<td data-start=\"921\" data-end=\"935\" data-col-size=\"sm\"><strong data-start=\"923\" data-end=\"934\">Gewicht<\/strong><\/td>\n<td data-col-size=\"md\" data-start=\"935\" data-end=\"948\">ca. 30 kg<\/td>\n<\/tr>\n<tr data-start=\"949\" data-end=\"1005\">\n<td data-start=\"949\" data-end=\"970\" data-col-size=\"sm\"><strong data-start=\"951\" data-end=\"969\">Transportgr\u00f6\u00dfe<\/strong><\/td>\n<td data-start=\"970\" data-end=\"1005\" data-col-size=\"md\">1.030 \u00d7 550 \u00d7 200 mm (verpackt)<\/td>\n<\/tr>\n<tr data-start=\"1006\" data-end=\"1057\">\n<td data-start=\"1006\" data-end=\"1019\" data-col-size=\"sm\"><strong data-start=\"1008\" data-end=\"1018\">Rollen<\/strong><\/td>\n<td data-col-size=\"md\" data-start=\"1019\" data-end=\"1057\">4 Lenkrollen mit Bremse (\u00d8 100 mm)<\/td>\n<\/tr>\n<tr data-start=\"1058\" data-end=\"1121\">\n<td data-start=\"1058\" data-end=\"1075\" data-col-size=\"sm\"><strong data-start=\"1060\" data-end=\"1074\">Farbgebung<\/strong><\/td>\n<td data-start=\"1075\" data-end=\"1121\" data-col-size=\"md\">S\u00e4ule Aluminium natur, Bodenplatte schwarz<\/td>\n<\/tr>\n<\/tbody>\n<\/table>\n<\/div>\n<\/div>\n","protected":false},"excerpt":{"rendered":"<p>2 vorr\u00e4tig<\/p>\n","protected":false},"featured_media":1897,"template":"","meta":[],"product_brand":[],"product_cat":[61],"product_tag":[],"class_list":{"0":"post-1895","1":"product","2":"type-product","3":"status-publish","4":"has-post-thumbnail","6":"product_cat-displays","8":"first","9":"instock","10":"taxable","11":"shipping-taxable","12":"purchasable","13":"product-type-simple"},"_links":{"self":[{"href":"https:\/\/as-lightsound.de\/wordpress\/wp-json\/wp\/v2\/product\/1895","targetHints":{"allow":["GET"]}}],"collection":[{"href":"https:\/\/as-lightsound.de\/wordpress\/wp-json\/wp\/v2\/product"}],"about":[{"href":"https:\/\/as-lightsound.de\/wordpress\/wp-json\/wp\/v2\/types\/product"}],"wp:featuredmedia":[{"embeddable":true,"href":"https:\/\/as-lightsound.de\/wordpress\/wp-json\/wp\/v2\/media\/1897"}],"wp:attachment":[{"href":"https:\/\/as-lightsound.de\/wordpress\/wp-json\/wp\/v2\/media?parent=1895"}],"wp:term":[{"taxonomy":"product_brand","embeddable":true,"href":"https:\/\/as-lightsound.de\/wordpress\/wp-json\/wp\/v2\/product_brand?post=1895"},{"taxonomy":"product_cat","embeddable":true,"href":"https:\/\/as-lightsound.de\/wordpress\/wp-json\/wp\/v2\/product_cat?post=1895"},{"taxonomy":"product_tag","embeddable":true,"href":"https:\/\/as-lightsound.de\/wordpress\/wp-json\/wp\/v2\/product_tag?post=1895"}],"curies":[{"name":"wp","href":"https:\/\/api.w.org\/{rel}","templated":true}]}}