{"id":188,"date":"2021-03-18T11:22:07","date_gmt":"2021-03-18T10:22:07","guid":{"rendered":"https:\/\/as-lightsound.de\/wordpress\/?post_type=product&#038;p=188"},"modified":"2025-10-08T10:09:54","modified_gmt":"2025-10-08T08:09:54","slug":"sennheiser-900er-drum-koffer","status":"publish","type":"product","link":"https:\/\/as-lightsound.de\/wordpress\/product\/sennheiser-900er-drum-koffer\/","title":{"rendered":"Sennheiser 900er Drum Koffer"},"content":{"rendered":"<p data-start=\"73\" data-end=\"618\">Das <strong data-start=\"77\" data-end=\"106\">Sennheiser e900 Drum Case<\/strong> ist ein professionelles Mikrofonset, das f\u00fcr die pr\u00e4zise und druckvolle Abnahme von Drumkits im Live- und Studioeinsatz konzipiert wurde. Es kombiniert mehrere Mikrofone der e900-Serie, die speziell auf die Anforderungen einzelner Schlaginstrumente abgestimmt sind. Die Mikrofone bieten hohe Schalldruckfestigkeit, exzellente R\u00fcckkopplungssicherheit und nat\u00fcrliche Klangwiedergabe. Der stabile Transportkoffer mit passgenauer Schaumstoffeinlage sorgt f\u00fcr sicheren Transport und schnellen Aufbau auf der B\u00fchne.<\/p>\n<hr data-start=\"620\" data-end=\"623\" \/>\n<h3 data-start=\"625\" data-end=\"658\">Technische Daten (Tech Specs)<\/h3>\n<div class=\"_tableContainer_1rjym_1\">\n<div class=\"group _tableWrapper_1rjym_13 flex w-fit flex-col-reverse\" tabindex=\"-1\">\n<table class=\"w-fit min-w-(--thread-content-width)\" data-start=\"660\" data-end=\"1493\">\n<thead data-start=\"660\" data-end=\"678\">\n<tr data-start=\"660\" data-end=\"678\">\n<th data-start=\"660\" data-end=\"670\" data-col-size=\"sm\">Merkmal<\/th>\n<th data-start=\"670\" data-end=\"678\" data-col-size=\"md\">Wert<\/th>\n<\/tr>\n<\/thead>\n<tbody data-start=\"699\" data-end=\"1493\">\n<tr data-start=\"699\" data-end=\"784\">\n<td data-start=\"699\" data-end=\"716\" data-col-size=\"sm\"><strong data-start=\"701\" data-end=\"715\">Set-Inhalt<\/strong><\/td>\n<td data-start=\"716\" data-end=\"784\" data-col-size=\"md\">1 \u00d7 e902 (Bassdrum), 2 \u00d7 e904 (Toms\/Snare), 2 \u00d7 e614 (Overheads)<\/td>\n<\/tr>\n<tr data-start=\"785\" data-end=\"843\">\n<td data-start=\"785\" data-end=\"797\" data-col-size=\"sm\"><strong data-start=\"787\" data-end=\"796\">Typen<\/strong><\/td>\n<td data-start=\"797\" data-end=\"843\" data-col-size=\"md\">Dynamisch (e902, e904), Kondensator (e614)<\/td>\n<\/tr>\n<tr data-start=\"844\" data-end=\"913\">\n<td data-start=\"844\" data-end=\"872\" data-col-size=\"sm\"><strong data-start=\"846\" data-end=\"871\">Richtcharakteristiken<\/strong><\/td>\n<td data-start=\"872\" data-end=\"913\" data-col-size=\"md\">Niere (e902, e904), Superniere (e614)<\/td>\n<\/tr>\n<tr data-start=\"914\" data-end=\"1007\">\n<td data-start=\"914\" data-end=\"937\" data-col-size=\"sm\"><strong data-start=\"916\" data-end=\"936\">Frequenzbereiche<\/strong><\/td>\n<td data-start=\"937\" data-end=\"1007\" data-col-size=\"md\">e902: 20 Hz \u2013 18 kHz \u00b7 e904: 40 Hz \u2013 18 kHz \u00b7 e614: 40 Hz \u2013 20 kHz<\/td>\n<\/tr>\n<tr data-start=\"1008\" data-end=\"1092\">\n<td data-start=\"1008\" data-end=\"1042\" data-col-size=\"sm\"><strong data-start=\"1010\" data-end=\"1041\">Max. Schalldruckpegel (SPL)<\/strong><\/td>\n<td data-start=\"1042\" data-end=\"1092\" data-col-size=\"md\">e902: &gt; 160 dB \u00b7 e904: &gt; 160 dB \u00b7 e614: 139 dB<\/td>\n<\/tr>\n<tr data-start=\"1093\" data-end=\"1152\">\n<td data-start=\"1093\" data-end=\"1123\" data-col-size=\"sm\"><strong data-start=\"1095\" data-end=\"1122\">Betriebsspannung (e614)<\/strong><\/td>\n<td data-start=\"1123\" data-end=\"1152\" data-col-size=\"md\">12 \u2013 48 V Phantomspeisung<\/td>\n<\/tr>\n<tr data-start=\"1153\" data-end=\"1201\">\n<td data-start=\"1153\" data-end=\"1170\" data-col-size=\"sm\"><strong data-start=\"1155\" data-end=\"1169\">Anschl\u00fcsse<\/strong><\/td>\n<td data-start=\"1170\" data-end=\"1201\" data-col-size=\"md\">3-polige XLR-Stecker (male)<\/td>\n<\/tr>\n<tr data-start=\"1202\" data-end=\"1272\">\n<td data-start=\"1202\" data-end=\"1224\" data-col-size=\"sm\"><strong data-start=\"1204\" data-end=\"1223\">Geh\u00e4usematerial<\/strong><\/td>\n<td data-start=\"1224\" data-end=\"1272\" data-col-size=\"md\">Metall (e902, e904), Metall\/Aluminium (e614)<\/td>\n<\/tr>\n<tr data-start=\"1273\" data-end=\"1354\">\n<td data-start=\"1273\" data-end=\"1287\" data-col-size=\"sm\"><strong data-start=\"1275\" data-end=\"1286\">Zubeh\u00f6r<\/strong><\/td>\n<td data-start=\"1287\" data-end=\"1354\" data-col-size=\"md\">Klemmen f\u00fcr Toms\/Snare, Mikrofonclips, robuster Transportkoffer<\/td>\n<\/tr>\n<tr data-start=\"1355\" data-end=\"1416\">\n<td data-start=\"1355\" data-end=\"1384\" data-col-size=\"sm\"><strong data-start=\"1357\" data-end=\"1383\">Kofferma\u00dfe (L \u00d7 B \u00d7 H)<\/strong><\/td>\n<td data-start=\"1384\" data-end=\"1416\" data-col-size=\"md\">ca. 480 mm \u00d7 380 mm \u00d7 160 mm<\/td>\n<\/tr>\n<tr data-start=\"1417\" data-end=\"1457\">\n<td data-start=\"1417\" data-end=\"1443\" data-col-size=\"sm\"><strong data-start=\"1419\" data-end=\"1442\">Gesamtgewicht (Set)<\/strong><\/td>\n<td data-start=\"1443\" data-end=\"1457\" data-col-size=\"md\">ca. 4,5 kg<\/td>\n<\/tr>\n<tr data-start=\"1458\" data-end=\"1493\">\n<td data-start=\"1458\" data-end=\"1470\" data-col-size=\"sm\"><strong data-start=\"1460\" data-end=\"1469\">Farbe<\/strong><\/td>\n<td data-start=\"1470\" data-end=\"1493\" data-col-size=\"md\">Schwarz \/ Anthrazit<\/td>\n<\/tr>\n<\/tbody>\n<\/table>\n<\/div>\n<\/div>\n","protected":false},"excerpt":{"rendered":"<p>1 vorr\u00e4tig<\/p>\n","protected":false},"featured_media":189,"template":"","meta":[],"product_brand":[],"product_cat":[18],"product_tag":[],"class_list":{"0":"post-188","1":"product","2":"type-product","3":"status-publish","4":"has-post-thumbnail","6":"product_cat-mikrofone","8":"first","9":"instock","10":"taxable","11":"shipping-taxable","12":"purchasable","13":"product-type-simple"},"_links":{"self":[{"href":"https:\/\/as-lightsound.de\/wordpress\/wp-json\/wp\/v2\/product\/188","targetHints":{"allow":["GET"]}}],"collection":[{"href":"https:\/\/as-lightsound.de\/wordpress\/wp-json\/wp\/v2\/product"}],"about":[{"href":"https:\/\/as-lightsound.de\/wordpress\/wp-json\/wp\/v2\/types\/product"}],"wp:featuredmedia":[{"embeddable":true,"href":"https:\/\/as-lightsound.de\/wordpress\/wp-json\/wp\/v2\/media\/189"}],"wp:attachment":[{"href":"https:\/\/as-lightsound.de\/wordpress\/wp-json\/wp\/v2\/media?parent=188"}],"wp:term":[{"taxonomy":"product_brand","embeddable":true,"href":"https:\/\/as-lightsound.de\/wordpress\/wp-json\/wp\/v2\/product_brand?post=188"},{"taxonomy":"product_cat","embeddable":true,"href":"https:\/\/as-lightsound.de\/wordpress\/wp-json\/wp\/v2\/product_cat?post=188"},{"taxonomy":"product_tag","embeddable":true,"href":"https:\/\/as-lightsound.de\/wordpress\/wp-json\/wp\/v2\/product_tag?post=188"}],"curies":[{"name":"wp","href":"https:\/\/api.w.org\/{rel}","templated":true}]}}