{"id":1879,"date":"2025-09-30T14:06:12","date_gmt":"2025-09-30T12:06:12","guid":{"rendered":"https:\/\/as-lightsound.de\/wordpress\/?post_type=product&#038;p=1879"},"modified":"2025-10-09T09:16:05","modified_gmt":"2025-10-09T07:16:05","slug":"designstativ-outdoor-steher-35m-hoehe","status":"publish","type":"product","link":"https:\/\/as-lightsound.de\/wordpress\/product\/designstativ-outdoor-steher-35m-hoehe\/","title":{"rendered":"Designstativ Outdoor Steher 3,5m H\u00f6he"},"content":{"rendered":"<p data-start=\"88\" data-end=\"545\">Der <strong data-start=\"92\" data-end=\"129\">Designstativ Outdoor Steher 3,5 m<\/strong> ist ein hochwertiges, wetterfestes Stativ f\u00fcr den professionellen Einsatz im Au\u00dfenbereich. Dank stabiler Konstruktion, korrosionsbest\u00e4ndiger Materialien und gepr\u00fcfter Statik eignet es sich ideal f\u00fcr die Aufnahme von Leuchten, Lautsprechern, Kameras oder Beschilderungen bei Events, Installationen und tempor\u00e4ren Aufbauten. Die standfeste Bauweise gew\u00e4hrleistet Sicherheit auch unter wechselnden Wetterbedingungen.<\/p>\n<hr data-start=\"547\" data-end=\"550\" \/>\n<h3 data-start=\"552\" data-end=\"585\">Technische Daten (Tech Specs)<\/h3>\n<div class=\"_tableContainer_1rjym_1\">\n<div class=\"group _tableWrapper_1rjym_13 flex w-fit flex-col-reverse\" tabindex=\"-1\">\n<table class=\"w-fit min-w-(--thread-content-width)\" data-start=\"587\" data-end=\"1387\">\n<thead data-start=\"587\" data-end=\"605\">\n<tr data-start=\"587\" data-end=\"605\">\n<th data-start=\"587\" data-end=\"597\" data-col-size=\"sm\">Merkmal<\/th>\n<th data-start=\"597\" data-end=\"605\" data-col-size=\"md\">Wert<\/th>\n<\/tr>\n<\/thead>\n<tbody data-start=\"626\" data-end=\"1387\">\n<tr data-start=\"626\" data-end=\"670\">\n<td data-start=\"626\" data-end=\"639\" data-col-size=\"sm\"><strong data-start=\"628\" data-end=\"638\">Modell<\/strong><\/td>\n<td data-start=\"639\" data-end=\"670\" data-col-size=\"md\">Designstativ Outdoor Steher<\/td>\n<\/tr>\n<tr data-start=\"671\" data-end=\"739\">\n<td data-start=\"671\" data-end=\"692\" data-col-size=\"sm\"><strong data-start=\"673\" data-end=\"691\">Einsatzbereich<\/strong><\/td>\n<td data-start=\"692\" data-end=\"739\" data-col-size=\"md\">Outdoor (IP-gesch\u00fctzt, witterungsbest\u00e4ndig)<\/td>\n<\/tr>\n<tr data-start=\"740\" data-end=\"766\">\n<td data-start=\"740\" data-end=\"757\" data-col-size=\"sm\"><strong data-start=\"742\" data-end=\"756\">Gesamth\u00f6he<\/strong><\/td>\n<td data-start=\"757\" data-end=\"766\" data-col-size=\"md\">3,5 m<\/td>\n<\/tr>\n<tr data-start=\"767\" data-end=\"815\">\n<td data-start=\"767\" data-end=\"781\" data-col-size=\"sm\"><strong data-start=\"769\" data-end=\"780\">Bauform<\/strong><\/td>\n<td data-start=\"781\" data-end=\"815\" data-col-size=\"md\">Rundrohrstativ mit Bodenplatte<\/td>\n<\/tr>\n<tr data-start=\"816\" data-end=\"890\">\n<td data-start=\"816\" data-end=\"831\" data-col-size=\"sm\"><\/td>\n<td data-start=\"831\" data-end=\"890\" data-col-size=\"md\"><\/td>\n<\/tr>\n<tr data-start=\"891\" data-end=\"966\">\n<td data-start=\"891\" data-end=\"908\" data-col-size=\"sm\"><strong data-start=\"893\" data-end=\"907\">Oberfl\u00e4che<\/strong><\/td>\n<td data-start=\"908\" data-end=\"966\" data-col-size=\"md\">Witterungsbest\u00e4ndige Beschichtung<\/td>\n<\/tr>\n<tr data-start=\"967\" data-end=\"1034\">\n<td data-start=\"967\" data-end=\"983\" data-col-size=\"sm\"><strong data-start=\"969\" data-end=\"982\">Fu\u00dfplatte<\/strong><\/td>\n<td data-start=\"983\" data-end=\"1034\" data-col-size=\"md\">Schwerlastbodenplatte<\/td>\n<\/tr>\n<tr data-start=\"1035\" data-end=\"1106\">\n<td data-start=\"1035\" data-end=\"1055\" data-col-size=\"sm\"><\/td>\n<td data-start=\"1055\" data-end=\"1106\" data-col-size=\"md\"><\/td>\n<\/tr>\n<tr data-start=\"1107\" data-end=\"1164\">\n<td data-start=\"1107\" data-end=\"1128\" data-col-size=\"sm\"><strong data-start=\"1109\" data-end=\"1127\">Statiknachweis<\/strong><\/td>\n<td data-start=\"1128\" data-end=\"1164\" data-col-size=\"md\">Gepr\u00fcfte Statik f\u00fcr Au\u00dfeneinsatz<\/td>\n<\/tr>\n<tr data-start=\"1165\" data-end=\"1235\">\n<td data-start=\"1165\" data-end=\"1197\" data-col-size=\"sm\"><strong data-start=\"1167\" data-end=\"1196\">Befestigungsm\u00f6glichkeiten<\/strong><\/td>\n<td data-start=\"1197\" data-end=\"1235\" data-col-size=\"md\">M10\/M12 Gewinde oder Montageplatte<\/td>\n<\/tr>\n<tr data-start=\"1236\" data-end=\"1304\">\n<td data-start=\"1236\" data-end=\"1255\" data-col-size=\"sm\"><strong data-start=\"1238\" data-end=\"1254\">Schutzklasse<\/strong><\/td>\n<td data-start=\"1255\" data-end=\"1304\" data-col-size=\"md\">IP 65 (abh\u00e4ngig von eingesetzten Komponenten)<\/td>\n<\/tr>\n<tr data-start=\"1305\" data-end=\"1339\">\n<td data-start=\"1305\" data-end=\"1325\" data-col-size=\"sm\"><\/td>\n<td data-start=\"1325\" data-end=\"1339\" data-col-size=\"md\"><\/td>\n<\/tr>\n<tr data-start=\"1340\" data-end=\"1387\">\n<td data-start=\"1340\" data-end=\"1352\" data-col-size=\"sm\"><strong data-start=\"1342\" data-end=\"1351\">Farbe<\/strong><\/td>\n<td data-start=\"1352\" data-end=\"1387\" data-col-size=\"md\">Schwarz<\/td>\n<\/tr>\n<\/tbody>\n<\/table>\n<\/div>\n<\/div>\n","protected":false},"excerpt":{"rendered":"<p>12 vorr\u00e4tig<\/p>\n","protected":false},"featured_media":1982,"template":"","meta":[],"product_brand":[],"product_cat":[42],"product_tag":[],"class_list":{"0":"post-1879","1":"product","2":"type-product","3":"status-publish","4":"has-post-thumbnail","6":"product_cat-daecher-und-konstruktionen","8":"first","9":"instock","10":"taxable","11":"shipping-taxable","12":"purchasable","13":"product-type-simple"},"_links":{"self":[{"href":"https:\/\/as-lightsound.de\/wordpress\/wp-json\/wp\/v2\/product\/1879","targetHints":{"allow":["GET"]}}],"collection":[{"href":"https:\/\/as-lightsound.de\/wordpress\/wp-json\/wp\/v2\/product"}],"about":[{"href":"https:\/\/as-lightsound.de\/wordpress\/wp-json\/wp\/v2\/types\/product"}],"wp:featuredmedia":[{"embeddable":true,"href":"https:\/\/as-lightsound.de\/wordpress\/wp-json\/wp\/v2\/media\/1982"}],"wp:attachment":[{"href":"https:\/\/as-lightsound.de\/wordpress\/wp-json\/wp\/v2\/media?parent=1879"}],"wp:term":[{"taxonomy":"product_brand","embeddable":true,"href":"https:\/\/as-lightsound.de\/wordpress\/wp-json\/wp\/v2\/product_brand?post=1879"},{"taxonomy":"product_cat","embeddable":true,"href":"https:\/\/as-lightsound.de\/wordpress\/wp-json\/wp\/v2\/product_cat?post=1879"},{"taxonomy":"product_tag","embeddable":true,"href":"https:\/\/as-lightsound.de\/wordpress\/wp-json\/wp\/v2\/product_tag?post=1879"}],"curies":[{"name":"wp","href":"https:\/\/api.w.org\/{rel}","templated":true}]}}

Designstativ Outdoor Steher 3,5m Höhe

<p data-start="88" data-end="545">Der <strong data-start="92" data-end="129">Designstativ Outdoor Steher 3,5 m</strong> ist ein hochwertiges, wetterfestes Stativ für den professionellen Einsatz im Außenbereich. Dank stabiler Konstruktion, korrosionsbeständiger Materialien und geprüfter Statik eignet es sich ideal für die Aufnahme von Leuchten, Lautsprechern, Kameras oder Beschilderungen bei Events, Installationen und temporären Aufbauten. Die standfeste Bauweise gewährleistet Sicherheit auch unter wechselnden Wetterbedingungen.</p>
<hr data-start="547" data-end="550" />
<h3 data-start="552" data-end="585">Technische Daten (Tech Specs)</h3>
<div class="_tableContainer_1rjym_1">
<div class="group _tableWrapper_1rjym_13 flex w-fit flex-col-reverse" tabindex="-1">
<table class="w-fit min-w-(--thread-content-width)" data-start="587" data-end="1387">
<thead data-start="587" data-end="605">
<tr data-start="587" data-end="605">
<th data-start="587" data-end="597" data-col-size="sm">Merkmal</th>
<th data-start="597" data-end="605" data-col-size="md">Wert</th>
</tr>
</thead>
<tbody data-start="626" data-end="1387">
<tr data-start="626" data-end="670">
<td data-start="626" data-end="639" data-col-size="sm"><strong data-start="628" data-end="638">Modell</strong></td>
<td data-start="639" data-end="670" data-col-size="md">Designstativ Outdoor Steher</td>
</tr>
<tr data-start="671" data-end="739">
<td data-start="671" data-end="692" data-col-size="sm"><strong data-start="673" data-end="691">Einsatzbereich</strong></td>
<td data-start="692" data-end="739" data-col-size="md">Outdoor (IP-geschützt, witterungsbeständig)</td>
</tr>
<tr data-start="740" data-end="766">
<td data-start="740" data-end="757" data-col-size="sm"><strong data-start="742" data-end="756">Gesamthöhe</strong></td>
<td data-start="757" data-end="766" data-col-size="md">3,5 m</td>
</tr>
<tr data-start="767" data-end="815">
<td data-start="767" data-end="781" data-col-size="sm"><strong data-start="769" data-end="780">Bauform</strong></td>
<td data-start="781" data-end="815" data-col-size="md">Rundrohrstativ mit Bodenplatte</td>
</tr>
<tr data-start="816" data-end="890">
<td data-start="816" data-end="831" data-col-size="sm"></td>
<td data-start="831" data-end="890" data-col-size="md"></td>
</tr>
<tr data-start="891" data-end="966">
<td data-start="891" data-end="908" data-col-size="sm"><strong data-start="893" data-end="907">Oberfläche</strong></td>
<td data-start="908" data-end="966" data-col-size="md">Witterungsbeständige Beschichtung</td>
</tr>
<tr data-start="967" data-end="1034">
<td data-start="967" data-end="983" data-col-size="sm"><strong data-start="969" data-end="982">Fußplatte</strong></td>
<td data-start="983" data-end="1034" data-col-size="md">Schwerlastbodenplatte</td>
</tr>
<tr data-start="1035" data-end="1106">
<td data-start="1035" data-end="1055" data-col-size="sm"></td>
<td data-start="1055" data-end="1106" data-col-size="md"></td>
</tr>
<tr data-start="1107" data-end="1164">
<td data-start="1107" data-end="1128" data-col-size="sm"><strong data-start="1109" data-end="1127">Statiknachweis</strong></td>
<td data-start="1128" data-end="1164" data-col-size="md">Geprüfte Statik für Außeneinsatz</td>
</tr>
<tr data-start="1165" data-end="1235">
<td data-start="1165" data-end="1197" data-col-size="sm"><strong data-start="1167" data-end="1196">Befestigungsmöglichkeiten</strong></td>
<td data-start="1197" data-end="1235" data-col-size="md">M10/M12 Gewinde oder Montageplatte</td>
</tr>
<tr data-start="1236" data-end="1304">
<td data-start="1236" data-end="1255" data-col-size="sm"><strong data-start="1238" data-end="1254">Schutzklasse</strong></td>
<td data-start="1255" data-end="1304" data-col-size="md">IP 65 (abhängig von eingesetzten Komponenten)</td>
</tr>
<tr data-start="1305" data-end="1339">
<td data-start="1305" data-end="1325" data-col-size="sm"></td>
<td data-start="1325" data-end="1339" data-col-size="md"></td>
</tr>
<tr data-start="1340" data-end="1387">
<td data-start="1340" data-end="1352" data-col-size="sm"><strong data-start="1342" data-end="1351">Farbe</strong></td>
<td data-start="1352" data-end="1387" data-col-size="md">Schwarz</td>
</tr>
</tbody>
</table>
</div>
</div>

<p>12 vorrätig</p>
