{"id":1873,"date":"2025-09-30T13:30:45","date_gmt":"2025-09-30T11:30:45","guid":{"rendered":"https:\/\/as-lightsound.de\/wordpress\/?post_type=product&#038;p=1873"},"modified":"2025-10-03T08:37:47","modified_gmt":"2025-10-03T06:37:47","slug":"motorencontroller-8-kanal","status":"publish","type":"product","link":"https:\/\/as-lightsound.de\/wordpress\/product\/motorencontroller-8-kanal\/","title":{"rendered":"Sweettruss RS MC8\/D8 Motorcontroller, 8-Kanal, IN:32A"},"content":{"rendered":"<p data-start=\"187\" data-end=\"463\">Der <strong data-start=\"191\" data-end=\"204\">RS MC8\/D8<\/strong> ist ein professioneller 8-Kanal-Motorcontroller f\u00fcr Kettenz\u00fcge nach D8-Standard. Im robusten 19\u2033-Rackgeh\u00e4use (6HE) verbaut, bietet er h\u00f6chste Betriebssicherheit, \u00fcbersichtliche Bedienung und flexible Anschlussm\u00f6glichkeiten f\u00fcr Touring und Festinstallation.<\/p>\n<p>\u00dcbergabe selbstverst\u00e4ndlich mit MoCo-Endwiderstand und Controller.<\/p>\n<hr data-start=\"465\" data-end=\"468\" \/>\n<h3 data-start=\"470\" data-end=\"507\"><strong data-start=\"474\" data-end=\"507\">Technische Daten (Tech Specs)<\/strong><\/h3>\n<div class=\"_tableContainer_1rjym_1\">\n<div class=\"group _tableWrapper_1rjym_13 flex w-fit flex-col-reverse\" tabindex=\"-1\">\n<table class=\"w-fit min-w-(--thread-content-width)\" data-start=\"509\" data-end=\"1233\">\n<thead data-start=\"509\" data-end=\"536\">\n<tr data-start=\"509\" data-end=\"536\">\n<th data-start=\"509\" data-end=\"519\" data-col-size=\"sm\">Merkmal<\/th>\n<th data-start=\"519\" data-end=\"536\" data-col-size=\"md\">Spezifikation<\/th>\n<\/tr>\n<\/thead>\n<tbody data-start=\"560\" data-end=\"1233\">\n<tr data-start=\"560\" data-end=\"603\">\n<td data-start=\"560\" data-end=\"573\" data-col-size=\"sm\"><strong data-start=\"562\" data-end=\"572\">Kan\u00e4le<\/strong><\/td>\n<td data-start=\"573\" data-end=\"603\" data-col-size=\"md\">8 Kan\u00e4le f\u00fcr D8-Kettenz\u00fcge<\/td>\n<\/tr>\n<tr data-start=\"604\" data-end=\"649\">\n<td data-start=\"604\" data-end=\"618\" data-col-size=\"sm\"><strong data-start=\"606\" data-end=\"617\">Eingang<\/strong><\/td>\n<td data-start=\"618\" data-end=\"649\" data-col-size=\"md\">1 \u00d7 CEE 32A, 5-polig, 400 V<\/td>\n<\/tr>\n<tr data-start=\"650\" data-end=\"701\">\n<td data-start=\"650\" data-end=\"665\" data-col-size=\"sm\"><strong data-start=\"652\" data-end=\"664\">Ausg\u00e4nge<\/strong><\/td>\n<td data-start=\"665\" data-end=\"701\" data-col-size=\"md\">2 \u00d7 Harting 16-pol (je 4 Kan\u00e4le)<\/td>\n<\/tr>\n<tr data-start=\"702\" data-end=\"788\">\n<td data-start=\"702\" data-end=\"718\" data-col-size=\"sm\"><strong data-start=\"704\" data-end=\"717\">Steuerung<\/strong><\/td>\n<td data-start=\"718\" data-end=\"788\" data-col-size=\"md\">Frontpanel mit Tastern\/Schaltern je Kanal (Auf\/Ab), Gesamtschalter<\/td>\n<\/tr>\n<tr data-start=\"789\" data-end=\"863\">\n<td data-start=\"789\" data-end=\"803\" data-col-size=\"sm\"><strong data-start=\"791\" data-end=\"802\">Anzeige<\/strong><\/td>\n<td data-start=\"803\" data-end=\"863\" data-col-size=\"md\">LED-Statusanzeigen f\u00fcr Betrieb, Richtung und Sicherungen<\/td>\n<\/tr>\n<tr data-start=\"864\" data-end=\"941\">\n<td data-start=\"864\" data-end=\"881\" data-col-size=\"sm\"><strong data-start=\"866\" data-end=\"880\">Sicherheit<\/strong><\/td>\n<td data-start=\"881\" data-end=\"941\" data-col-size=\"md\">Not-Aus-Funktion, abgesicherte Ausg\u00e4nge, D8-Norm konform<\/td>\n<\/tr>\n<tr data-start=\"942\" data-end=\"1007\">\n<td data-start=\"942\" data-end=\"956\" data-col-size=\"sm\"><strong data-start=\"944\" data-end=\"955\">Geh\u00e4use<\/strong><\/td>\n<td data-start=\"956\" data-end=\"1007\" data-col-size=\"md\">19\u2033 Rackeinbau, 6 H\u00f6heneinheiten, Metallgeh\u00e4use<\/td>\n<\/tr>\n<tr data-start=\"1008\" data-end=\"1040\">\n<td data-start=\"1008\" data-end=\"1023\" data-col-size=\"sm\"><strong data-start=\"1010\" data-end=\"1022\">Spannung<\/strong><\/td>\n<td data-start=\"1023\" data-end=\"1040\" data-col-size=\"md\">400 V \/ 50 Hz<\/td>\n<\/tr>\n<tr data-start=\"1041\" data-end=\"1065\">\n<td data-start=\"1041\" data-end=\"1057\" data-col-size=\"sm\"><strong data-start=\"1043\" data-end=\"1056\">Nennstrom<\/strong><\/td>\n<td data-start=\"1057\" data-end=\"1065\" data-col-size=\"md\">32 A<\/td>\n<\/tr>\n<tr data-start=\"1066\" data-end=\"1114\">\n<td data-start=\"1066\" data-end=\"1085\" data-col-size=\"sm\"><strong data-start=\"1068\" data-end=\"1084\">Schutzklasse<\/strong><\/td>\n<td data-start=\"1085\" data-end=\"1114\" data-col-size=\"md\">IP20 (f\u00fcr Indoor-Einsatz)<\/td>\n<\/tr>\n<tr data-start=\"1115\" data-end=\"1176\">\n<td data-start=\"1115\" data-end=\"1145\" data-col-size=\"sm\"><strong data-start=\"1117\" data-end=\"1144\">Abmessungen (B \u00d7 H \u00d7 T)<\/strong><\/td>\n<td data-start=\"1145\" data-end=\"1176\" data-col-size=\"md\">19\u2033 \/ 6HE, Tiefe ca. 400 mm<\/td>\n<\/tr>\n<tr data-start=\"1177\" data-end=\"1233\">\n<td data-start=\"1177\" data-end=\"1191\" data-col-size=\"sm\"><strong data-start=\"1179\" data-end=\"1190\">Gewicht<\/strong><\/td>\n<td data-start=\"1191\" data-end=\"1233\" data-col-size=\"md\">ca. 20\u201325 kg (abh\u00e4ngig von Ausf\u00fchrung)<\/td>\n<\/tr>\n<\/tbody>\n<\/table>\n<\/div>\n<\/div>\n","protected":false},"excerpt":{"rendered":"<p>2 vorr\u00e4tig<\/p>\n","protected":false},"featured_media":1874,"template":"","meta":[],"product_brand":[],"product_cat":[60],"product_tag":[],"class_list":{"0":"post-1873","1":"product","2":"type-product","3":"status-publish","4":"has-post-thumbnail","6":"product_cat-rigging","8":"first","9":"instock","10":"taxable","11":"shipping-taxable","12":"purchasable","13":"product-type-simple"},"_links":{"self":[{"href":"https:\/\/as-lightsound.de\/wordpress\/wp-json\/wp\/v2\/product\/1873","targetHints":{"allow":["GET"]}}],"collection":[{"href":"https:\/\/as-lightsound.de\/wordpress\/wp-json\/wp\/v2\/product"}],"about":[{"href":"https:\/\/as-lightsound.de\/wordpress\/wp-json\/wp\/v2\/types\/product"}],"wp:featuredmedia":[{"embeddable":true,"href":"https:\/\/as-lightsound.de\/wordpress\/wp-json\/wp\/v2\/media\/1874"}],"wp:attachment":[{"href":"https:\/\/as-lightsound.de\/wordpress\/wp-json\/wp\/v2\/media?parent=1873"}],"wp:term":[{"taxonomy":"product_brand","embeddable":true,"href":"https:\/\/as-lightsound.de\/wordpress\/wp-json\/wp\/v2\/product_brand?post=1873"},{"taxonomy":"product_cat","embeddable":true,"href":"https:\/\/as-lightsound.de\/wordpress\/wp-json\/wp\/v2\/product_cat?post=1873"},{"taxonomy":"product_tag","embeddable":true,"href":"https:\/\/as-lightsound.de\/wordpress\/wp-json\/wp\/v2\/product_tag?post=1873"}],"curies":[{"name":"wp","href":"https:\/\/api.w.org\/{rel}","templated":true}]}}