{"id":1861,"date":"2025-09-30T11:09:37","date_gmt":"2025-09-30T09:09:37","guid":{"rendered":"https:\/\/as-lightsound.de\/wordpress\/?post_type=product&#038;p=1861"},"modified":"2025-09-30T11:11:35","modified_gmt":"2025-09-30T09:11:35","slug":"eurolite-32a-verteiler-in-cee-32a-out-1x-cee-32a-2x-cee-16a-6x-schuko","status":"publish","type":"product","link":"https:\/\/as-lightsound.de\/wordpress\/product\/eurolite-32a-verteiler-in-cee-32a-out-1x-cee-32a-2x-cee-16a-6x-schuko\/","title":{"rendered":"Eurolite 32A-Verteiler, IN: CEE 32A, OUT: 1x CEE 32A, 2x CEE 16A, 6x Schuko"},"content":{"rendered":"<p data-start=\"221\" data-end=\"487\">Der <strong data-start=\"225\" data-end=\"237\">SB-1100B<\/strong> ist ein professioneller 19\u2033-Stromverteiler f\u00fcr den Einbau ins Rack (3HE). Mit einem 32A-Eingang, einem 32A-Durchgangsausgang, zwei 16A-CEE-Ausg\u00e4ngen und sechs Schuko-Steckdosen ist er die kompakte L\u00f6sung f\u00fcr B\u00fchnen, Touring und Festinstallationen.<\/p>\n<hr data-start=\"489\" data-end=\"492\" \/>\n<h3 data-start=\"494\" data-end=\"531\"><strong data-start=\"498\" data-end=\"531\">Technische Daten (Tech Specs)<\/strong><\/h3>\n<div class=\"_tableContainer_1rjym_1\">\n<div class=\"group _tableWrapper_1rjym_13 flex w-fit flex-col-reverse\" tabindex=\"-1\">\n<table class=\"w-fit min-w-(--thread-content-width)\" data-start=\"533\" data-end=\"1285\">\n<thead data-start=\"533\" data-end=\"560\">\n<tr data-start=\"533\" data-end=\"560\">\n<th data-start=\"533\" data-end=\"543\" data-col-size=\"sm\">Merkmal<\/th>\n<th data-start=\"543\" data-end=\"560\" data-col-size=\"md\">Spezifikation<\/th>\n<\/tr>\n<\/thead>\n<tbody data-start=\"584\" data-end=\"1285\">\n<tr data-start=\"584\" data-end=\"634\">\n<td data-start=\"584\" data-end=\"598\" data-col-size=\"sm\"><strong data-start=\"586\" data-end=\"597\">Bauform<\/strong><\/td>\n<td data-start=\"598\" data-end=\"634\" data-col-size=\"md\">19\u2033 Rackeinbau, 3 H\u00f6heneinheiten<\/td>\n<\/tr>\n<tr data-start=\"635\" data-end=\"680\">\n<td data-start=\"635\" data-end=\"649\" data-col-size=\"sm\"><strong data-start=\"637\" data-end=\"648\">Eingang<\/strong><\/td>\n<td data-start=\"649\" data-end=\"680\" data-col-size=\"md\">1 \u00d7 CEE 32A, 5-polig, 400 V<\/td>\n<\/tr>\n<tr data-start=\"681\" data-end=\"794\">\n<td data-start=\"681\" data-end=\"696\" data-col-size=\"sm\"><strong data-start=\"683\" data-end=\"695\">Ausg\u00e4nge<\/strong><\/td>\n<td data-start=\"696\" data-end=\"794\" data-col-size=\"md\">1 \u00d7 CEE 32A, 5-polig, 400 V (Durchgang)<br \/>\n2 \u00d7 CEE 16A, 5-polig, 400 V<br \/>\n6 \u00d7 Schuko 230 V<\/td>\n<\/tr>\n<tr data-start=\"795\" data-end=\"839\">\n<td data-start=\"795\" data-end=\"810\" data-col-size=\"sm\"><strong data-start=\"797\" data-end=\"809\">Spannung<\/strong><\/td>\n<td data-start=\"810\" data-end=\"839\" data-col-size=\"md\">400 V \/ 50 Hz (Drehstrom)<\/td>\n<\/tr>\n<tr data-start=\"840\" data-end=\"872\">\n<td data-start=\"840\" data-end=\"856\" data-col-size=\"sm\"><strong data-start=\"842\" data-end=\"855\">Nennstrom<\/strong><\/td>\n<td data-start=\"856\" data-end=\"872\" data-col-size=\"md\">Eingang 32 A<\/td>\n<\/tr>\n<tr data-start=\"873\" data-end=\"928\">\n<td data-start=\"873\" data-end=\"892\" data-col-size=\"sm\"><strong data-start=\"875\" data-end=\"891\">Schutzklasse<\/strong><\/td>\n<td data-start=\"892\" data-end=\"928\" data-col-size=\"md\">IP20 (f\u00fcr den Rack-Innenbereich)<\/td>\n<\/tr>\n<tr data-start=\"929\" data-end=\"1008\">\n<td data-start=\"929\" data-end=\"947\" data-col-size=\"sm\"><strong data-start=\"931\" data-end=\"946\">Absicherung<\/strong><\/td>\n<td data-start=\"947\" data-end=\"1008\" data-col-size=\"md\">Alle Ausg\u00e4nge separat abgesichert (LS\/FI, modellabh\u00e4ngig)<\/td>\n<\/tr>\n<tr data-start=\"1009\" data-end=\"1068\">\n<td data-start=\"1009\" data-end=\"1024\" data-col-size=\"sm\"><strong data-start=\"1011\" data-end=\"1023\">Anzeigen<\/strong><\/td>\n<td data-start=\"1024\" data-end=\"1068\" data-col-size=\"md\">LED-Phasenanzeigen f\u00fcr Betriebskontrolle<\/td>\n<\/tr>\n<tr data-start=\"1069\" data-end=\"1117\">\n<td data-start=\"1069\" data-end=\"1083\" data-col-size=\"sm\"><strong data-start=\"1071\" data-end=\"1082\">Montage<\/strong><\/td>\n<td data-start=\"1083\" data-end=\"1117\" data-col-size=\"md\">19\u2033 Rack, 3HE, Frontanschl\u00fcsse<\/td>\n<\/tr>\n<tr data-start=\"1118\" data-end=\"1167\">\n<td data-start=\"1118\" data-end=\"1132\" data-col-size=\"sm\"><strong data-start=\"1120\" data-end=\"1131\">Geh\u00e4use<\/strong><\/td>\n<td data-start=\"1132\" data-end=\"1167\" data-col-size=\"md\">Metallgeh\u00e4use, schwarz lackiert<\/td>\n<\/tr>\n<tr data-start=\"1168\" data-end=\"1229\">\n<td data-start=\"1168\" data-end=\"1198\" data-col-size=\"sm\"><strong data-start=\"1170\" data-end=\"1197\">Abmessungen (B \u00d7 H \u00d7 T)<\/strong><\/td>\n<td data-start=\"1198\" data-end=\"1229\" data-col-size=\"md\">19\u2033 \/ 3HE, Tiefe ca. 300 mm<\/td>\n<\/tr>\n<tr data-start=\"1230\" data-end=\"1285\">\n<td data-start=\"1230\" data-end=\"1244\" data-col-size=\"sm\"><strong data-start=\"1232\" data-end=\"1243\">Gewicht<\/strong><\/td>\n<td data-start=\"1244\" data-end=\"1285\" data-col-size=\"md\">ca. 8\u201310 kg (abh\u00e4ngig von Ausf\u00fchrung)<\/td>\n<\/tr>\n<\/tbody>\n<\/table>\n<\/div>\n<\/div>\n","protected":false},"excerpt":{"rendered":"<p>6 vorr\u00e4tig<\/p>\n","protected":false},"featured_media":1862,"template":"","meta":[],"product_brand":[],"product_cat":[77],"product_tag":[],"class_list":{"0":"post-1861","1":"product","2":"type-product","3":"status-publish","4":"has-post-thumbnail","6":"product_cat-stromverteiler","8":"first","9":"instock","10":"taxable","11":"shipping-taxable","12":"purchasable","13":"product-type-simple"},"_links":{"self":[{"href":"https:\/\/as-lightsound.de\/wordpress\/wp-json\/wp\/v2\/product\/1861","targetHints":{"allow":["GET"]}}],"collection":[{"href":"https:\/\/as-lightsound.de\/wordpress\/wp-json\/wp\/v2\/product"}],"about":[{"href":"https:\/\/as-lightsound.de\/wordpress\/wp-json\/wp\/v2\/types\/product"}],"wp:featuredmedia":[{"embeddable":true,"href":"https:\/\/as-lightsound.de\/wordpress\/wp-json\/wp\/v2\/media\/1862"}],"wp:attachment":[{"href":"https:\/\/as-lightsound.de\/wordpress\/wp-json\/wp\/v2\/media?parent=1861"}],"wp:term":[{"taxonomy":"product_brand","embeddable":true,"href":"https:\/\/as-lightsound.de\/wordpress\/wp-json\/wp\/v2\/product_brand?post=1861"},{"taxonomy":"product_cat","embeddable":true,"href":"https:\/\/as-lightsound.de\/wordpress\/wp-json\/wp\/v2\/product_cat?post=1861"},{"taxonomy":"product_tag","embeddable":true,"href":"https:\/\/as-lightsound.de\/wordpress\/wp-json\/wp\/v2\/product_tag?post=1861"}],"curies":[{"name":"wp","href":"https:\/\/api.w.org\/{rel}","templated":true}]}}