{"id":1845,"date":"2025-09-30T10:30:10","date_gmt":"2025-09-30T08:30:10","guid":{"rendered":"https:\/\/as-lightsound.de\/wordpress\/?post_type=product&#038;p=1845"},"modified":"2025-10-06T13:48:48","modified_gmt":"2025-10-06T11:48:48","slug":"riedconn-stv-125a-verteiler-in-125a-out-4x32a","status":"publish","type":"product","link":"https:\/\/as-lightsound.de\/wordpress\/product\/riedconn-stv-125a-verteiler-in-125a-out-4x32a\/","title":{"rendered":"RiedConn STV-125A Verteiler, IN: 125A, Out: 4x32A"},"content":{"rendered":"<p data-start=\"156\" data-end=\"423\">Der <strong data-start=\"160\" data-end=\"172\">STV-125A<\/strong> ist ein robuster Stromverteiler f\u00fcr den professionellen Einsatz in Event-, Industrie- und B\u00fchnenumgebungen. Mit einem 125A-Eingang und vier 32A-Ausg\u00e4ngen bietet er zuverl\u00e4ssige Energieverteilung f\u00fcr gro\u00dfe Verbraucher oder mehrere Unterverteilungen.<\/p>\n<hr data-start=\"425\" data-end=\"428\" \/>\n<h3 data-start=\"430\" data-end=\"467\"><strong data-start=\"434\" data-end=\"467\">Technische Daten (Tech Specs)<\/strong><\/h3>\n<div class=\"_tableContainer_1rjym_1\">\n<div class=\"group _tableWrapper_1rjym_13 flex w-fit flex-col-reverse\" tabindex=\"-1\">\n<table class=\"w-fit min-w-(--thread-content-width)\" data-start=\"469\" data-end=\"1208\">\n<thead data-start=\"469\" data-end=\"496\">\n<tr data-start=\"469\" data-end=\"496\">\n<th data-start=\"469\" data-end=\"479\" data-col-size=\"sm\">Merkmal<\/th>\n<th data-start=\"479\" data-end=\"496\" data-col-size=\"md\">Spezifikation<\/th>\n<\/tr>\n<\/thead>\n<tbody data-start=\"520\" data-end=\"1208\">\n<tr data-start=\"520\" data-end=\"566\">\n<td data-start=\"520\" data-end=\"534\" data-col-size=\"sm\"><strong data-start=\"522\" data-end=\"533\">Eingang<\/strong><\/td>\n<td data-start=\"534\" data-end=\"566\" data-col-size=\"md\">1 \u00d7 CEE 125A, 5-polig, 400 V<\/td>\n<\/tr>\n<tr data-start=\"567\" data-end=\"613\">\n<td data-start=\"567\" data-end=\"582\" data-col-size=\"sm\"><strong data-start=\"569\" data-end=\"581\">Ausg\u00e4nge<\/strong><\/td>\n<td data-start=\"582\" data-end=\"613\" data-col-size=\"md\">4 \u00d7 CEE 32A, 5-polig, 400 V<\/td>\n<\/tr>\n<tr data-start=\"614\" data-end=\"658\">\n<td data-start=\"614\" data-end=\"629\" data-col-size=\"sm\"><strong data-start=\"616\" data-end=\"628\">Spannung<\/strong><\/td>\n<td data-start=\"629\" data-end=\"658\" data-col-size=\"md\">400 V \/ 50 Hz (Drehstrom)<\/td>\n<\/tr>\n<tr data-start=\"659\" data-end=\"710\">\n<td data-start=\"659\" data-end=\"675\" data-col-size=\"sm\"><strong data-start=\"661\" data-end=\"674\">Nennstrom<\/strong><\/td>\n<td data-start=\"675\" data-end=\"710\" data-col-size=\"md\">Eingang 125 A, Ausg\u00e4nge je 32 A<\/td>\n<\/tr>\n<tr data-start=\"711\" data-end=\"762\">\n<td data-start=\"711\" data-end=\"730\" data-col-size=\"sm\"><strong data-start=\"713\" data-end=\"729\">Schutzklasse<\/strong><\/td>\n<td data-start=\"730\" data-end=\"762\" data-col-size=\"md\">IP44 (spritzwassergesch\u00fctzt)<\/td>\n<\/tr>\n<tr data-start=\"763\" data-end=\"826\">\n<td data-start=\"763\" data-end=\"777\" data-col-size=\"sm\"><strong data-start=\"765\" data-end=\"776\">Geh\u00e4use<\/strong><\/td>\n<td data-start=\"777\" data-end=\"826\" data-col-size=\"md\">Robustes Metall-\/Kunststoffgeh\u00e4use, stapelbar<\/td>\n<\/tr>\n<tr data-start=\"827\" data-end=\"920\">\n<td data-start=\"827\" data-end=\"845\" data-col-size=\"sm\"><strong data-start=\"829\" data-end=\"844\">Sicherungen<\/strong><\/td>\n<td data-start=\"845\" data-end=\"920\" data-col-size=\"md\">Jeder Ausgang separat abgesichert (Leitungsschutzschalter + FI m\u00f6glich)<\/td>\n<\/tr>\n<tr data-start=\"921\" data-end=\"997\">\n<td data-start=\"921\" data-end=\"936\" data-col-size=\"sm\"><strong data-start=\"923\" data-end=\"935\">Anzeigen<\/strong><\/td>\n<td data-start=\"936\" data-end=\"997\" data-col-size=\"md\">LED-Statusanzeigen f\u00fcr Betrieb und Phase (modellabh\u00e4ngig)<\/td>\n<\/tr>\n<tr data-start=\"998\" data-end=\"1067\">\n<td data-start=\"998\" data-end=\"1012\" data-col-size=\"sm\"><strong data-start=\"1000\" data-end=\"1011\">Montage<\/strong><\/td>\n<td data-start=\"1012\" data-end=\"1067\" data-col-size=\"md\">Tragbar, auch f\u00fcr Boden- oder B\u00fchnenaufbau geeignet<\/td>\n<\/tr>\n<tr data-start=\"1068\" data-end=\"1158\">\n<td data-start=\"1068\" data-end=\"1086\" data-col-size=\"sm\"><strong data-start=\"1070\" data-end=\"1085\">Abmessungen<\/strong><\/td>\n<td data-start=\"1086\" data-end=\"1158\" data-col-size=\"md\">Kompakt, transportfreundlich (modellabh\u00e4ngig ca. 600 \u00d7 400 \u00d7 300 mm)<\/td>\n<\/tr>\n<tr data-start=\"1159\" data-end=\"1208\">\n<td data-start=\"1159\" data-end=\"1173\" data-col-size=\"sm\"><strong data-start=\"1161\" data-end=\"1172\">Gewicht<\/strong><\/td>\n<td data-start=\"1173\" data-end=\"1208\" data-col-size=\"md\">Je nach Ausf\u00fchrung ca. 15\u201320 kg<\/td>\n<\/tr>\n<\/tbody>\n<\/table>\n<\/div>\n<\/div>\n","protected":false},"excerpt":{"rendered":"<p>2 vorr\u00e4tig<\/p>\n","protected":false},"featured_media":2229,"template":"","meta":[],"product_brand":[],"product_cat":[77],"product_tag":[],"class_list":{"0":"post-1845","1":"product","2":"type-product","3":"status-publish","4":"has-post-thumbnail","6":"product_cat-stromverteiler","8":"first","9":"instock","10":"taxable","11":"shipping-taxable","12":"purchasable","13":"product-type-simple"},"_links":{"self":[{"href":"https:\/\/as-lightsound.de\/wordpress\/wp-json\/wp\/v2\/product\/1845","targetHints":{"allow":["GET"]}}],"collection":[{"href":"https:\/\/as-lightsound.de\/wordpress\/wp-json\/wp\/v2\/product"}],"about":[{"href":"https:\/\/as-lightsound.de\/wordpress\/wp-json\/wp\/v2\/types\/product"}],"wp:featuredmedia":[{"embeddable":true,"href":"https:\/\/as-lightsound.de\/wordpress\/wp-json\/wp\/v2\/media\/2229"}],"wp:attachment":[{"href":"https:\/\/as-lightsound.de\/wordpress\/wp-json\/wp\/v2\/media?parent=1845"}],"wp:term":[{"taxonomy":"product_brand","embeddable":true,"href":"https:\/\/as-lightsound.de\/wordpress\/wp-json\/wp\/v2\/product_brand?post=1845"},{"taxonomy":"product_cat","embeddable":true,"href":"https:\/\/as-lightsound.de\/wordpress\/wp-json\/wp\/v2\/product_cat?post=1845"},{"taxonomy":"product_tag","embeddable":true,"href":"https:\/\/as-lightsound.de\/wordpress\/wp-json\/wp\/v2\/product_tag?post=1845"}],"curies":[{"name":"wp","href":"https:\/\/api.w.org\/{rel}","templated":true}]}}