{"id":1610,"date":"2025-09-23T14:28:50","date_gmt":"2025-09-23T12:28:50","guid":{"rendered":"https:\/\/as-lightsound.de\/wordpress\/?post_type=product&#038;p=1610"},"modified":"2025-10-01T13:54:34","modified_gmt":"2025-10-01T11:54:34","slug":"iiyama-te7515a-b1ag-75-touch-display","status":"publish","type":"product","link":"https:\/\/as-lightsound.de\/wordpress\/product\/iiyama-te7515a-b1ag-75-touch-display\/","title":{"rendered":"iiyama TE7515A-B1AG 75&#8243; Touch-Display"},"content":{"rendered":"<p data-start=\"187\" data-end=\"432\">Hochwertiges 75-Zoll 4K Touch-Display mit moderner Ausstattung \u2013 ideal f\u00fcr Klassenzimmer, Konferenzr\u00e4ume, Hybrideinsatz und Kollaboration. Sauberes, modernes Design, dezente Bedienelemente, integrierte Tools und vielfache Anschlussm\u00f6glichkeiten.<\/p>\n<hr data-start=\"434\" data-end=\"437\" \/>\n<h3 data-start=\"439\" data-end=\"476\"><strong data-start=\"443\" data-end=\"476\">Technische Daten (Tech Specs)<\/strong><\/h3>\n<div class=\"_tableContainer_1rjym_1\">\n<div class=\"group _tableWrapper_1rjym_13 flex w-fit flex-col-reverse\" tabindex=\"-1\">\n<table class=\"w-fit min-w-(--thread-content-width)\" data-start=\"478\" data-end=\"1674\">\n<thead data-start=\"478\" data-end=\"505\">\n<tr data-start=\"478\" data-end=\"505\">\n<th data-start=\"478\" data-end=\"488\" data-col-size=\"sm\">Merkmal<\/th>\n<th data-start=\"488\" data-end=\"505\" data-col-size=\"lg\">Spezifikation<\/th>\n<\/tr>\n<\/thead>\n<tbody data-start=\"528\" data-end=\"1674\">\n<tr data-start=\"528\" data-end=\"585\">\n<td data-start=\"528\" data-end=\"559\" data-col-size=\"sm\"><strong data-start=\"530\" data-end=\"558\">Bildschirmgr\u00f6\u00dfe \/ Format<\/strong><\/td>\n<td data-col-size=\"lg\" data-start=\"559\" data-end=\"585\">75\u2033 (\u2248 189,2 cm), 16:9<\/td>\n<\/tr>\n<tr data-start=\"586\" data-end=\"626\">\n<td data-start=\"586\" data-end=\"602\" data-col-size=\"sm\"><strong data-start=\"588\" data-end=\"601\">Aufl\u00f6sung<\/strong><\/td>\n<td data-start=\"602\" data-end=\"626\" data-col-size=\"lg\">3840 \u00d7 2160 (4K UHD)<\/td>\n<\/tr>\n<tr data-start=\"627\" data-end=\"719\">\n<td data-start=\"627\" data-end=\"661\" data-col-size=\"sm\"><strong data-start=\"629\" data-end=\"660\">Panel \/ Display-Technologie<\/strong><\/td>\n<td data-start=\"661\" data-end=\"719\" data-col-size=\"lg\">IPS, Zero Air-gap Glas, matt \/ Anti-Glare Beschichtung<\/td>\n<\/tr>\n<tr data-start=\"720\" data-end=\"754\">\n<td data-start=\"720\" data-end=\"737\" data-col-size=\"sm\"><strong data-start=\"722\" data-end=\"736\">Helligkeit<\/strong><\/td>\n<td data-start=\"737\" data-end=\"754\" data-col-size=\"lg\">ca. 550 cd\/m\u00b2<\/td>\n<\/tr>\n<tr data-start=\"755\" data-end=\"802\">\n<td data-start=\"755\" data-end=\"790\" data-col-size=\"sm\"><strong data-start=\"757\" data-end=\"789\">Kontrastverh\u00e4ltnis (typisch)<\/strong><\/td>\n<td data-col-size=\"lg\" data-start=\"790\" data-end=\"802\">1200 : 1<\/td>\n<\/tr>\n<tr data-start=\"803\" data-end=\"841\">\n<td data-start=\"803\" data-end=\"829\" data-col-size=\"sm\"><strong data-start=\"805\" data-end=\"828\">Reaktionszeit (GTG)<\/strong><\/td>\n<td data-start=\"829\" data-end=\"841\" data-col-size=\"lg\">ca. 8 ms<\/td>\n<\/tr>\n<tr data-start=\"842\" data-end=\"902\">\n<td data-start=\"842\" data-end=\"867\" data-col-size=\"sm\"><strong data-start=\"844\" data-end=\"866\">Betrachtungswinkel<\/strong><\/td>\n<td data-start=\"867\" data-end=\"902\" data-col-size=\"lg\">178\u00b0 horizontal \/ 178\u00b0 vertikal<\/td>\n<\/tr>\n<tr data-start=\"903\" data-end=\"1038\">\n<td data-start=\"903\" data-end=\"936\" data-col-size=\"sm\"><strong data-start=\"905\" data-end=\"935\">Touch Points \/ Technologie<\/strong><\/td>\n<td data-start=\"936\" data-end=\"1038\" data-col-size=\"lg\">40 Touchpunkte, PureTouch-IR+ \/ DeepContrast-IR+; Palm Rejection; Stift, Finger, Handschuh m\u00f6glich<\/td>\n<\/tr>\n<tr data-start=\"1039\" data-end=\"1085\">\n<td data-start=\"1039\" data-end=\"1051\" data-col-size=\"sm\"><strong data-start=\"1041\" data-end=\"1050\">Audio<\/strong><\/td>\n<td data-start=\"1051\" data-end=\"1085\" data-col-size=\"lg\">2 \u00d7 20 W Lautsprecher (Stereo)<\/td>\n<\/tr>\n<tr data-start=\"1086\" data-end=\"1227\">\n<td data-start=\"1086\" data-end=\"1119\" data-col-size=\"sm\"><strong data-start=\"1088\" data-end=\"1118\">Betriebssystem \/ Steuerung<\/strong><\/td>\n<td data-start=\"1119\" data-end=\"1227\" data-col-size=\"lg\">Android 14, iiWare 21E; Funktionen wie Whiteboard, iiShare \/ EShare, iiControl; Google EDLA zertifiziert<\/td>\n<\/tr>\n<tr data-start=\"1228\" data-end=\"1359\">\n<td data-start=\"1228\" data-end=\"1259\" data-col-size=\"sm\"><strong data-start=\"1230\" data-end=\"1258\">Konnektivit\u00e4t &amp; Sensoren<\/strong><\/td>\n<td data-start=\"1259\" data-end=\"1359\" data-col-size=\"lg\">WiFi 6, Bluetooth 5.0, NFC Reader, PIR Motion Sensor; diverse USB, HDMI und DisplayPort Eing\u00e4nge<\/td>\n<\/tr>\n<tr data-start=\"1360\" data-end=\"1501\">\n<td data-start=\"1360\" data-end=\"1391\" data-col-size=\"sm\"><strong data-start=\"1362\" data-end=\"1390\">Montage &amp; Designmerkmale<\/strong><\/td>\n<td data-start=\"1391\" data-end=\"1501\" data-col-size=\"lg\">VESA 800\u00d7400 mm; wandmontierbar; elegantes, rahmenarmes \/ button-freies Frontdesign; Stifthalter inklusive<\/td>\n<\/tr>\n<tr data-start=\"1502\" data-end=\"1568\">\n<td data-start=\"1502\" data-end=\"1526\" data-col-size=\"sm\"><strong data-start=\"1504\" data-end=\"1525\">Leistungsaufnahme<\/strong><\/td>\n<td data-start=\"1526\" data-end=\"1568\" data-col-size=\"lg\">ca. 216 W (typisch); Standby ca. 0,5 W<\/td>\n<\/tr>\n<tr data-start=\"1569\" data-end=\"1674\">\n<td data-start=\"1569\" data-end=\"1597\" data-col-size=\"sm\"><strong data-start=\"1571\" data-end=\"1596\">Gewicht &amp; Abmessungen<\/strong><\/td>\n<td data-col-size=\"lg\" data-start=\"1597\" data-end=\"1674\">Breite \u00d7 H\u00f6he \u00d7 Tiefe: ca. 1710,2 \u00d7 1036,3 \u00d7 87,1 mm; Gewicht ca. 54,6 kg<\/td>\n<\/tr>\n<\/tbody>\n<\/table>\n<\/div>\n<\/div>\n","protected":false},"excerpt":{"rendered":"<p>2 vorr\u00e4tig<\/p>\n","protected":false},"featured_media":1961,"template":"","meta":[],"product_brand":[],"product_cat":[61],"product_tag":[],"class_list":{"0":"post-1610","1":"product","2":"type-product","3":"status-publish","4":"has-post-thumbnail","6":"product_cat-displays","8":"first","9":"instock","10":"taxable","11":"shipping-taxable","12":"purchasable","13":"product-type-simple"},"_links":{"self":[{"href":"https:\/\/as-lightsound.de\/wordpress\/wp-json\/wp\/v2\/product\/1610","targetHints":{"allow":["GET"]}}],"collection":[{"href":"https:\/\/as-lightsound.de\/wordpress\/wp-json\/wp\/v2\/product"}],"about":[{"href":"https:\/\/as-lightsound.de\/wordpress\/wp-json\/wp\/v2\/types\/product"}],"wp:featuredmedia":[{"embeddable":true,"href":"https:\/\/as-lightsound.de\/wordpress\/wp-json\/wp\/v2\/media\/1961"}],"wp:attachment":[{"href":"https:\/\/as-lightsound.de\/wordpress\/wp-json\/wp\/v2\/media?parent=1610"}],"wp:term":[{"taxonomy":"product_brand","embeddable":true,"href":"https:\/\/as-lightsound.de\/wordpress\/wp-json\/wp\/v2\/product_brand?post=1610"},{"taxonomy":"product_cat","embeddable":true,"href":"https:\/\/as-lightsound.de\/wordpress\/wp-json\/wp\/v2\/product_cat?post=1610"},{"taxonomy":"product_tag","embeddable":true,"href":"https:\/\/as-lightsound.de\/wordpress\/wp-json\/wp\/v2\/product_tag?post=1610"}],"curies":[{"name":"wp","href":"https:\/\/api.w.org\/{rel}","templated":true}]}}