{"id":1577,"date":"2025-08-22T07:19:58","date_gmt":"2025-08-22T05:19:58","guid":{"rendered":"https:\/\/as-lightsound.de\/wordpress\/?post_type=product&#038;p=1577"},"modified":"2025-10-01T08:33:29","modified_gmt":"2025-10-01T06:33:29","slug":"apple-ipad-pro-5-128gb","status":"publish","type":"product","link":"https:\/\/as-lightsound.de\/wordpress\/product\/apple-ipad-pro-5-128gb\/","title":{"rendered":"Apple iPad Pro 5 128GB"},"content":{"rendered":"<p data-start=\"53\" data-end=\"370\">Das iPad Pro der 5. Generation bietet maximale Leistung im schlanken Design. Mit dem Apple M1 Chip, einem brillanten Liquid Retina XDR Display und 5G-Unterst\u00fctzung setzt es neue Ma\u00dfst\u00e4be f\u00fcr mobiles Arbeiten und Entertainment. Ideal f\u00fcr Kreative, Professionals und alle, die h\u00f6chste Performance unterwegs ben\u00f6tigen.<\/p>\n<p data-start=\"372\" data-end=\"395\"><strong data-start=\"372\" data-end=\"393\">Technische Daten:<\/strong><\/p>\n<ul data-start=\"396\" data-end=\"965\">\n<li data-start=\"396\" data-end=\"444\">\n<p data-start=\"398\" data-end=\"444\">Modell: Apple iPad Pro 12,9&#8243; (5. Generation)<\/p>\n<\/li>\n<li data-start=\"445\" data-end=\"503\">\n<p data-start=\"447\" data-end=\"503\">Prozessor: Apple M1 Chip mit 8-Core CPU und 8-Core GPU<\/p>\n<\/li>\n<li data-start=\"504\" data-end=\"528\">\n<p data-start=\"506\" data-end=\"528\">Speicher: 128 GB SSD<\/p>\n<\/li>\n<li data-start=\"529\" data-end=\"662\">\n<p data-start=\"531\" data-end=\"662\">Display: 12,9&#8243; Liquid Retina XDR Display, 2732 \u00d7 2048 Pixel, ProMotion, True Tone, P3 Farbraum, 1600 Nits Spitzenhelligkeit (HDR)<\/p>\n<\/li>\n<li data-start=\"663\" data-end=\"766\">\n<p data-start=\"665\" data-end=\"766\">Kamera: 12 MP Weitwinkel + 10 MP Ultraweitwinkel, LiDAR Scanner, 12 MP Frontkamera mit Center Stage<\/p>\n<\/li>\n<li data-start=\"767\" data-end=\"825\">\n<p data-start=\"769\" data-end=\"825\">Audio: 4-Lautsprecher-System, Studioqualit\u00e4t-Mikrofone<\/p>\n<\/li>\n<li data-start=\"826\" data-end=\"871\">\n<p data-start=\"828\" data-end=\"871\">Anschl\u00fcsse: USB-C mit Thunderbolt \/ USB 4<\/p>\n<\/li>\n<li data-start=\"872\" data-end=\"938\">\n<p data-start=\"874\" data-end=\"938\">Drahtlos: Wi-Fi 6, optional 5G (modellabh\u00e4ngig), Bluetooth 5.0<\/p>\n<\/li>\n<li data-start=\"939\" data-end=\"965\">\n<p data-start=\"941\" data-end=\"965\">Betriebssystem: iPadOS<\/p>\n<\/li>\n<\/ul>\n","protected":false},"excerpt":{"rendered":"<p>16 vorr\u00e4tig<\/p>\n","protected":false},"featured_media":1578,"template":"","meta":[],"product_brand":[],"product_cat":[63],"product_tag":[],"class_list":{"0":"post-1577","1":"product","2":"type-product","3":"status-publish","4":"has-post-thumbnail","6":"product_cat-endgeraete","8":"first","9":"instock","10":"taxable","11":"shipping-taxable","12":"purchasable","13":"product-type-simple"},"_links":{"self":[{"href":"https:\/\/as-lightsound.de\/wordpress\/wp-json\/wp\/v2\/product\/1577","targetHints":{"allow":["GET"]}}],"collection":[{"href":"https:\/\/as-lightsound.de\/wordpress\/wp-json\/wp\/v2\/product"}],"about":[{"href":"https:\/\/as-lightsound.de\/wordpress\/wp-json\/wp\/v2\/types\/product"}],"wp:featuredmedia":[{"embeddable":true,"href":"https:\/\/as-lightsound.de\/wordpress\/wp-json\/wp\/v2\/media\/1578"}],"wp:attachment":[{"href":"https:\/\/as-lightsound.de\/wordpress\/wp-json\/wp\/v2\/media?parent=1577"}],"wp:term":[{"taxonomy":"product_brand","embeddable":true,"href":"https:\/\/as-lightsound.de\/wordpress\/wp-json\/wp\/v2\/product_brand?post=1577"},{"taxonomy":"product_cat","embeddable":true,"href":"https:\/\/as-lightsound.de\/wordpress\/wp-json\/wp\/v2\/product_cat?post=1577"},{"taxonomy":"product_tag","embeddable":true,"href":"https:\/\/as-lightsound.de\/wordpress\/wp-json\/wp\/v2\/product_tag?post=1577"}],"curies":[{"name":"wp","href":"https:\/\/api.w.org\/{rel}","templated":true}]}}

<p data-start="53" data-end="370">Das iPad Pro der 5. Generation bietet maximale Leistung im schlanken Design. Mit dem Apple M1 Chip, einem brillanten Liquid Retina XDR Display und 5G-Unterstützung setzt es neue Maßstäbe für mobiles Arbeiten und Entertainment. Ideal für Kreative, Professionals und alle, die höchste Performance unterwegs benötigen.</p>
<p data-start="372" data-end="395"><strong data-start="372" data-end="393">Technische Daten:</strong></p>
<ul data-start="396" data-end="965">
<li data-start="396" data-end="444">
<p data-start="398" data-end="444">Modell: Apple iPad Pro 12,9&#8243; (5. Generation)</p>
</li>
<li data-start="445" data-end="503">
<p data-start="447" data-end="503">Prozessor: Apple M1 Chip mit 8-Core CPU und 8-Core GPU</p>
</li>
<li data-start="504" data-end="528">
<p data-start="506" data-end="528">Speicher: 128 GB SSD</p>
</li>
<li data-start="529" data-end="662">
<p data-start="531" data-end="662">Display: 12,9&#8243; Liquid Retina XDR Display, 2732 × 2048 Pixel, ProMotion, True Tone, P3 Farbraum, 1600 Nits Spitzenhelligkeit (HDR)</p>
</li>
<li data-start="663" data-end="766">
<p data-start="665" data-end="766">Kamera: 12 MP Weitwinkel + 10 MP Ultraweitwinkel, LiDAR Scanner, 12 MP Frontkamera mit Center Stage</p>
</li>
<li data-start="767" data-end="825">
<p data-start="769" data-end="825">Audio: 4-Lautsprecher-System, Studioqualität-Mikrofone</p>
</li>
<li data-start="826" data-end="871">
<p data-start="828" data-end="871">Anschlüsse: USB-C mit Thunderbolt / USB 4</p>
</li>
<li data-start="872" data-end="938">
<p data-start="874" data-end="938">Drahtlos: Wi-Fi 6, optional 5G (modellabhängig), Bluetooth 5.0</p>
</li>
<li data-start="939" data-end="965">
<p data-start="941" data-end="965">Betriebssystem: iPadOS</p>
</li>
</ul>

<p>16 vorrätig</p>
