{"id":1575,"date":"2025-08-22T07:17:50","date_gmt":"2025-08-22T05:17:50","guid":{"rendered":"https:\/\/as-lightsound.de\/wordpress\/?post_type=product&#038;p=1575"},"modified":"2025-10-01T08:34:07","modified_gmt":"2025-10-01T06:34:07","slug":"apple-imac-m4-256gb","status":"publish","type":"product","link":"https:\/\/as-lightsound.de\/wordpress\/product\/apple-imac-m4-256gb\/","title":{"rendered":"Apple iMac M4 256GB"},"content":{"rendered":"<p data-start=\"47\" data-end=\"335\">Der Apple iMac M4 kombiniert elegantes Design mit neuester Technologie. Mit dem leistungsstarken Apple M4 Chip und dem brillanten 24-Zoll 4.5K Retina Display ist er ideal f\u00fcr Arbeit, Kreativit\u00e4t und Entertainment. Das All-in-One Design spart Platz und bietet trotzdem volle Performance.<\/p>\n<p data-start=\"337\" data-end=\"360\"><strong data-start=\"337\" data-end=\"358\">Technische Daten:<\/strong><\/p>\n<ul data-start=\"361\" data-end=\"857\">\n<li data-start=\"361\" data-end=\"419\">\n<p data-start=\"363\" data-end=\"419\">Prozessor: Apple M4 Chip mit 8-Core CPU und 8-Core GPU<\/p>\n<\/li>\n<li data-start=\"420\" data-end=\"460\">\n<p data-start=\"422\" data-end=\"460\">Arbeitsspeicher: 8 GB Unified Memory<\/p>\n<\/li>\n<li data-start=\"461\" data-end=\"485\">\n<p data-start=\"463\" data-end=\"485\">Speicher: 256 GB SSD<\/p>\n<\/li>\n<li data-start=\"486\" data-end=\"595\">\n<p data-start=\"488\" data-end=\"595\">Display: 24&#8243; Retina Display mit 4.5K Aufl\u00f6sung (4480 \u00d7 2520), P3 Farbraum, True Tone, 500 Nits Helligkeit<\/p>\n<\/li>\n<li data-start=\"596\" data-end=\"632\">\n<p data-start=\"598\" data-end=\"632\">Kamera: 1080p FaceTime HD Kamera<\/p>\n<\/li>\n<li data-start=\"633\" data-end=\"695\">\n<p data-start=\"635\" data-end=\"695\">Audio: 6-Lautsprecher-System mit 3D-Audio, Studiomikrofone<\/p>\n<\/li>\n<li data-start=\"696\" data-end=\"793\">\n<p data-start=\"698\" data-end=\"793\">Anschl\u00fcsse: 2\u00d7 Thunderbolt 4, 2\u00d7 USB-C, Gigabit Ethernet (je nach Modell), Kopfh\u00f6reranschluss<\/p>\n<\/li>\n<li data-start=\"794\" data-end=\"831\">\n<p data-start=\"796\" data-end=\"831\">Drahtlos: Wi-Fi 6E, Bluetooth 5.3<\/p>\n<\/li>\n<li data-start=\"832\" data-end=\"857\">\n<p data-start=\"834\" data-end=\"857\">Betriebssystem: macOS<\/p>\n<\/li>\n<\/ul>\n","protected":false},"excerpt":{"rendered":"<p>3 vorr\u00e4tig<\/p>\n","protected":false},"featured_media":1576,"template":"","meta":[],"product_brand":[],"product_cat":[63],"product_tag":[],"class_list":{"0":"post-1575","1":"product","2":"type-product","3":"status-publish","4":"has-post-thumbnail","6":"product_cat-endgeraete","8":"first","9":"instock","10":"taxable","11":"shipping-taxable","12":"purchasable","13":"product-type-simple"},"_links":{"self":[{"href":"https:\/\/as-lightsound.de\/wordpress\/wp-json\/wp\/v2\/product\/1575","targetHints":{"allow":["GET"]}}],"collection":[{"href":"https:\/\/as-lightsound.de\/wordpress\/wp-json\/wp\/v2\/product"}],"about":[{"href":"https:\/\/as-lightsound.de\/wordpress\/wp-json\/wp\/v2\/types\/product"}],"wp:featuredmedia":[{"embeddable":true,"href":"https:\/\/as-lightsound.de\/wordpress\/wp-json\/wp\/v2\/media\/1576"}],"wp:attachment":[{"href":"https:\/\/as-lightsound.de\/wordpress\/wp-json\/wp\/v2\/media?parent=1575"}],"wp:term":[{"taxonomy":"product_brand","embeddable":true,"href":"https:\/\/as-lightsound.de\/wordpress\/wp-json\/wp\/v2\/product_brand?post=1575"},{"taxonomy":"product_cat","embeddable":true,"href":"https:\/\/as-lightsound.de\/wordpress\/wp-json\/wp\/v2\/product_cat?post=1575"},{"taxonomy":"product_tag","embeddable":true,"href":"https:\/\/as-lightsound.de\/wordpress\/wp-json\/wp\/v2\/product_tag?post=1575"}],"curies":[{"name":"wp","href":"https:\/\/api.w.org\/{rel}","templated":true}]}}