{"id":1536,"date":"2025-08-08T18:39:10","date_gmt":"2025-08-08T16:39:10","guid":{"rendered":"https:\/\/as-lightsound.de\/wordpress\/?post_type=product&#038;p=1536"},"modified":"2025-10-09T09:31:27","modified_gmt":"2025-10-09T07:31:27","slug":"showven-pyroslave-x16-kopie","status":"publish","type":"product","link":"https:\/\/as-lightsound.de\/wordpress\/product\/showven-pyroslave-x16-kopie\/","title":{"rendered":"Showven PyroSlave X4"},"content":{"rendered":"<p data-start=\"75\" data-end=\"493\">Der <strong data-start=\"79\" data-end=\"103\">Showven PyroSlave X4<\/strong> ist ein professionelles, kabelloses 4-Kanal-Z\u00fcndsystem f\u00fcr Pyrotechnik und Spezialeffekte. Das robuste System erm\u00f6glicht eine pr\u00e4zise, zuverl\u00e4ssige Ausl\u00f6sung von Effekten \u00fcber DMX, Funk oder direkte Verbindung, mit integrierter Sicherheitsfreigabe und Statusanzeige. Dank seines wetterfesten Designs eignet sich das Modul f\u00fcr Indoor- und Outdoor-Eins\u00e4tze bei Events, Konzerten und Shows.<\/p>\n<hr data-start=\"495\" data-end=\"498\" \/>\n<h3 data-start=\"500\" data-end=\"533\">Technische Daten (Tech Specs)<\/h3>\n<div class=\"_tableContainer_1rjym_1\">\n<div class=\"group _tableWrapper_1rjym_13 flex w-fit flex-col-reverse\" tabindex=\"-1\">\n<table class=\"w-fit min-w-(--thread-content-width)\" data-start=\"535\" data-end=\"1441\">\n<thead data-start=\"535\" data-end=\"553\">\n<tr data-start=\"535\" data-end=\"553\">\n<th data-start=\"535\" data-end=\"545\" data-col-size=\"sm\">Merkmal<\/th>\n<th data-start=\"545\" data-end=\"553\" data-col-size=\"md\">Wert<\/th>\n<\/tr>\n<\/thead>\n<tbody data-start=\"574\" data-end=\"1441\">\n<tr data-start=\"574\" data-end=\"611\">\n<td data-start=\"574\" data-end=\"587\" data-col-size=\"sm\"><strong data-start=\"576\" data-end=\"586\">Modell<\/strong><\/td>\n<td data-start=\"587\" data-end=\"611\" data-col-size=\"md\">Showven PyroSlave X4<\/td>\n<\/tr>\n<tr data-start=\"612\" data-end=\"659\">\n<td data-start=\"612\" data-end=\"622\" data-col-size=\"sm\"><strong data-start=\"614\" data-end=\"621\">Typ<\/strong><\/td>\n<td data-start=\"622\" data-end=\"659\" data-col-size=\"md\">4-Kanal-Z\u00fcndmodul f\u00fcr Pyrotechnik<\/td>\n<\/tr>\n<tr data-start=\"660\" data-end=\"711\">\n<td data-start=\"660\" data-end=\"677\" data-col-size=\"sm\"><strong data-start=\"662\" data-end=\"676\">Z\u00fcndkan\u00e4le<\/strong><\/td>\n<td data-start=\"677\" data-end=\"711\" data-col-size=\"md\">4 einzeln adressierbare Kan\u00e4le<\/td>\n<\/tr>\n<tr data-start=\"712\" data-end=\"742\">\n<td data-start=\"712\" data-end=\"731\" data-col-size=\"sm\"><strong data-start=\"714\" data-end=\"730\">Z\u00fcndspannung<\/strong><\/td>\n<td data-start=\"731\" data-end=\"742\" data-col-size=\"md\">24 V DC<\/td>\n<\/tr>\n<tr data-start=\"743\" data-end=\"783\">\n<td data-start=\"743\" data-end=\"766\" data-col-size=\"sm\"><strong data-start=\"745\" data-end=\"765\">Z\u00fcndstrom (max.)<\/strong><\/td>\n<td data-start=\"766\" data-end=\"783\" data-col-size=\"md\">3 A pro Kanal<\/td>\n<\/tr>\n<tr data-start=\"784\" data-end=\"846\">\n<td data-start=\"784\" data-end=\"800\" data-col-size=\"sm\"><strong data-start=\"786\" data-end=\"799\">Steuerung<\/strong><\/td>\n<td data-start=\"800\" data-end=\"846\" data-col-size=\"md\">DMX512, Funk (2,4 GHz), manuelle Ausl\u00f6sung<\/td>\n<\/tr>\n<tr data-start=\"847\" data-end=\"889\">\n<td data-start=\"847\" data-end=\"865\" data-col-size=\"sm\"><strong data-start=\"849\" data-end=\"864\">DMX-Adresse<\/strong><\/td>\n<td data-start=\"865\" data-end=\"889\" data-col-size=\"md\">Frei w\u00e4hlbar (1\u2013512)<\/td>\n<\/tr>\n<tr data-start=\"890\" data-end=\"969\">\n<td data-start=\"890\" data-end=\"916\" data-col-size=\"sm\"><strong data-start=\"892\" data-end=\"915\">Anzeige \/ Kontrolle<\/strong><\/td>\n<td data-start=\"916\" data-end=\"969\" data-col-size=\"md\">LED-Statusanzeigen pro Kanal, Power, Signal, Fire<\/td>\n<\/tr>\n<tr data-start=\"970\" data-end=\"1065\">\n<td data-start=\"970\" data-end=\"998\" data-col-size=\"sm\"><strong data-start=\"972\" data-end=\"997\">Sicherheitsfunktionen<\/strong><\/td>\n<td data-start=\"998\" data-end=\"1065\" data-col-size=\"md\">Schl\u00fcsselschalter \u201eArm\/Disarm\u201c, E-Stop-Eingang, Z\u00fcndbest\u00e4tigung<\/td>\n<\/tr>\n<tr data-start=\"1066\" data-end=\"1127\">\n<td data-start=\"1066\" data-end=\"1097\" data-col-size=\"sm\"><strong data-start=\"1068\" data-end=\"1096\">Reichweite (Funkbetrieb)<\/strong><\/td>\n<td data-start=\"1097\" data-end=\"1127\" data-col-size=\"md\">Bis zu 300 m (freie Sicht)<\/td>\n<\/tr>\n<tr data-start=\"1128\" data-end=\"1201\">\n<td data-start=\"1128\" data-end=\"1154\" data-col-size=\"sm\"><strong data-start=\"1130\" data-end=\"1153\">Spannungsversorgung<\/strong><\/td>\n<td data-start=\"1154\" data-end=\"1201\" data-col-size=\"md\">Interner Akku oder externer 24 V DC-Eingang<\/td>\n<\/tr>\n<tr data-start=\"1202\" data-end=\"1262\">\n<td data-start=\"1202\" data-end=\"1229\" data-col-size=\"sm\"><strong data-start=\"1204\" data-end=\"1228\">Betriebsdauer (Akku)<\/strong><\/td>\n<td data-start=\"1229\" data-end=\"1262\" data-col-size=\"md\">Bis zu 8 Stunden Dauerbetrieb<\/td>\n<\/tr>\n<tr data-start=\"1263\" data-end=\"1314\">\n<td data-start=\"1263\" data-end=\"1282\" data-col-size=\"sm\"><strong data-start=\"1265\" data-end=\"1281\">Schutzklasse<\/strong><\/td>\n<td data-start=\"1282\" data-end=\"1314\" data-col-size=\"md\">IP54 (spritzwassergesch\u00fctzt)<\/td>\n<\/tr>\n<tr data-start=\"1315\" data-end=\"1360\">\n<td data-start=\"1315\" data-end=\"1337\" data-col-size=\"sm\"><strong data-start=\"1317\" data-end=\"1336\">Geh\u00e4usematerial<\/strong><\/td>\n<td data-start=\"1337\" data-end=\"1360\" data-col-size=\"md\">Aluminium-Druckguss<\/td>\n<\/tr>\n<tr data-start=\"1361\" data-end=\"1412\">\n<td data-start=\"1361\" data-end=\"1391\" data-col-size=\"sm\"><strong data-start=\"1363\" data-end=\"1390\">Abmessungen (L \u00d7 B \u00d7 H)<\/strong><\/td>\n<td data-start=\"1391\" data-end=\"1412\" data-col-size=\"md\">200 \u00d7 160 \u00d7 70 mm<\/td>\n<\/tr>\n<tr data-start=\"1413\" data-end=\"1441\">\n<td data-start=\"1413\" data-end=\"1427\" data-col-size=\"sm\"><strong data-start=\"1415\" data-end=\"1426\">Gewicht<\/strong><\/td>\n<td data-start=\"1427\" data-end=\"1441\" data-col-size=\"md\">ca. 2,5 kg<\/td>\n<\/tr>\n<\/tbody>\n<\/table>\n<\/div>\n<\/div>\n","protected":false},"excerpt":{"rendered":"<p>8 vorr\u00e4tig<\/p>\n","protected":false},"featured_media":1537,"template":"","meta":[],"product_brand":[],"product_cat":[53,44],"product_tag":[],"class_list":{"0":"post-1536","1":"product","2":"type-product","3":"status-publish","4":"has-post-thumbnail","6":"product_cat-pyrotechnik","7":"product_cat-special-fx","9":"first","10":"instock","11":"taxable","12":"shipping-taxable","13":"purchasable","14":"product-type-simple"},"_links":{"self":[{"href":"https:\/\/as-lightsound.de\/wordpress\/wp-json\/wp\/v2\/product\/1536","targetHints":{"allow":["GET"]}}],"collection":[{"href":"https:\/\/as-lightsound.de\/wordpress\/wp-json\/wp\/v2\/product"}],"about":[{"href":"https:\/\/as-lightsound.de\/wordpress\/wp-json\/wp\/v2\/types\/product"}],"wp:featuredmedia":[{"embeddable":true,"href":"https:\/\/as-lightsound.de\/wordpress\/wp-json\/wp\/v2\/media\/1537"}],"wp:attachment":[{"href":"https:\/\/as-lightsound.de\/wordpress\/wp-json\/wp\/v2\/media?parent=1536"}],"wp:term":[{"taxonomy":"product_brand","embeddable":true,"href":"https:\/\/as-lightsound.de\/wordpress\/wp-json\/wp\/v2\/product_brand?post=1536"},{"taxonomy":"product_cat","embeddable":true,"href":"https:\/\/as-lightsound.de\/wordpress\/wp-json\/wp\/v2\/product_cat?post=1536"},{"taxonomy":"product_tag","embeddable":true,"href":"https:\/\/as-lightsound.de\/wordpress\/wp-json\/wp\/v2\/product_tag?post=1536"}],"curies":[{"name":"wp","href":"https:\/\/api.w.org\/{rel}","templated":true}]}}