{"id":1413,"date":"2024-08-16T16:03:30","date_gmt":"2024-08-16T14:03:30","guid":{"rendered":"https:\/\/as-lightsound.de\/wordpress\/?post_type=product&#038;p=1413"},"modified":"2025-10-09T07:57:07","modified_gmt":"2025-10-09T05:57:07","slug":"dji-mini-pro-4-drohne","status":"publish","type":"product","link":"https:\/\/as-lightsound.de\/wordpress\/product\/dji-mini-pro-4-drohne\/","title":{"rendered":"DJI Mini Pro 4 Drohne"},"content":{"rendered":"<p data-start=\"52\" data-end=\"468\">Die <strong data-start=\"56\" data-end=\"74\">DJI Mini 4 Pro<\/strong> ist eine ultraleichte, professionelle Kameradrohne mit einem Gewicht von unter 249 g. Sie kombiniert 4K-Videoqualit\u00e4t, omnidirektionale Hinderniserkennung und eine Flugzeit von bis zu 34 Minuten. Durch ihr kompaktes Design und die fortschrittlichen Aufnahmefunktionen eignet sie sich perfekt f\u00fcr Content-Creator, Event-Dokumentationen und professionelle Luftaufnahmen mit h\u00f6chster Mobilit\u00e4t.<\/p>\n<hr data-start=\"470\" data-end=\"473\" \/>\n<h3 data-start=\"475\" data-end=\"508\">Technische Daten (Tech Specs)<\/h3>\n<div class=\"_tableContainer_1rjym_1\">\n<div class=\"group _tableWrapper_1rjym_13 flex w-fit flex-col-reverse\" tabindex=\"-1\">\n<table class=\"w-fit min-w-(--thread-content-width)\" data-start=\"510\" data-end=\"1904\">\n<thead data-start=\"510\" data-end=\"528\">\n<tr data-start=\"510\" data-end=\"528\">\n<th data-start=\"510\" data-end=\"520\" data-col-size=\"sm\">Merkmal<\/th>\n<th data-start=\"520\" data-end=\"528\" data-col-size=\"md\">Wert<\/th>\n<\/tr>\n<\/thead>\n<tbody data-start=\"549\" data-end=\"1904\">\n<tr data-start=\"549\" data-end=\"580\">\n<td data-start=\"549\" data-end=\"562\" data-col-size=\"sm\"><strong data-start=\"551\" data-end=\"561\">Modell<\/strong><\/td>\n<td data-start=\"562\" data-end=\"580\" data-col-size=\"md\">DJI Mini 4 Pro<\/td>\n<\/tr>\n<tr data-start=\"581\" data-end=\"606\">\n<td data-start=\"581\" data-end=\"595\" data-col-size=\"sm\"><strong data-start=\"583\" data-end=\"594\">Gewicht<\/strong><\/td>\n<td data-start=\"595\" data-end=\"606\" data-col-size=\"md\">&lt; 249 g<\/td>\n<\/tr>\n<tr data-start=\"607\" data-end=\"649\">\n<td data-start=\"607\" data-end=\"627\" data-col-size=\"sm\"><strong data-start=\"609\" data-end=\"626\">Kamera-Sensor<\/strong><\/td>\n<td data-start=\"627\" data-end=\"649\" data-col-size=\"md\">1\/1,3&#8243; CMOS, 48 MP<\/td>\n<\/tr>\n<tr data-start=\"650\" data-end=\"690\">\n<td data-start=\"650\" data-end=\"665\" data-col-size=\"sm\"><strong data-start=\"652\" data-end=\"664\">Objektiv<\/strong><\/td>\n<td data-start=\"665\" data-end=\"690\" data-col-size=\"md\">24 mm (\u00e4quiv.), f\/1.7<\/td>\n<\/tr>\n<tr data-start=\"691\" data-end=\"738\">\n<td data-start=\"691\" data-end=\"711\" data-col-size=\"sm\"><strong data-start=\"693\" data-end=\"710\">Fotoaufl\u00f6sung<\/strong><\/td>\n<td data-start=\"711\" data-end=\"738\" data-col-size=\"md\">bis zu 48 MP (RAW\/JPEG)<\/td>\n<\/tr>\n<tr data-start=\"739\" data-end=\"812\">\n<td data-start=\"739\" data-end=\"760\" data-col-size=\"sm\"><strong data-start=\"741\" data-end=\"759\">Videoaufl\u00f6sung<\/strong><\/td>\n<td data-start=\"760\" data-end=\"812\" data-col-size=\"md\">4K (3840 \u00d7 2160) bis 100 fps \/ 1080p bis 200 fps<\/td>\n<\/tr>\n<tr data-start=\"813\" data-end=\"871\">\n<td data-start=\"813\" data-end=\"837\" data-col-size=\"sm\"><strong data-start=\"815\" data-end=\"836\">Farbtiefe \/ Codec<\/strong><\/td>\n<td data-start=\"837\" data-end=\"871\" data-col-size=\"md\">10-Bit D-Log M \/ H.265 \/ H.264<\/td>\n<\/tr>\n<tr data-start=\"872\" data-end=\"904\">\n<td data-start=\"872\" data-end=\"890\" data-col-size=\"sm\"><strong data-start=\"874\" data-end=\"889\">ISO-Bereich<\/strong><\/td>\n<td data-start=\"890\" data-end=\"904\" data-col-size=\"md\">100 \u2013 6400<\/td>\n<\/tr>\n<tr data-start=\"905\" data-end=\"942\">\n<td data-start=\"905\" data-end=\"926\" data-col-size=\"sm\"><strong data-start=\"907\" data-end=\"925\">Verschlusszeit<\/strong><\/td>\n<td data-start=\"926\" data-end=\"942\" data-col-size=\"md\">2 \u2013 1\/8000 s<\/td>\n<\/tr>\n<tr data-start=\"943\" data-end=\"1008\">\n<td data-start=\"943\" data-end=\"964\" data-col-size=\"sm\"><strong data-start=\"945\" data-end=\"963\">Stabilisierung<\/strong><\/td>\n<td data-start=\"964\" data-end=\"1008\" data-col-size=\"md\">3-Achsen-Gimbal (Neigung, Roll, Schwenk)<\/td>\n<\/tr>\n<tr data-start=\"1009\" data-end=\"1083\">\n<td data-start=\"1009\" data-end=\"1034\" data-col-size=\"sm\"><strong data-start=\"1011\" data-end=\"1033\">Hinderniserkennung<\/strong><\/td>\n<td data-col-size=\"md\" data-start=\"1034\" data-end=\"1083\">Rundum (vorne, hinten, seitlich, oben, unten)<\/td>\n<\/tr>\n<tr data-start=\"1084\" data-end=\"1135\">\n<td data-start=\"1084\" data-end=\"1099\" data-col-size=\"sm\"><strong data-start=\"1086\" data-end=\"1098\">Flugzeit<\/strong><\/td>\n<td data-start=\"1099\" data-end=\"1135\" data-col-size=\"md\">bis zu 34 min (mit Standardakku)<\/td>\n<\/tr>\n<tr data-start=\"1136\" data-end=\"1187\">\n<td data-start=\"1136\" data-end=\"1167\" data-col-size=\"sm\"><strong data-start=\"1138\" data-end=\"1166\">Max. Fluggeschwindigkeit<\/strong><\/td>\n<td data-start=\"1167\" data-end=\"1187\" data-col-size=\"md\">16 m\/s (58 km\/h)<\/td>\n<\/tr>\n<tr data-start=\"1188\" data-end=\"1229\">\n<td data-start=\"1188\" data-end=\"1208\" data-col-size=\"sm\"><strong data-start=\"1190\" data-end=\"1207\">Max. Flugh\u00f6he<\/strong><\/td>\n<td data-start=\"1208\" data-end=\"1229\" data-col-size=\"md\">4.000 m (\u00fcber NN)<\/td>\n<\/tr>\n<tr data-start=\"1230\" data-end=\"1271\">\n<td data-start=\"1230\" data-end=\"1255\" data-col-size=\"sm\"><strong data-start=\"1232\" data-end=\"1254\">Max. Windresistenz<\/strong><\/td>\n<td data-start=\"1255\" data-end=\"1271\" data-col-size=\"md\">bis 10,7 m\/s<\/td>\n<\/tr>\n<tr data-start=\"1272\" data-end=\"1351\">\n<td data-start=\"1272\" data-end=\"1302\" data-col-size=\"sm\"><strong data-start=\"1274\" data-end=\"1301\">Video\u00fcbertragungssystem<\/strong><\/td>\n<td data-start=\"1302\" data-end=\"1351\" data-col-size=\"md\">DJI O4 (bis 20 km Reichweite, Full-HD 60 fps)<\/td>\n<\/tr>\n<tr data-start=\"1352\" data-end=\"1416\">\n<td data-start=\"1352\" data-end=\"1367\" data-col-size=\"sm\"><strong data-start=\"1354\" data-end=\"1366\">Speicher<\/strong><\/td>\n<td data-start=\"1367\" data-end=\"1416\" data-col-size=\"md\">microSD (bis 512 GB) + 2 GB interner Speicher<\/td>\n<\/tr>\n<tr data-start=\"1417\" data-end=\"1488\">\n<td data-start=\"1417\" data-end=\"1440\" data-col-size=\"sm\"><strong data-start=\"1419\" data-end=\"1439\">Betriebsfrequenz<\/strong><\/td>\n<td data-start=\"1440\" data-end=\"1488\" data-col-size=\"md\">2,4 GHz \/ 5,8 GHz (automatische Umschaltung)<\/td>\n<\/tr>\n<tr data-start=\"1489\" data-end=\"1528\">\n<td data-start=\"1489\" data-end=\"1503\" data-col-size=\"sm\"><strong data-start=\"1491\" data-end=\"1502\">Akkutyp<\/strong><\/td>\n<td data-start=\"1503\" data-end=\"1528\" data-col-size=\"md\">Li-Ion 2S (2.590 mAh)<\/td>\n<\/tr>\n<tr data-start=\"1529\" data-end=\"1576\">\n<td data-start=\"1529\" data-end=\"1544\" data-col-size=\"sm\"><strong data-start=\"1531\" data-end=\"1543\">Ladezeit<\/strong><\/td>\n<td data-start=\"1544\" data-end=\"1576\" data-col-size=\"md\">ca. 70 min (per USB-C, 30 W)<\/td>\n<\/tr>\n<tr data-start=\"1577\" data-end=\"1626\">\n<td data-start=\"1577\" data-end=\"1606\" data-col-size=\"sm\"><strong data-start=\"1579\" data-end=\"1605\">Abmessungen (gefaltet)<\/strong><\/td>\n<td data-col-size=\"md\" data-start=\"1606\" data-end=\"1626\">148 \u00d7 94 \u00d7 64 mm<\/td>\n<\/tr>\n<tr data-start=\"1627\" data-end=\"1679\">\n<td data-start=\"1627\" data-end=\"1657\" data-col-size=\"sm\"><strong data-start=\"1629\" data-end=\"1656\">Abmessungen (entfaltet)<\/strong><\/td>\n<td data-start=\"1657\" data-end=\"1679\" data-col-size=\"md\">298 \u00d7 373 \u00d7 101 mm<\/td>\n<\/tr>\n<tr data-start=\"1680\" data-end=\"1738\">\n<td data-start=\"1680\" data-end=\"1697\" data-col-size=\"sm\"><strong data-start=\"1682\" data-end=\"1696\">Controller<\/strong><\/td>\n<td data-start=\"1697\" data-end=\"1738\" data-col-size=\"md\">DJI RC-N2 oder DJI RC 2 (je nach Set)<\/td>\n<\/tr>\n<tr data-start=\"1739\" data-end=\"1785\">\n<td data-start=\"1739\" data-end=\"1764\" data-col-size=\"sm\"><strong data-start=\"1741\" data-end=\"1763\">Betriebstemperatur<\/strong><\/td>\n<td data-col-size=\"md\" data-start=\"1764\" data-end=\"1785\">\u201310 \u00b0C bis +40 \u00b0C<\/td>\n<\/tr>\n<tr data-start=\"1786\" data-end=\"1810\">\n<td data-start=\"1786\" data-end=\"1798\" data-col-size=\"sm\"><strong data-start=\"1788\" data-end=\"1797\">Farbe<\/strong><\/td>\n<td data-start=\"1798\" data-end=\"1810\" data-col-size=\"md\">Hellgrau<\/td>\n<\/tr>\n<tr data-start=\"1811\" data-end=\"1904\">\n<td data-start=\"1811\" data-end=\"1838\" data-col-size=\"sm\"><strong data-start=\"1813\" data-end=\"1837\">Besondere Funktionen<\/strong><\/td>\n<td data-start=\"1838\" data-end=\"1904\" data-col-size=\"md\">ActiveTrack 360\u00b0, MasterShots, Waypoints, Panorama, Nachtmodus<\/td>\n<\/tr>\n<\/tbody>\n<\/table>\n<\/div>\n<\/div>\n","protected":false},"excerpt":{"rendered":"<p>1 vorr\u00e4tig<\/p>\n","protected":false},"featured_media":1416,"template":"","meta":[],"product_brand":[],"product_cat":[25],"product_tag":[],"class_list":{"0":"post-1413","1":"product","2":"type-product","3":"status-publish","4":"has-post-thumbnail","6":"product_cat-kameras","8":"first","9":"instock","10":"taxable","11":"shipping-taxable","12":"purchasable","13":"product-type-simple"},"_links":{"self":[{"href":"https:\/\/as-lightsound.de\/wordpress\/wp-json\/wp\/v2\/product\/1413","targetHints":{"allow":["GET"]}}],"collection":[{"href":"https:\/\/as-lightsound.de\/wordpress\/wp-json\/wp\/v2\/product"}],"about":[{"href":"https:\/\/as-lightsound.de\/wordpress\/wp-json\/wp\/v2\/types\/product"}],"wp:featuredmedia":[{"embeddable":true,"href":"https:\/\/as-lightsound.de\/wordpress\/wp-json\/wp\/v2\/media\/1416"}],"wp:attachment":[{"href":"https:\/\/as-lightsound.de\/wordpress\/wp-json\/wp\/v2\/media?parent=1413"}],"wp:term":[{"taxonomy":"product_brand","embeddable":true,"href":"https:\/\/as-lightsound.de\/wordpress\/wp-json\/wp\/v2\/product_brand?post=1413"},{"taxonomy":"product_cat","embeddable":true,"href":"https:\/\/as-lightsound.de\/wordpress\/wp-json\/wp\/v2\/product_cat?post=1413"},{"taxonomy":"product_tag","embeddable":true,"href":"https:\/\/as-lightsound.de\/wordpress\/wp-json\/wp\/v2\/product_tag?post=1413"}],"curies":[{"name":"wp","href":"https:\/\/api.w.org\/{rel}","templated":true}]}}