{"id":1367,"date":"2024-06-22T09:10:15","date_gmt":"2024-06-22T07:10:15","guid":{"rendered":"https:\/\/as-lightsound.de\/wordpress\/?post_type=product&#038;p=1367"},"modified":"2025-10-07T14:47:31","modified_gmt":"2025-10-07T12:47:31","slug":"neumann-km184","status":"publish","type":"product","link":"https:\/\/as-lightsound.de\/wordpress\/product\/neumann-km184\/","title":{"rendered":"Neumann KM184"},"content":{"rendered":"<p data-start=\"200\" data-end=\"697\">Das <strong data-start=\"204\" data-end=\"222\">Neumann KM 184<\/strong> ist ein pr\u00e4zises <strong data-start=\"240\" data-end=\"276\">Kleinmembran-Kondensatormikrofon<\/strong> mit <strong data-start=\"281\" data-end=\"305\">Nierencharakteristik<\/strong>, bekannt f\u00fcr seine neutrale, detailreiche und nat\u00fcrliche Klangwiedergabe. Es eignet sich ideal f\u00fcr Instrumentenaufnahmen wie Akustikgitarre, Streicher, Bl\u00e4ser, Schlagzeug-Overheads und Choraufnahmen \u2013 sowohl im Studio als auch auf der B\u00fchne. Mit seiner klaren Transientenabbildung und dem extrem niedrigen Eigenrauschen geh\u00f6rt das KM 184 zu den professionellen Standards in der Tontechnik.<\/p>\n<hr data-start=\"699\" data-end=\"702\" \/>\n<h3 data-start=\"704\" data-end=\"741\"><strong data-start=\"708\" data-end=\"741\">Technische Daten (Tech Specs)<\/strong><\/h3>\n<div class=\"_tableContainer_1rjym_1\">\n<div class=\"group _tableWrapper_1rjym_13 flex w-fit flex-col-reverse\" tabindex=\"-1\">\n<table class=\"w-fit min-w-(--thread-content-width)\" data-start=\"743\" data-end=\"1553\">\n<thead data-start=\"743\" data-end=\"770\">\n<tr data-start=\"743\" data-end=\"770\">\n<th data-start=\"743\" data-end=\"753\" data-col-size=\"sm\">Merkmal<\/th>\n<th data-start=\"753\" data-end=\"770\" data-col-size=\"lg\">Spezifikation<\/th>\n<\/tr>\n<\/thead>\n<tbody data-start=\"794\" data-end=\"1553\">\n<tr data-start=\"794\" data-end=\"829\">\n<td data-start=\"794\" data-end=\"820\" data-col-size=\"sm\"><strong data-start=\"796\" data-end=\"819\">Richtcharakteristik<\/strong><\/td>\n<td data-start=\"820\" data-end=\"829\" data-col-size=\"lg\">Niere<\/td>\n<\/tr>\n<tr data-start=\"830\" data-end=\"874\">\n<td data-start=\"830\" data-end=\"856\" data-col-size=\"sm\"><strong data-start=\"832\" data-end=\"855\">\u00dcbertragungsbereich<\/strong><\/td>\n<td data-start=\"856\" data-end=\"874\" data-col-size=\"lg\">20 Hz \u2013 20 kHz<\/td>\n<\/tr>\n<tr data-start=\"875\" data-end=\"909\">\n<td data-start=\"875\" data-end=\"897\" data-col-size=\"sm\"><strong data-start=\"877\" data-end=\"896\">Empfindlichkeit<\/strong><\/td>\n<td data-start=\"897\" data-end=\"909\" data-col-size=\"lg\">15 mV\/Pa<\/td>\n<\/tr>\n<tr data-start=\"910\" data-end=\"974\">\n<td data-start=\"910\" data-end=\"944\" data-col-size=\"sm\"><strong data-start=\"912\" data-end=\"943\">Max. Schalldruckpegel (SPL)<\/strong><\/td>\n<td data-start=\"944\" data-end=\"974\" data-col-size=\"lg\">138 dB SPL (bei 0,5 % THD)<\/td>\n<\/tr>\n<tr data-start=\"975\" data-end=\"1006\">\n<td data-start=\"975\" data-end=\"995\" data-col-size=\"sm\"><strong data-start=\"977\" data-end=\"994\">Eigenrauschen<\/strong><\/td>\n<td data-start=\"995\" data-end=\"1006\" data-col-size=\"lg\">13 dB-A<\/td>\n<\/tr>\n<tr data-start=\"1007\" data-end=\"1060\">\n<td data-start=\"1007\" data-end=\"1038\" data-col-size=\"sm\"><strong data-start=\"1009\" data-end=\"1037\">Signal-Rausch-Verh\u00e4ltnis<\/strong><\/td>\n<td data-start=\"1038\" data-end=\"1060\" data-col-size=\"lg\">81 dB (A-bewertet)<\/td>\n<\/tr>\n<tr data-start=\"1061\" data-end=\"1092\">\n<td data-start=\"1061\" data-end=\"1084\" data-col-size=\"sm\"><strong data-start=\"1063\" data-end=\"1083\">Ausgangsimpedanz<\/strong><\/td>\n<td data-start=\"1084\" data-end=\"1092\" data-col-size=\"lg\">50 \u03a9<\/td>\n<\/tr>\n<tr data-start=\"1093\" data-end=\"1134\">\n<td data-start=\"1093\" data-end=\"1124\" data-col-size=\"sm\"><strong data-start=\"1095\" data-end=\"1123\">Lastimpedanz (empfohlen)<\/strong><\/td>\n<td data-start=\"1124\" data-end=\"1134\" data-col-size=\"lg\">\u2265 1 k\u03a9<\/td>\n<\/tr>\n<tr data-start=\"1135\" data-end=\"1183\">\n<td data-start=\"1135\" data-end=\"1157\" data-col-size=\"sm\"><strong data-start=\"1137\" data-end=\"1156\">Phantomspeisung<\/strong><\/td>\n<td data-start=\"1157\" data-end=\"1183\" data-col-size=\"lg\">48 V \u00b1 4 V (IEC 61938)<\/td>\n<\/tr>\n<tr data-start=\"1184\" data-end=\"1218\">\n<td data-start=\"1184\" data-end=\"1204\" data-col-size=\"sm\"><strong data-start=\"1186\" data-end=\"1203\">Stromaufnahme<\/strong><\/td>\n<td data-start=\"1204\" data-end=\"1218\" data-col-size=\"lg\">ca. 3,2 mA<\/td>\n<\/tr>\n<tr data-start=\"1219\" data-end=\"1261\">\n<td data-start=\"1219\" data-end=\"1235\" data-col-size=\"sm\"><strong data-start=\"1221\" data-end=\"1234\">Anschluss<\/strong><\/td>\n<td data-start=\"1235\" data-end=\"1261\" data-col-size=\"lg\">XLR 3-pol, symmetrisch<\/td>\n<\/tr>\n<tr data-start=\"1262\" data-end=\"1303\">\n<td data-start=\"1262\" data-end=\"1288\" data-col-size=\"sm\"><strong data-start=\"1264\" data-end=\"1287\">Abmessungen (L \u00d7 \u00d8)<\/strong><\/td>\n<td data-start=\"1288\" data-end=\"1303\" data-col-size=\"lg\">107 \u00d7 22 mm<\/td>\n<\/tr>\n<tr data-start=\"1304\" data-end=\"1326\">\n<td data-start=\"1304\" data-end=\"1318\" data-col-size=\"sm\"><strong data-start=\"1306\" data-end=\"1317\">Gewicht<\/strong><\/td>\n<td data-start=\"1318\" data-end=\"1326\" data-col-size=\"lg\">80 g<\/td>\n<\/tr>\n<tr data-start=\"1327\" data-end=\"1390\">\n<td data-start=\"1327\" data-end=\"1349\" data-col-size=\"sm\"><strong data-start=\"1329\" data-end=\"1348\">Geh\u00e4usematerial<\/strong><\/td>\n<td data-start=\"1349\" data-end=\"1390\" data-col-size=\"lg\">Metall (Nickel oder Schwarz eloxiert)<\/td>\n<\/tr>\n<tr data-start=\"1391\" data-end=\"1553\">\n<td data-start=\"1391\" data-end=\"1412\" data-col-size=\"sm\"><strong data-start=\"1393\" data-end=\"1411\">Besonderheiten<\/strong><\/td>\n<td data-start=\"1412\" data-end=\"1553\" data-col-size=\"lg\">Neutrale Klangcharakteristik, pr\u00e4zise Transientenabbildung, sehr geringes Eigenrauschen, universell einsetzbar, Studio- und Live-tauglich<\/td>\n<\/tr>\n<\/tbody>\n<\/table>\n<\/div>\n<\/div>\n","protected":false},"excerpt":{"rendered":"<p>8 vorr\u00e4tig<\/p>\n","protected":false},"featured_media":1368,"template":"","meta":[],"product_brand":[],"product_cat":[18],"product_tag":[],"class_list":{"0":"post-1367","1":"product","2":"type-product","3":"status-publish","4":"has-post-thumbnail","6":"product_cat-mikrofone","8":"first","9":"instock","10":"taxable","11":"shipping-taxable","12":"purchasable","13":"product-type-simple"},"_links":{"self":[{"href":"https:\/\/as-lightsound.de\/wordpress\/wp-json\/wp\/v2\/product\/1367","targetHints":{"allow":["GET"]}}],"collection":[{"href":"https:\/\/as-lightsound.de\/wordpress\/wp-json\/wp\/v2\/product"}],"about":[{"href":"https:\/\/as-lightsound.de\/wordpress\/wp-json\/wp\/v2\/types\/product"}],"wp:featuredmedia":[{"embeddable":true,"href":"https:\/\/as-lightsound.de\/wordpress\/wp-json\/wp\/v2\/media\/1368"}],"wp:attachment":[{"href":"https:\/\/as-lightsound.de\/wordpress\/wp-json\/wp\/v2\/media?parent=1367"}],"wp:term":[{"taxonomy":"product_brand","embeddable":true,"href":"https:\/\/as-lightsound.de\/wordpress\/wp-json\/wp\/v2\/product_brand?post=1367"},{"taxonomy":"product_cat","embeddable":true,"href":"https:\/\/as-lightsound.de\/wordpress\/wp-json\/wp\/v2\/product_cat?post=1367"},{"taxonomy":"product_tag","embeddable":true,"href":"https:\/\/as-lightsound.de\/wordpress\/wp-json\/wp\/v2\/product_tag?post=1367"}],"curies":[{"name":"wp","href":"https:\/\/api.w.org\/{rel}","templated":true}]}}