{"id":1330,"date":"2024-04-19T19:46:11","date_gmt":"2024-04-19T17:46:11","guid":{"rendered":"https:\/\/as-lightsound.de\/wordpress\/?post_type=product&#038;p=1330"},"modified":"2025-10-09T13:10:54","modified_gmt":"2025-10-09T11:10:54","slug":"defender-midi-5-kabelbruecke","status":"publish","type":"product","link":"https:\/\/as-lightsound.de\/wordpress\/product\/defender-midi-5-kabelbruecke\/","title":{"rendered":"Defender Midi 5 Kabelbr\u00fccke"},"content":{"rendered":"<p data-start=\"71\" data-end=\"557\">Die <strong data-start=\"75\" data-end=\"106\">Defender Midi 5 Kabelbr\u00fccke<\/strong> sch\u00fctzt und f\u00fchrt bis zu f\u00fcnf Kabelstr\u00e4nge sicher \u00fcber B\u00f6den oder Verkehrsbereiche. Sie ist so konstruiert, dass auch Personen, Pendelwagen oder kleinere Transportfahrzeuge sie problemlos \u00fcberfahren k\u00f6nnen. Das Material ist best\u00e4ndig gegen\u00fcber Chemikalien, \u00d6l und Witterungseinfl\u00fcssen, wodurch sie auch im Veranstaltungs- und Messebetrieb eingesetzt wird. Dank modularer Verbindungsmechanik lassen sich mehrere Einheiten l\u00fcckenlos aneinanderreihen.<\/p>\n<div class=\"_tableContainer_1rjym_1\">\n<div class=\"group _tableWrapper_1rjym_13 flex w-fit flex-col-reverse\" tabindex=\"-1\">\n<table class=\"w-fit min-w-(--thread-content-width)\" data-start=\"559\" data-end=\"1020\">\n<thead data-start=\"559\" data-end=\"594\">\n<tr data-start=\"559\" data-end=\"594\">\n<th data-start=\"559\" data-end=\"582\" data-col-size=\"sm\"><strong data-start=\"561\" data-end=\"581\">Technische Daten<\/strong><\/th>\n<th data-start=\"582\" data-end=\"594\" data-col-size=\"md\"><strong data-start=\"584\" data-end=\"592\">Wert<\/strong><\/th>\n<\/tr>\n<\/thead>\n<tbody data-start=\"633\" data-end=\"1020\">\n<tr data-start=\"633\" data-end=\"654\">\n<td data-start=\"633\" data-end=\"649\" data-col-size=\"sm\">Anzahl Kan\u00e4le<\/td>\n<td data-start=\"649\" data-end=\"654\" data-col-size=\"md\">5<\/td>\n<\/tr>\n<tr data-start=\"655\" data-end=\"691\">\n<td data-start=\"655\" data-end=\"677\" data-col-size=\"sm\">Kanalgr\u00f6\u00dfe je Kanal<\/td>\n<td data-start=\"677\" data-end=\"691\" data-col-size=\"md\">25 \u00d7 25 mm<\/td>\n<\/tr>\n<tr data-start=\"692\" data-end=\"718\">\n<td data-start=\"692\" data-end=\"706\" data-col-size=\"sm\">Gesamtl\u00e4nge<\/td>\n<td data-col-size=\"md\" data-start=\"706\" data-end=\"718\">1.100 mm<\/td>\n<\/tr>\n<tr data-start=\"719\" data-end=\"744\">\n<td data-start=\"719\" data-end=\"734\" data-col-size=\"sm\">Gesamtbreite<\/td>\n<td data-start=\"734\" data-end=\"744\" data-col-size=\"md\">325 mm<\/td>\n<\/tr>\n<tr data-start=\"745\" data-end=\"761\">\n<td data-start=\"745\" data-end=\"752\" data-col-size=\"sm\">H\u00f6he<\/td>\n<td data-start=\"752\" data-end=\"761\" data-col-size=\"md\">32 mm<\/td>\n<\/tr>\n<tr data-start=\"762\" data-end=\"816\">\n<td data-start=\"762\" data-end=\"778\" data-col-size=\"sm\">Belastbarkeit<\/td>\n<td data-start=\"778\" data-end=\"816\" data-col-size=\"md\">ca. 2.000 kg pro 20 \u00d7 20 cm Fl\u00e4che<\/td>\n<\/tr>\n<tr data-start=\"817\" data-end=\"878\">\n<td data-start=\"817\" data-end=\"828\" data-col-size=\"sm\">Material<\/td>\n<td data-col-size=\"md\" data-start=\"828\" data-end=\"878\">Polyurethan (PU) \/ thermoplastisches Elastomer<\/td>\n<\/tr>\n<tr data-start=\"879\" data-end=\"920\">\n<td data-start=\"879\" data-end=\"899\" data-col-size=\"sm\">Temperaturbereich<\/td>\n<td data-start=\"899\" data-end=\"920\" data-col-size=\"md\">\u201330 \u00b0C bis +60 \u00b0C<\/td>\n<\/tr>\n<tr data-start=\"921\" data-end=\"947\">\n<td data-start=\"921\" data-end=\"941\" data-col-size=\"sm\">Brandschutzklasse<\/td>\n<td data-start=\"941\" data-end=\"947\" data-col-size=\"md\">B2<\/td>\n<\/tr>\n<tr data-start=\"948\" data-end=\"993\">\n<td data-start=\"948\" data-end=\"968\" data-col-size=\"sm\">Verbindungssystem<\/td>\n<td data-start=\"968\" data-end=\"993\" data-col-size=\"md\">Modulares Klicksystem<\/td>\n<\/tr>\n<tr data-start=\"994\" data-end=\"1020\">\n<td data-start=\"994\" data-end=\"1004\" data-col-size=\"sm\">Gewicht<\/td>\n<td data-start=\"1004\" data-end=\"1020\" data-col-size=\"md\">ca. 8,3 kg<\/td>\n<\/tr>\n<\/tbody>\n<\/table>\n<\/div>\n<\/div>\n","protected":false},"excerpt":{"rendered":"<p>20 vorr\u00e4tig<\/p>\n","protected":false},"featured_media":1930,"template":"","meta":[],"product_brand":[],"product_cat":[76],"product_tag":[],"class_list":{"0":"post-1330","1":"product","2":"type-product","3":"status-publish","4":"has-post-thumbnail","6":"product_cat-sonstiges-allgemein","8":"first","9":"instock","10":"taxable","11":"shipping-taxable","12":"purchasable","13":"product-type-simple"},"_links":{"self":[{"href":"https:\/\/as-lightsound.de\/wordpress\/wp-json\/wp\/v2\/product\/1330","targetHints":{"allow":["GET"]}}],"collection":[{"href":"https:\/\/as-lightsound.de\/wordpress\/wp-json\/wp\/v2\/product"}],"about":[{"href":"https:\/\/as-lightsound.de\/wordpress\/wp-json\/wp\/v2\/types\/product"}],"wp:featuredmedia":[{"embeddable":true,"href":"https:\/\/as-lightsound.de\/wordpress\/wp-json\/wp\/v2\/media\/1930"}],"wp:attachment":[{"href":"https:\/\/as-lightsound.de\/wordpress\/wp-json\/wp\/v2\/media?parent=1330"}],"wp:term":[{"taxonomy":"product_brand","embeddable":true,"href":"https:\/\/as-lightsound.de\/wordpress\/wp-json\/wp\/v2\/product_brand?post=1330"},{"taxonomy":"product_cat","embeddable":true,"href":"https:\/\/as-lightsound.de\/wordpress\/wp-json\/wp\/v2\/product_cat?post=1330"},{"taxonomy":"product_tag","embeddable":true,"href":"https:\/\/as-lightsound.de\/wordpress\/wp-json\/wp\/v2\/product_tag?post=1330"}],"curies":[{"name":"wp","href":"https:\/\/api.w.org\/{rel}","templated":true}]}}