{"id":1325,"date":"2024-04-19T19:42:18","date_gmt":"2024-04-19T17:42:18","guid":{"rendered":"https:\/\/as-lightsound.de\/wordpress\/?post_type=product&#038;p=1325"},"modified":"2025-10-09T13:14:21","modified_gmt":"2025-10-09T11:14:21","slug":"icom-hm-158la-lautsprecher-mikrofon","status":"publish","type":"product","link":"https:\/\/as-lightsound.de\/wordpress\/product\/icom-hm-158la-lautsprecher-mikrofon\/","title":{"rendered":"Icom HM-158LA Lautsprecher-Mikrofon \/ Rasierer"},"content":{"rendered":"<p data-start=\"80\" data-end=\"473\">Das <strong data-start=\"84\" data-end=\"101\">Icom HM-158LA<\/strong> ist ein kompaktes Lautsprecher-Mikrofon zur Kopplung mit kompatiblen Handfunkger\u00e4ten. Integriert ist eine 3,5 mm-Buchse f\u00fcr einen separaten Ohrh\u00f6rer, zus\u00e4tzlich zur Hauptlautsprecherfunktion. Der 8-Position-Drehclip erlaubt flexible Befestigung am G\u00fcrtel oder Kleidungsst\u00fcck. Das Ger\u00e4t besitzt eine ca. 490 mm lange Kabel-Verbindung (aufgewickelt) und wiegt rund 125 g.<\/p>\n<div class=\"_tableContainer_1rjym_1\">\n<div class=\"group _tableWrapper_1rjym_13 flex w-fit flex-col-reverse\" tabindex=\"-1\">\n<table class=\"w-fit min-w-(--thread-content-width)\" data-start=\"475\" data-end=\"822\">\n<thead data-start=\"475\" data-end=\"510\">\n<tr data-start=\"475\" data-end=\"510\">\n<th data-start=\"475\" data-end=\"498\" data-col-size=\"sm\"><strong data-start=\"477\" data-end=\"497\">Technische Daten<\/strong><\/th>\n<th data-start=\"498\" data-end=\"510\" data-col-size=\"md\"><strong data-start=\"500\" data-end=\"508\">Wert<\/strong><\/th>\n<\/tr>\n<\/thead>\n<tbody data-start=\"549\" data-end=\"822\">\n<tr data-start=\"549\" data-end=\"597\">\n<td data-start=\"549\" data-end=\"561\" data-col-size=\"sm\">Anschluss<\/td>\n<td data-start=\"561\" data-end=\"597\" data-col-size=\"md\">2-Pin Schraubverbindung (LA-Typ)<\/td>\n<\/tr>\n<tr data-start=\"598\" data-end=\"635\">\n<td data-start=\"598\" data-end=\"618\" data-col-size=\"sm\">Ohrh\u00f6reranschluss<\/td>\n<td data-start=\"618\" data-end=\"635\" data-col-size=\"md\">3,5 mm Buchse<\/td>\n<\/tr>\n<tr data-start=\"636\" data-end=\"678\">\n<td data-start=\"636\" data-end=\"664\" data-col-size=\"sm\">Kabell\u00e4nge (aufgewickelt)<\/td>\n<td data-col-size=\"md\" data-start=\"664\" data-end=\"678\">ca. 490 mm<\/td>\n<\/tr>\n<tr data-start=\"679\" data-end=\"702\">\n<td data-start=\"679\" data-end=\"689\" data-col-size=\"sm\">Gewicht<\/td>\n<td data-start=\"689\" data-end=\"702\" data-col-size=\"md\">ca. 125 g<\/td>\n<\/tr>\n<tr data-start=\"703\" data-end=\"745\">\n<td data-start=\"703\" data-end=\"722\" data-col-size=\"sm\">Clip-Mechanismus<\/td>\n<td data-start=\"722\" data-end=\"745\" data-col-size=\"md\">8-Position Drehclip<\/td>\n<\/tr>\n<tr data-start=\"746\" data-end=\"822\">\n<td data-start=\"746\" data-end=\"764\" data-col-size=\"sm\">Mikrofonprinzip<\/td>\n<td data-start=\"764\" data-end=\"822\" data-col-size=\"md\">Lautsprecher-Mikrofon (Sprech-\/H\u00f6rfunktion kombiniert)<\/td>\n<\/tr>\n<\/tbody>\n<\/table>\n<\/div>\n<\/div>\n","protected":false},"excerpt":{"rendered":"<p>12 vorr\u00e4tig<\/p>\n","protected":false},"featured_media":1931,"template":"","meta":[],"product_brand":[],"product_cat":[76],"product_tag":[],"class_list":{"0":"post-1325","1":"product","2":"type-product","3":"status-publish","4":"has-post-thumbnail","6":"product_cat-sonstiges-allgemein","8":"first","9":"instock","10":"taxable","11":"shipping-taxable","12":"purchasable","13":"product-type-simple"},"_links":{"self":[{"href":"https:\/\/as-lightsound.de\/wordpress\/wp-json\/wp\/v2\/product\/1325","targetHints":{"allow":["GET"]}}],"collection":[{"href":"https:\/\/as-lightsound.de\/wordpress\/wp-json\/wp\/v2\/product"}],"about":[{"href":"https:\/\/as-lightsound.de\/wordpress\/wp-json\/wp\/v2\/types\/product"}],"wp:featuredmedia":[{"embeddable":true,"href":"https:\/\/as-lightsound.de\/wordpress\/wp-json\/wp\/v2\/media\/1931"}],"wp:attachment":[{"href":"https:\/\/as-lightsound.de\/wordpress\/wp-json\/wp\/v2\/media?parent=1325"}],"wp:term":[{"taxonomy":"product_brand","embeddable":true,"href":"https:\/\/as-lightsound.de\/wordpress\/wp-json\/wp\/v2\/product_brand?post=1325"},{"taxonomy":"product_cat","embeddable":true,"href":"https:\/\/as-lightsound.de\/wordpress\/wp-json\/wp\/v2\/product_cat?post=1325"},{"taxonomy":"product_tag","embeddable":true,"href":"https:\/\/as-lightsound.de\/wordpress\/wp-json\/wp\/v2\/product_tag?post=1325"}],"curies":[{"name":"wp","href":"https:\/\/api.w.org\/{rel}","templated":true}]}}

<p data-start="80" data-end="473">Das <strong data-start="84" data-end="101">Icom HM-158LA</strong> ist ein kompaktes Lautsprecher-Mikrofon zur Kopplung mit kompatiblen Handfunkgeräten. Integriert ist eine 3,5 mm-Buchse für einen separaten Ohrhörer, zusätzlich zur Hauptlautsprecherfunktion. Der 8-Position-Drehclip erlaubt flexible Befestigung am Gürtel oder Kleidungsstück. Das Gerät besitzt eine ca. 490 mm lange Kabel-Verbindung (aufgewickelt) und wiegt rund 125 g.</p>
<div class="_tableContainer_1rjym_1">
<div class="group _tableWrapper_1rjym_13 flex w-fit flex-col-reverse" tabindex="-1">
<table class="w-fit min-w-(--thread-content-width)" data-start="475" data-end="822">
<thead data-start="475" data-end="510">
<tr data-start="475" data-end="510">
<th data-start="475" data-end="498" data-col-size="sm"><strong data-start="477" data-end="497">Technische Daten</strong></th>
<th data-start="498" data-end="510" data-col-size="md"><strong data-start="500" data-end="508">Wert</strong></th>
</tr>
</thead>
<tbody data-start="549" data-end="822">
<tr data-start="549" data-end="597">
<td data-start="549" data-end="561" data-col-size="sm">Anschluss</td>
<td data-start="561" data-end="597" data-col-size="md">2-Pin Schraubverbindung (LA-Typ)</td>
</tr>
<tr data-start="598" data-end="635">
<td data-start="598" data-end="618" data-col-size="sm">Ohrhöreranschluss</td>
<td data-start="618" data-end="635" data-col-size="md">3,5 mm Buchse</td>
</tr>
<tr data-start="636" data-end="678">
<td data-start="636" data-end="664" data-col-size="sm">Kabellänge (aufgewickelt)</td>
<td data-col-size="md" data-start="664" data-end="678">ca. 490 mm</td>
</tr>
<tr data-start="679" data-end="702">
<td data-start="679" data-end="689" data-col-size="sm">Gewicht</td>
<td data-start="689" data-end="702" data-col-size="md">ca. 125 g</td>
</tr>
<tr data-start="703" data-end="745">
<td data-start="703" data-end="722" data-col-size="sm">Clip-Mechanismus</td>
<td data-start="722" data-end="745" data-col-size="md">8-Position Drehclip</td>
</tr>
<tr data-start="746" data-end="822">
<td data-start="746" data-end="764" data-col-size="sm">Mikrofonprinzip</td>
<td data-start="764" data-end="822" data-col-size="md">Lautsprecher-Mikrofon (Sprech-/Hörfunktion kombiniert)</td>
</tr>
</tbody>
</table>
</div>
</div>

<p>12 vorrätig</p>
