{"id":1297,"date":"2024-02-05T09:30:22","date_gmt":"2024-02-05T08:30:22","guid":{"rendered":"https:\/\/as-lightsound.de\/wordpress\/?post_type=product&#038;p=1297"},"modified":"2025-11-05T15:13:14","modified_gmt":"2025-11-05T14:13:14","slug":"shure-ad1-g56-digital-taschensender-bodypack","status":"publish","type":"product","link":"https:\/\/as-lightsound.de\/wordpress\/product\/shure-ad1-g56-digital-taschensender-bodypack\/","title":{"rendered":"Shure AD1 G56 Digital-Taschensender (Bodypack)"},"content":{"rendered":"<p data-start=\"61\" data-end=\"572\">Der <strong data-start=\"65\" data-end=\"82\">Shure AD1 G56<\/strong> ist ein professioneller digitaler Taschensender der Axient Digital Serie, konzipiert f\u00fcr h\u00f6chste Signalqualit\u00e4t und Zuverl\u00e4ssigkeit im Live-, Theater- und Broadcast-Bereich. Mit 24-Bit\/48 kHz-Audioaufl\u00f6sung, umschaltbarer Sendeleistung und robuster Metallkonstruktion liefert er transparente Klang\u00fcbertragung bei minimaler Latenz. Der AD1 ist vollst\u00e4ndig kompatibel mit Axient Digital Empf\u00e4ngern und erm\u00f6glicht pr\u00e4zise Steuerung \u00fcber Shure Wireless Workbench oder Netzwerkschnittstellen.<\/p>\n<hr data-start=\"574\" data-end=\"577\" \/>\n<h3 data-start=\"579\" data-end=\"612\">Technische Daten (Tech Specs)<\/h3>\n<div class=\"_tableContainer_1rjym_1\">\n<div class=\"group _tableWrapper_1rjym_13 flex w-fit flex-col-reverse\" tabindex=\"-1\">\n<table class=\"w-fit min-w-(--thread-content-width)\" data-start=\"614\" data-end=\"1655\">\n<thead data-start=\"614\" data-end=\"632\">\n<tr data-start=\"614\" data-end=\"632\">\n<th data-start=\"614\" data-end=\"624\" data-col-size=\"sm\">Merkmal<\/th>\n<th data-start=\"624\" data-end=\"632\" data-col-size=\"md\">Wert<\/th>\n<\/tr>\n<\/thead>\n<tbody data-start=\"653\" data-end=\"1655\">\n<tr data-start=\"653\" data-end=\"683\">\n<td data-start=\"653\" data-end=\"666\" data-col-size=\"sm\"><strong data-start=\"655\" data-end=\"665\">Modell<\/strong><\/td>\n<td data-start=\"666\" data-end=\"683\" data-col-size=\"md\">Shure AD1 G56<\/td>\n<\/tr>\n<tr data-start=\"684\" data-end=\"714\">\n<td data-start=\"684\" data-end=\"696\" data-col-size=\"sm\"><strong data-start=\"686\" data-end=\"695\">Serie<\/strong><\/td>\n<td data-start=\"696\" data-end=\"714\" data-col-size=\"md\">Axient Digital<\/td>\n<\/tr>\n<tr data-start=\"715\" data-end=\"757\">\n<td data-start=\"715\" data-end=\"740\" data-col-size=\"sm\"><strong data-start=\"717\" data-end=\"739\">Frequenzband (G56)<\/strong><\/td>\n<td data-start=\"740\" data-end=\"757\" data-col-size=\"md\">470 \u2013 636 MHz<\/td>\n<\/tr>\n<tr data-start=\"758\" data-end=\"811\">\n<td data-start=\"758\" data-end=\"783\" data-col-size=\"sm\"><strong data-start=\"760\" data-end=\"782\">Signalverarbeitung<\/strong><\/td>\n<td data-start=\"783\" data-end=\"811\" data-col-size=\"md\">Digital, 24 Bit \/ 48 kHz<\/td>\n<\/tr>\n<tr data-start=\"812\" data-end=\"837\">\n<td data-start=\"812\" data-end=\"829\" data-col-size=\"sm\"><strong data-start=\"814\" data-end=\"828\">Modulation<\/strong><\/td>\n<td data-start=\"829\" data-end=\"837\" data-col-size=\"md\">QPSK<\/td>\n<\/tr>\n<tr data-start=\"838\" data-end=\"890\">\n<td data-start=\"838\" data-end=\"858\" data-col-size=\"sm\"><strong data-start=\"840\" data-end=\"857\">Sendeleistung<\/strong><\/td>\n<td data-start=\"858\" data-end=\"890\" data-col-size=\"md\">2 \/ 10 \/ 35 mW (umschaltbar)<\/td>\n<\/tr>\n<tr data-start=\"891\" data-end=\"942\">\n<td data-start=\"891\" data-end=\"917\" data-col-size=\"sm\"><strong data-start=\"893\" data-end=\"916\">Audio-Dynamikumfang<\/strong><\/td>\n<td data-start=\"917\" data-end=\"942\" data-col-size=\"md\">&gt; 120 dB (A-bewertet)<\/td>\n<\/tr>\n<tr data-start=\"943\" data-end=\"988\">\n<td data-start=\"943\" data-end=\"962\" data-col-size=\"sm\"><strong data-start=\"945\" data-end=\"961\">Frequenzgang<\/strong><\/td>\n<td data-start=\"962\" data-end=\"988\" data-col-size=\"md\">20 Hz \u2013 20 kHz (\u00b11 dB)<\/td>\n<\/tr>\n<tr data-start=\"989\" data-end=\"1063\">\n<td data-start=\"989\" data-end=\"1010\" data-col-size=\"sm\"><strong data-start=\"991\" data-end=\"1009\">Eingangsbuchse<\/strong><\/td>\n<td data-start=\"1010\" data-end=\"1063\" data-col-size=\"md\">TA4M Mini-XLR (f\u00fcr Lavalier, Headset, Instrument)<\/td>\n<\/tr>\n<tr data-start=\"1064\" data-end=\"1106\">\n<td data-start=\"1064\" data-end=\"1094\" data-col-size=\"sm\"><strong data-start=\"1066\" data-end=\"1093\">Maximaler Eingangspegel<\/strong><\/td>\n<td data-start=\"1094\" data-end=\"1106\" data-col-size=\"md\">+8,5 dBV<\/td>\n<\/tr>\n<tr data-start=\"1107\" data-end=\"1175\">\n<td data-start=\"1107\" data-end=\"1135\" data-col-size=\"sm\"><strong data-start=\"1109\" data-end=\"1134\">Audioeingangsimpedanz<\/strong><\/td>\n<td data-start=\"1135\" data-end=\"1175\" data-col-size=\"md\">1 M\u03a9 (Instrument), 1,5 k\u03a9 (Mikrofon)<\/td>\n<\/tr>\n<tr data-start=\"1176\" data-end=\"1247\">\n<td data-start=\"1176\" data-end=\"1190\" data-col-size=\"sm\"><strong data-start=\"1178\" data-end=\"1189\">Akkutyp<\/strong><\/td>\n<td data-start=\"1190\" data-end=\"1247\" data-col-size=\"md\">Shure SB900A Lithium-Ionen-Akku oder 2 \u00d7 AA-Batterien<\/td>\n<\/tr>\n<tr data-start=\"1248\" data-end=\"1295\">\n<td data-start=\"1248\" data-end=\"1268\" data-col-size=\"sm\"><strong data-start=\"1250\" data-end=\"1267\">Betriebsdauer<\/strong><\/td>\n<td data-start=\"1268\" data-end=\"1295\" data-col-size=\"md\">bis zu 9 h (mit SB900A)<\/td>\n<\/tr>\n<tr data-start=\"1296\" data-end=\"1340\">\n<td data-start=\"1296\" data-end=\"1318\" data-col-size=\"sm\"><strong data-start=\"1298\" data-end=\"1317\">Geh\u00e4usematerial<\/strong><\/td>\n<td data-start=\"1318\" data-end=\"1340\" data-col-size=\"md\">Aluminiumdruckguss<\/td>\n<\/tr>\n<tr data-start=\"1341\" data-end=\"1414\">\n<td data-start=\"1341\" data-end=\"1367\" data-col-size=\"sm\"><strong data-start=\"1343\" data-end=\"1366\">Display \/ Steuerung<\/strong><\/td>\n<td data-start=\"1367\" data-end=\"1414\" data-col-size=\"md\">LC-Display mit Men\u00fcf\u00fchrung, Tastenbedienung<\/td>\n<\/tr>\n<tr data-start=\"1415\" data-end=\"1464\">\n<td data-start=\"1415\" data-end=\"1445\" data-col-size=\"sm\"><strong data-start=\"1417\" data-end=\"1444\">Abmessungen (B \u00d7 H \u00d7 T)<\/strong><\/td>\n<td data-start=\"1445\" data-end=\"1464\" data-col-size=\"md\">67 \u00d7 86 \u00d7 23 mm<\/td>\n<\/tr>\n<tr data-start=\"1465\" data-end=\"1503\">\n<td data-start=\"1465\" data-end=\"1479\" data-col-size=\"sm\"><strong data-start=\"1467\" data-end=\"1478\">Gewicht<\/strong><\/td>\n<td data-start=\"1479\" data-end=\"1503\" data-col-size=\"md\">ca. 155 g (mit Akku)<\/td>\n<\/tr>\n<tr data-start=\"1504\" data-end=\"1565\">\n<td data-start=\"1504\" data-end=\"1528\" data-col-size=\"sm\"><strong data-start=\"1506\" data-end=\"1527\">Netzwerkf\u00e4higkeit<\/strong><\/td>\n<td data-start=\"1528\" data-end=\"1565\" data-col-size=\"md\">Kompatibel mit Wireless Workbench<\/td>\n<\/tr>\n<tr data-start=\"1566\" data-end=\"1655\">\n<td data-start=\"1566\" data-end=\"1589\" data-col-size=\"sm\"><strong data-start=\"1568\" data-end=\"1588\">Schutzfunktionen<\/strong><\/td>\n<td data-start=\"1589\" data-end=\"1655\" data-col-size=\"md\">\u00dcbersteuerungsschutz, Temperatur\u00fcberwachung, Energiemanagement<\/td>\n<\/tr>\n<\/tbody>\n<\/table>\n<\/div>\n<\/div>\n","protected":false},"excerpt":{"rendered":"<p>13 vorr\u00e4tig<\/p>\n","protected":false},"featured_media":1298,"template":"","meta":[],"product_brand":[],"product_cat":[23],"product_tag":[],"class_list":{"0":"post-1297","1":"product","2":"type-product","3":"status-publish","4":"has-post-thumbnail","6":"product_cat-wireless","8":"first","9":"instock","10":"taxable","11":"shipping-taxable","12":"purchasable","13":"product-type-simple"},"_links":{"self":[{"href":"https:\/\/as-lightsound.de\/wordpress\/wp-json\/wp\/v2\/product\/1297","targetHints":{"allow":["GET"]}}],"collection":[{"href":"https:\/\/as-lightsound.de\/wordpress\/wp-json\/wp\/v2\/product"}],"about":[{"href":"https:\/\/as-lightsound.de\/wordpress\/wp-json\/wp\/v2\/types\/product"}],"wp:featuredmedia":[{"embeddable":true,"href":"https:\/\/as-lightsound.de\/wordpress\/wp-json\/wp\/v2\/media\/1298"}],"wp:attachment":[{"href":"https:\/\/as-lightsound.de\/wordpress\/wp-json\/wp\/v2\/media?parent=1297"}],"wp:term":[{"taxonomy":"product_brand","embeddable":true,"href":"https:\/\/as-lightsound.de\/wordpress\/wp-json\/wp\/v2\/product_brand?post=1297"},{"taxonomy":"product_cat","embeddable":true,"href":"https:\/\/as-lightsound.de\/wordpress\/wp-json\/wp\/v2\/product_cat?post=1297"},{"taxonomy":"product_tag","embeddable":true,"href":"https:\/\/as-lightsound.de\/wordpress\/wp-json\/wp\/v2\/product_tag?post=1297"}],"curies":[{"name":"wp","href":"https:\/\/api.w.org\/{rel}","templated":true}]}}