{"id":1272,"date":"2023-11-14T16:18:18","date_gmt":"2023-11-14T15:18:18","guid":{"rendered":"https:\/\/as-lightsound.de\/wordpress\/?post_type=product&#038;p=1272"},"modified":"2025-10-08T11:34:57","modified_gmt":"2025-10-08T09:34:57","slug":"sennheiser-iem-g4-a-band-sender","status":"publish","type":"product","link":"https:\/\/as-lightsound.de\/wordpress\/product\/sennheiser-iem-g4-a-band-sender\/","title":{"rendered":"Sennheiser IEM G4 A Band Set"},"content":{"rendered":"<p data-start=\"59\" data-end=\"468\">Das <strong data-start=\"63\" data-end=\"95\">Sennheiser IEM G4 A Band Set<\/strong> ist ein professionelles In-Ear-Monitoring-System f\u00fcr B\u00fchne, Broadcast und Live-Anwendungen. Es bietet stabile HF-\u00dcbertragung, exzellente Klangqualit\u00e4t und einfache Bedienung. Mit 42 MHz Schaltbandbreite, bis zu 16 parallel nutzbaren Kan\u00e4len und dem robusten Metallgeh\u00e4use ist das IEM G4 ideal f\u00fcr Musiker und Techniker, die zuverl\u00e4ssiges drahtloses Monitoring ben\u00f6tigen.<\/p>\n<hr data-start=\"470\" data-end=\"473\" \/>\n<h3 data-start=\"475\" data-end=\"508\">Technische Daten (Tech Specs)<\/h3>\n<div class=\"_tableContainer_1rjym_1\">\n<div class=\"group _tableWrapper_1rjym_13 flex w-fit flex-col-reverse\" tabindex=\"-1\">\n<table class=\"w-fit min-w-(--thread-content-width)\" data-start=\"510\" data-end=\"1673\">\n<thead data-start=\"510\" data-end=\"528\">\n<tr data-start=\"510\" data-end=\"528\">\n<th data-start=\"510\" data-end=\"520\" data-col-size=\"sm\">Merkmal<\/th>\n<th data-start=\"520\" data-end=\"528\" data-col-size=\"md\">Wert<\/th>\n<\/tr>\n<\/thead>\n<tbody data-start=\"549\" data-end=\"1673\">\n<tr data-start=\"549\" data-end=\"590\">\n<td data-start=\"549\" data-end=\"562\" data-col-size=\"sm\"><strong data-start=\"551\" data-end=\"561\">Modell<\/strong><\/td>\n<td data-start=\"562\" data-end=\"590\" data-col-size=\"md\">Sennheiser IEM G4 A Band<\/td>\n<\/tr>\n<tr data-start=\"591\" data-end=\"639\">\n<td data-start=\"591\" data-end=\"622\" data-col-size=\"sm\"><strong data-start=\"593\" data-end=\"621\">Frequenzbereich (A Band)<\/strong><\/td>\n<td data-start=\"622\" data-end=\"639\" data-col-size=\"md\">516 \u2013 558 MHz<\/td>\n<\/tr>\n<tr data-start=\"640\" data-end=\"673\">\n<td data-start=\"640\" data-end=\"663\" data-col-size=\"sm\"><strong data-start=\"642\" data-end=\"662\">Schaltbandbreite<\/strong><\/td>\n<td data-start=\"663\" data-end=\"673\" data-col-size=\"md\">42 MHz<\/td>\n<\/tr>\n<tr data-start=\"674\" data-end=\"752\">\n<td data-start=\"674\" data-end=\"700\" data-col-size=\"sm\"><strong data-start=\"676\" data-end=\"699\">Frequenzen \/ Kan\u00e4le<\/strong><\/td>\n<td data-start=\"700\" data-end=\"752\" data-col-size=\"md\">Bis zu 1.680 Frequenzen, 16 gleichzeitig nutzbar<\/td>\n<\/tr>\n<tr data-start=\"753\" data-end=\"784\">\n<td data-start=\"753\" data-end=\"770\" data-col-size=\"sm\"><strong data-start=\"755\" data-end=\"769\">Modulation<\/strong><\/td>\n<td data-start=\"770\" data-end=\"784\" data-col-size=\"md\">FM, Stereo<\/td>\n<\/tr>\n<tr data-start=\"785\" data-end=\"827\">\n<td data-start=\"785\" data-end=\"809\" data-col-size=\"sm\"><strong data-start=\"787\" data-end=\"808\">Audiofrequenzgang<\/strong><\/td>\n<td data-start=\"809\" data-end=\"827\" data-col-size=\"md\">25 Hz \u2013 18 kHz<\/td>\n<\/tr>\n<tr data-start=\"828\" data-end=\"880\">\n<td data-start=\"828\" data-end=\"856\" data-col-size=\"sm\"><strong data-start=\"830\" data-end=\"855\">Signal-Rausch-Abstand<\/strong><\/td>\n<td data-start=\"856\" data-end=\"880\" data-col-size=\"md\">&gt; 90 dB (A-bewertet)<\/td>\n<\/tr>\n<tr data-start=\"881\" data-end=\"916\">\n<td data-start=\"881\" data-end=\"905\" data-col-size=\"sm\"><strong data-start=\"883\" data-end=\"904\">Klirrfaktor (THD)<\/strong><\/td>\n<td data-start=\"905\" data-end=\"916\" data-col-size=\"md\">&lt; 0,9 %<\/td>\n<\/tr>\n<tr data-start=\"917\" data-end=\"982\">\n<td data-start=\"917\" data-end=\"949\" data-col-size=\"sm\"><strong data-start=\"919\" data-end=\"948\">Ausgangsleistung (Sender)<\/strong><\/td>\n<td data-start=\"949\" data-end=\"982\" data-col-size=\"md\">10 \/ 30 \/ 50 mW (umschaltbar)<\/td>\n<\/tr>\n<tr data-start=\"983\" data-end=\"1054\">\n<td data-start=\"983\" data-end=\"1011\" data-col-size=\"sm\"><strong data-start=\"985\" data-end=\"1010\">Empf\u00e4nger (EK IEM G4)<\/strong><\/td>\n<td data-start=\"1011\" data-end=\"1054\" data-col-size=\"md\">Diversity-Empfang, 3,5 mm Stereo-Klinke<\/td>\n<\/tr>\n<tr data-start=\"1055\" data-end=\"1132\">\n<td data-start=\"1055\" data-end=\"1081\" data-col-size=\"sm\"><strong data-start=\"1057\" data-end=\"1080\">Display \/ Steuerung<\/strong><\/td>\n<td data-start=\"1081\" data-end=\"1132\" data-col-size=\"md\">LC-Display mit Men\u00fcf\u00fchrung (Sender &amp; Empf\u00e4nger)<\/td>\n<\/tr>\n<tr data-start=\"1133\" data-end=\"1203\">\n<td data-start=\"1133\" data-end=\"1162\" data-col-size=\"sm\"><strong data-start=\"1135\" data-end=\"1161\">Audioeing\u00e4nge (Sender)<\/strong><\/td>\n<td data-start=\"1162\" data-end=\"1203\" data-col-size=\"md\">2 \u00d7 XLR \/ 6,3 mm Klinke (symmetrisch)<\/td>\n<\/tr>\n<tr data-start=\"1204\" data-end=\"1255\">\n<td data-start=\"1204\" data-end=\"1235\" data-col-size=\"sm\"><strong data-start=\"1206\" data-end=\"1234\">Stromversorgung (Sender)<\/strong><\/td>\n<td data-start=\"1235\" data-end=\"1255\" data-col-size=\"md\">12 V DC Netzteil<\/td>\n<\/tr>\n<tr data-start=\"1256\" data-end=\"1339\">\n<td data-start=\"1256\" data-end=\"1290\" data-col-size=\"sm\"><strong data-start=\"1258\" data-end=\"1289\">Stromversorgung (Empf\u00e4nger)<\/strong><\/td>\n<td data-start=\"1290\" data-end=\"1339\" data-col-size=\"md\">2 \u00d7 AA-Batterien oder optionaler Akku BA 2015<\/td>\n<\/tr>\n<tr data-start=\"1340\" data-end=\"1413\">\n<td data-start=\"1340\" data-end=\"1372\" data-col-size=\"sm\"><strong data-start=\"1342\" data-end=\"1371\">Betriebsdauer (Empf\u00e4nger)<\/strong><\/td>\n<td data-start=\"1372\" data-end=\"1413\" data-col-size=\"md\">ca. 8 h (Batterien) \/ ca. 10 h (Akku)<\/td>\n<\/tr>\n<tr data-start=\"1414\" data-end=\"1472\">\n<td data-start=\"1414\" data-end=\"1451\" data-col-size=\"sm\"><strong data-start=\"1416\" data-end=\"1450\">Abmessungen Sender (B \u00d7 H \u00d7 T)<\/strong><\/td>\n<td data-start=\"1451\" data-end=\"1472\" data-col-size=\"md\">212 \u00d7 44 \u00d7 189 mm<\/td>\n<\/tr>\n<tr data-start=\"1473\" data-end=\"1507\">\n<td data-start=\"1473\" data-end=\"1494\" data-col-size=\"sm\"><strong data-start=\"1475\" data-end=\"1493\">Gewicht Sender<\/strong><\/td>\n<td data-start=\"1494\" data-end=\"1507\" data-col-size=\"md\">ca. 980 g<\/td>\n<\/tr>\n<tr data-start=\"1508\" data-end=\"1567\">\n<td data-start=\"1508\" data-end=\"1548\" data-col-size=\"sm\"><strong data-start=\"1510\" data-end=\"1547\">Abmessungen Empf\u00e4nger (B \u00d7 H \u00d7 T)<\/strong><\/td>\n<td data-start=\"1548\" data-end=\"1567\" data-col-size=\"md\">82 \u00d7 64 \u00d7 24 mm<\/td>\n<\/tr>\n<tr data-start=\"1568\" data-end=\"1621\">\n<td data-start=\"1568\" data-end=\"1592\" data-col-size=\"sm\"><strong data-start=\"1570\" data-end=\"1591\">Gewicht Empf\u00e4nger<\/strong><\/td>\n<td data-start=\"1592\" data-end=\"1621\" data-col-size=\"md\">ca. 125 g (mit Batterien)<\/td>\n<\/tr>\n<tr data-start=\"1622\" data-end=\"1673\">\n<td data-start=\"1622\" data-end=\"1636\" data-col-size=\"sm\"><strong data-start=\"1624\" data-end=\"1635\">Geh\u00e4use<\/strong><\/td>\n<td data-start=\"1636\" data-end=\"1673\" data-col-size=\"md\">Vollmetall (Sender und Empf\u00e4nger)<\/td>\n<\/tr>\n<\/tbody>\n<\/table>\n<\/div>\n<\/div>\n","protected":false},"excerpt":{"rendered":"<p>20 vorr\u00e4tig<\/p>\n","protected":false},"featured_media":1273,"template":"","meta":[],"product_brand":[],"product_cat":[23],"product_tag":[],"class_list":{"0":"post-1272","1":"product","2":"type-product","3":"status-publish","4":"has-post-thumbnail","6":"product_cat-wireless","8":"first","9":"instock","10":"taxable","11":"shipping-taxable","12":"purchasable","13":"product-type-simple"},"_links":{"self":[{"href":"https:\/\/as-lightsound.de\/wordpress\/wp-json\/wp\/v2\/product\/1272","targetHints":{"allow":["GET"]}}],"collection":[{"href":"https:\/\/as-lightsound.de\/wordpress\/wp-json\/wp\/v2\/product"}],"about":[{"href":"https:\/\/as-lightsound.de\/wordpress\/wp-json\/wp\/v2\/types\/product"}],"wp:featuredmedia":[{"embeddable":true,"href":"https:\/\/as-lightsound.de\/wordpress\/wp-json\/wp\/v2\/media\/1273"}],"wp:attachment":[{"href":"https:\/\/as-lightsound.de\/wordpress\/wp-json\/wp\/v2\/media?parent=1272"}],"wp:term":[{"taxonomy":"product_brand","embeddable":true,"href":"https:\/\/as-lightsound.de\/wordpress\/wp-json\/wp\/v2\/product_brand?post=1272"},{"taxonomy":"product_cat","embeddable":true,"href":"https:\/\/as-lightsound.de\/wordpress\/wp-json\/wp\/v2\/product_cat?post=1272"},{"taxonomy":"product_tag","embeddable":true,"href":"https:\/\/as-lightsound.de\/wordpress\/wp-json\/wp\/v2\/product_tag?post=1272"}],"curies":[{"name":"wp","href":"https:\/\/api.w.org\/{rel}","templated":true}]}}