{"id":1119,"date":"2023-08-03T19:19:59","date_gmt":"2023-08-03T17:19:59","guid":{"rendered":"https:\/\/as-lightsound.de\/wordpress\/?post_type=product&#038;p=1119"},"modified":"2025-10-09T13:16:20","modified_gmt":"2025-10-09T11:16:20","slug":"axxent-intercom-d-800-pro-hoersprechgarnitur-2-ohrmuscheln","status":"publish","type":"product","link":"https:\/\/as-lightsound.de\/wordpress\/product\/axxent-intercom-d-800-pro-hoersprechgarnitur-2-ohrmuscheln\/","title":{"rendered":"Axxent Intercom D-800 Pro H\u00f6rsprechgarnitur \/ 2 Ohrmuscheln"},"content":{"rendered":"<p data-start=\"72\" data-end=\"575\">Die <strong data-start=\"76\" data-end=\"96\">Axxent D-800 Pro<\/strong> ist eine professionelle Intercom-H\u00f6rsprechgarnitur mit zwei Ohrmuscheln und flexiblem Mikrofonarm. Sie ist ausgelegt f\u00fcr anspruchsvolle Kommunikation in Veranstaltungs-, Rundfunk- und Technikumgebungen, bei denen Umgebungsger\u00e4usche ausgeblendet werden sollen. Beide Ohrh\u00f6rer liefern klare Wiedergabe, w\u00e4hrend der schwenkbare Mikrofonarm mit integriertem PTT-Schalter die Sprach\u00fcbertragung steuert. Die Konstruktion ist robust und ergonomisch gestaltet f\u00fcr dauerhaften Betrieb.<\/p>\n<div class=\"_tableContainer_1rjym_1\">\n<div class=\"group _tableWrapper_1rjym_13 flex w-fit flex-col-reverse\" tabindex=\"-1\">\n<table class=\"w-fit min-w-(--thread-content-width)\" data-start=\"577\" data-end=\"999\">\n<thead data-start=\"577\" data-end=\"612\">\n<tr data-start=\"577\" data-end=\"612\">\n<th data-start=\"577\" data-end=\"600\" data-col-size=\"sm\"><strong data-start=\"579\" data-end=\"599\">Technische Daten<\/strong><\/th>\n<th data-start=\"600\" data-end=\"612\" data-col-size=\"sm\"><strong data-start=\"602\" data-end=\"610\">Wert<\/strong><\/th>\n<\/tr>\n<\/thead>\n<tbody data-start=\"652\" data-end=\"999\">\n<tr data-start=\"652\" data-end=\"698\">\n<td data-start=\"652\" data-end=\"664\" data-col-size=\"sm\">Anschluss<\/td>\n<td data-start=\"664\" data-end=\"698\" data-col-size=\"sm\">4-poliger XLR Intercom-Stecker<\/td>\n<\/tr>\n<tr data-start=\"699\" data-end=\"738\">\n<td data-start=\"699\" data-end=\"713\" data-col-size=\"sm\">Ohrmuscheln<\/td>\n<td data-col-size=\"sm\" data-start=\"713\" data-end=\"738\">2 (Stereo-Ausf\u00fchrung)<\/td>\n<\/tr>\n<tr data-start=\"739\" data-end=\"781\">\n<td data-start=\"739\" data-end=\"753\" data-col-size=\"sm\">Mikrofontyp<\/td>\n<td data-start=\"753\" data-end=\"781\" data-col-size=\"sm\">Boom-Kondensatormikrofon<\/td>\n<\/tr>\n<tr data-start=\"782\" data-end=\"826\">\n<td data-start=\"782\" data-end=\"799\" data-col-size=\"sm\">Schaltfunktion<\/td>\n<td data-start=\"799\" data-end=\"826\" data-col-size=\"sm\">Schwenk-PTT am Mikrofon<\/td>\n<\/tr>\n<tr data-start=\"827\" data-end=\"860\">\n<td data-start=\"827\" data-end=\"851\" data-col-size=\"sm\">Impedanz der Ohrh\u00f6rer<\/td>\n<td data-col-size=\"sm\" data-start=\"851\" data-end=\"860\">150 \u03a9<\/td>\n<\/tr>\n<tr data-start=\"861\" data-end=\"896\">\n<td data-start=\"861\" data-end=\"879\" data-col-size=\"sm\">Empfindlichkeit<\/td>\n<td data-start=\"879\" data-end=\"896\" data-col-size=\"sm\">\u201320 dB \u00b1 3 dB<\/td>\n<\/tr>\n<tr data-start=\"897\" data-end=\"948\">\n<td data-start=\"897\" data-end=\"924\" data-col-size=\"sm\">Frequenzbereich Ohrh\u00f6rer<\/td>\n<td data-start=\"924\" data-end=\"948\" data-col-size=\"sm\">300 Hz bis 15.000 Hz<\/td>\n<\/tr>\n<tr data-start=\"949\" data-end=\"975\">\n<td data-start=\"949\" data-end=\"962\" data-col-size=\"sm\">Kabell\u00e4nge<\/td>\n<td data-start=\"962\" data-end=\"975\" data-col-size=\"sm\">ca. 1,8 m<\/td>\n<\/tr>\n<tr data-start=\"976\" data-end=\"999\">\n<td data-start=\"976\" data-end=\"986\" data-col-size=\"sm\">Gewicht<\/td>\n<td data-start=\"986\" data-end=\"999\" data-col-size=\"sm\">ca. 130 g<\/td>\n<\/tr>\n<\/tbody>\n<\/table>\n<\/div>\n<\/div>\n","protected":false},"excerpt":{"rendered":"<p>2 vorr\u00e4tig<\/p>\n","protected":false},"featured_media":1120,"template":"","meta":[],"product_brand":[],"product_cat":[76],"product_tag":[],"class_list":{"0":"post-1119","1":"product","2":"type-product","3":"status-publish","4":"has-post-thumbnail","6":"product_cat-sonstiges-allgemein","8":"first","9":"instock","10":"taxable","11":"shipping-taxable","12":"purchasable","13":"product-type-simple"},"_links":{"self":[{"href":"https:\/\/as-lightsound.de\/wordpress\/wp-json\/wp\/v2\/product\/1119","targetHints":{"allow":["GET"]}}],"collection":[{"href":"https:\/\/as-lightsound.de\/wordpress\/wp-json\/wp\/v2\/product"}],"about":[{"href":"https:\/\/as-lightsound.de\/wordpress\/wp-json\/wp\/v2\/types\/product"}],"wp:featuredmedia":[{"embeddable":true,"href":"https:\/\/as-lightsound.de\/wordpress\/wp-json\/wp\/v2\/media\/1120"}],"wp:attachment":[{"href":"https:\/\/as-lightsound.de\/wordpress\/wp-json\/wp\/v2\/media?parent=1119"}],"wp:term":[{"taxonomy":"product_brand","embeddable":true,"href":"https:\/\/as-lightsound.de\/wordpress\/wp-json\/wp\/v2\/product_brand?post=1119"},{"taxonomy":"product_cat","embeddable":true,"href":"https:\/\/as-lightsound.de\/wordpress\/wp-json\/wp\/v2\/product_cat?post=1119"},{"taxonomy":"product_tag","embeddable":true,"href":"https:\/\/as-lightsound.de\/wordpress\/wp-json\/wp\/v2\/product_tag?post=1119"}],"curies":[{"name":"wp","href":"https:\/\/api.w.org\/{rel}","templated":true}]}}

Axxent Intercom D-800 Pro Hörsprechgarnitur / 2 Ohrmuscheln

<p data-start="72" data-end="575">Die <strong data-start="76" data-end="96">Axxent D-800 Pro</strong> ist eine professionelle Intercom-Hörsprechgarnitur mit zwei Ohrmuscheln und flexiblem Mikrofonarm. Sie ist ausgelegt für anspruchsvolle Kommunikation in Veranstaltungs-, Rundfunk- und Technikumgebungen, bei denen Umgebungsgeräusche ausgeblendet werden sollen. Beide Ohrhörer liefern klare Wiedergabe, während der schwenkbare Mikrofonarm mit integriertem PTT-Schalter die Sprachübertragung steuert. Die Konstruktion ist robust und ergonomisch gestaltet für dauerhaften Betrieb.</p>
<div class="_tableContainer_1rjym_1">
<div class="group _tableWrapper_1rjym_13 flex w-fit flex-col-reverse" tabindex="-1">
<table class="w-fit min-w-(--thread-content-width)" data-start="577" data-end="999">
<thead data-start="577" data-end="612">
<tr data-start="577" data-end="612">
<th data-start="577" data-end="600" data-col-size="sm"><strong data-start="579" data-end="599">Technische Daten</strong></th>
<th data-start="600" data-end="612" data-col-size="sm"><strong data-start="602" data-end="610">Wert</strong></th>
</tr>
</thead>
<tbody data-start="652" data-end="999">
<tr data-start="652" data-end="698">
<td data-start="652" data-end="664" data-col-size="sm">Anschluss</td>
<td data-start="664" data-end="698" data-col-size="sm">4-poliger XLR Intercom-Stecker</td>
</tr>
<tr data-start="699" data-end="738">
<td data-start="699" data-end="713" data-col-size="sm">Ohrmuscheln</td>
<td data-col-size="sm" data-start="713" data-end="738">2 (Stereo-Ausführung)</td>
</tr>
<tr data-start="739" data-end="781">
<td data-start="739" data-end="753" data-col-size="sm">Mikrofontyp</td>
<td data-start="753" data-end="781" data-col-size="sm">Boom-Kondensatormikrofon</td>
</tr>
<tr data-start="782" data-end="826">
<td data-start="782" data-end="799" data-col-size="sm">Schaltfunktion</td>
<td data-start="799" data-end="826" data-col-size="sm">Schwenk-PTT am Mikrofon</td>
</tr>
<tr data-start="827" data-end="860">
<td data-start="827" data-end="851" data-col-size="sm">Impedanz der Ohrhörer</td>
<td data-col-size="sm" data-start="851" data-end="860">150 Ω</td>
</tr>
<tr data-start="861" data-end="896">
<td data-start="861" data-end="879" data-col-size="sm">Empfindlichkeit</td>
<td data-start="879" data-end="896" data-col-size="sm">–20 dB ± 3 dB</td>
</tr>
<tr data-start="897" data-end="948">
<td data-start="897" data-end="924" data-col-size="sm">Frequenzbereich Ohrhörer</td>
<td data-start="924" data-end="948" data-col-size="sm">300 Hz bis 15.000 Hz</td>
</tr>
<tr data-start="949" data-end="975">
<td data-start="949" data-end="962" data-col-size="sm">Kabellänge</td>
<td data-start="962" data-end="975" data-col-size="sm">ca. 1,8 m</td>
</tr>
<tr data-start="976" data-end="999">
<td data-start="976" data-end="986" data-col-size="sm">Gewicht</td>
<td data-start="986" data-end="999" data-col-size="sm">ca. 130 g</td>
</tr>
</tbody>
</table>
</div>
</div>

<p>2 vorrätig</p>
