{"id":1114,"date":"2023-08-03T19:13:50","date_gmt":"2023-08-03T17:13:50","guid":{"rendered":"https:\/\/as-lightsound.de\/wordpress\/?post_type=product&#038;p=1114"},"modified":"2025-10-09T09:29:45","modified_gmt":"2025-10-09T07:29:45","slug":"lps-bax-15000mw-rgb-60kpps","status":"publish","type":"product","link":"https:\/\/as-lightsound.de\/wordpress\/product\/lps-bax-15000mw-rgb-60kpps\/","title":{"rendered":"LPS BaX 15000mW RGB 60kpps"},"content":{"rendered":"<p data-start=\"59\" data-end=\"376\">Der <strong data-start=\"63\" data-end=\"95\">LPS BaX 15000 mW RGB 60 kpps<\/strong> ist ein Hochleistungslaser mit RGB-Dioden-Technologie und integriertem <strong data-start=\"167\" data-end=\"183\">Pangolin FB4<\/strong>-Kontrollsystem. Er vereint hohe Strahlkraft und moderne Steuerungsm\u00f6glichkeiten in einem kompakten Geh\u00e4use und eignet sich f\u00fcr anspruchsvolle Show-Anwendungen im Indoor- und Outdoor-Bereich.<\/p>\n<hr data-start=\"378\" data-end=\"381\" \/>\n<h3 data-start=\"383\" data-end=\"416\">Technische Daten (Tech Specs)<\/h3>\n<div class=\"_tableContainer_1rjym_1\">\n<div class=\"group _tableWrapper_1rjym_13 flex w-fit flex-col-reverse\" tabindex=\"-1\">\n<table class=\"w-fit min-w-(--thread-content-width)\" data-start=\"418\" data-end=\"1297\">\n<thead data-start=\"418\" data-end=\"436\">\n<tr data-start=\"418\" data-end=\"436\">\n<th data-start=\"418\" data-end=\"428\" data-col-size=\"sm\">Merkmal<\/th>\n<th data-start=\"428\" data-end=\"436\" data-col-size=\"md\">Wert<\/th>\n<\/tr>\n<\/thead>\n<tbody data-start=\"447\" data-end=\"1297\">\n<tr data-start=\"447\" data-end=\"484\">\n<td data-start=\"447\" data-end=\"460\" data-col-size=\"sm\"><strong data-start=\"449\" data-end=\"459\">Modell<\/strong><\/td>\n<td data-col-size=\"md\" data-start=\"460\" data-end=\"484\">LPS BaX 15000 mW RGB<\/td>\n<\/tr>\n<tr data-start=\"485\" data-end=\"554\">\n<td data-start=\"485\" data-end=\"518\" data-col-size=\"sm\"><strong data-start=\"487\" data-end=\"517\">Scanrate \/ Geschwindigkeit<\/strong><\/td>\n<td data-start=\"518\" data-end=\"554\" data-col-size=\"md\">60.000 Punkte pro Sekunde (kpps)<\/td>\n<\/tr>\n<tr data-start=\"555\" data-end=\"616\">\n<td data-start=\"555\" data-end=\"597\" data-col-size=\"sm\"><strong data-start=\"557\" data-end=\"596\">Laserleistung (R + G + B insgesamt)<\/strong><\/td>\n<td data-start=\"597\" data-end=\"616\" data-col-size=\"md\">15.000 mW (RGB)<\/td>\n<\/tr>\n<tr data-start=\"617\" data-end=\"680\">\n<td data-start=\"617\" data-end=\"642\" data-col-size=\"sm\"><strong data-start=\"619\" data-end=\"641\">Steuerung \/ System<\/strong><\/td>\n<td data-start=\"642\" data-end=\"680\" data-col-size=\"md\">Pangolin FB4 (Standard integriert)<\/td>\n<\/tr>\n<tr data-start=\"681\" data-end=\"731\">\n<td data-start=\"681\" data-end=\"708\" data-col-size=\"sm\"><strong data-start=\"683\" data-end=\"707\">Farbmodus \/ Farbraum<\/strong><\/td>\n<td data-start=\"708\" data-end=\"731\" data-col-size=\"md\">Vollfarbmodus (RGB)<\/td>\n<\/tr>\n<tr data-start=\"732\" data-end=\"789\">\n<td data-start=\"732\" data-end=\"761\" data-col-size=\"sm\"><strong data-start=\"734\" data-end=\"760\">Sicherheitszertifikate<\/strong><\/td>\n<td data-col-size=\"md\" data-start=\"761\" data-end=\"789\">IEC 60825-1 \/ EN 60825-1<\/td>\n<\/tr>\n<tr data-start=\"790\" data-end=\"848\">\n<td data-start=\"790\" data-end=\"813\" data-col-size=\"sm\"><strong data-start=\"792\" data-end=\"812\">Steuerprotokolle<\/strong><\/td>\n<td data-start=\"813\" data-end=\"848\" data-col-size=\"md\">DMX, ArtNet, ILDA, LAN-Netzwerk<\/td>\n<\/tr>\n<tr data-start=\"849\" data-end=\"921\">\n<td data-start=\"849\" data-end=\"881\" data-col-size=\"sm\"><strong data-start=\"851\" data-end=\"880\">Netzwerk \/ Schnittstellen<\/strong><\/td>\n<td data-start=\"881\" data-end=\"921\" data-col-size=\"md\">Ethernet, ILDA In\/Out, SD-Kartenslot<\/td>\n<\/tr>\n<tr data-start=\"922\" data-end=\"1001\">\n<td data-start=\"922\" data-end=\"954\" data-col-size=\"sm\"><strong data-start=\"924\" data-end=\"953\">Speicher \/ Showwiedergabe<\/strong><\/td>\n<td data-start=\"954\" data-end=\"1001\" data-col-size=\"md\">interner Speicher f\u00fcr Standalone-Wiedergabe<\/td>\n<\/tr>\n<tr data-start=\"1002\" data-end=\"1055\">\n<td data-start=\"1002\" data-end=\"1024\" data-col-size=\"sm\"><strong data-start=\"1004\" data-end=\"1023\">Geh\u00e4usematerial<\/strong><\/td>\n<td data-col-size=\"md\" data-start=\"1024\" data-end=\"1055\">Aluminium \/ Metalllegierung<\/td>\n<\/tr>\n<tr data-start=\"1056\" data-end=\"1097\">\n<td data-start=\"1056\" data-end=\"1070\" data-col-size=\"sm\"><strong data-start=\"1058\" data-end=\"1069\">K\u00fchlung<\/strong><\/td>\n<td data-start=\"1070\" data-end=\"1097\" data-col-size=\"md\">Aktive L\u00fcftung (intern)<\/td>\n<\/tr>\n<tr data-start=\"1098\" data-end=\"1153\">\n<td data-start=\"1098\" data-end=\"1130\" data-col-size=\"sm\"><strong data-start=\"1100\" data-end=\"1129\">Betriebstemperaturbereich<\/strong><\/td>\n<td data-col-size=\"md\" data-start=\"1130\" data-end=\"1153\">ca. 0 \u00b0C bis +45 \u00b0C<\/td>\n<\/tr>\n<tr data-start=\"1154\" data-end=\"1219\">\n<td data-start=\"1154\" data-end=\"1187\" data-col-size=\"sm\"><strong data-start=\"1156\" data-end=\"1186\">Zul\u00e4ssige Luftfeuchtigkeit<\/strong><\/td>\n<td data-start=\"1187\" data-end=\"1219\" data-col-size=\"md\">&lt; 80 % (nicht kondensierend)<\/td>\n<\/tr>\n<tr data-start=\"1220\" data-end=\"1264\">\n<td data-start=\"1220\" data-end=\"1238\" data-col-size=\"sm\"><strong data-start=\"1222\" data-end=\"1237\">Abmessungen<\/strong><\/td>\n<td data-col-size=\"md\" data-start=\"1238\" data-end=\"1264\">ca. 450 \u00d7 200 \u00d7 140 mm<\/td>\n<\/tr>\n<tr data-start=\"1265\" data-end=\"1297\">\n<td data-start=\"1265\" data-end=\"1279\" data-col-size=\"sm\"><strong data-start=\"1267\" data-end=\"1278\">Gewicht<\/strong><\/td>\n<td data-col-size=\"md\" data-start=\"1279\" data-end=\"1297\">ca. 12 \u2013 14 kg<\/td>\n<\/tr>\n<\/tbody>\n<\/table>\n<\/div>\n<\/div>\n","protected":false},"excerpt":{"rendered":"<p>2 vorr\u00e4tig<\/p>\n","protected":false},"featured_media":1113,"template":"","meta":[],"product_brand":[],"product_cat":[52],"product_tag":[],"class_list":{"0":"post-1114","1":"product","2":"type-product","3":"status-publish","4":"has-post-thumbnail","6":"product_cat-lasertechnik","8":"first","9":"instock","10":"taxable","11":"shipping-taxable","12":"purchasable","13":"product-type-simple"},"_links":{"self":[{"href":"https:\/\/as-lightsound.de\/wordpress\/wp-json\/wp\/v2\/product\/1114","targetHints":{"allow":["GET"]}}],"collection":[{"href":"https:\/\/as-lightsound.de\/wordpress\/wp-json\/wp\/v2\/product"}],"about":[{"href":"https:\/\/as-lightsound.de\/wordpress\/wp-json\/wp\/v2\/types\/product"}],"wp:featuredmedia":[{"embeddable":true,"href":"https:\/\/as-lightsound.de\/wordpress\/wp-json\/wp\/v2\/media\/1113"}],"wp:attachment":[{"href":"https:\/\/as-lightsound.de\/wordpress\/wp-json\/wp\/v2\/media?parent=1114"}],"wp:term":[{"taxonomy":"product_brand","embeddable":true,"href":"https:\/\/as-lightsound.de\/wordpress\/wp-json\/wp\/v2\/product_brand?post=1114"},{"taxonomy":"product_cat","embeddable":true,"href":"https:\/\/as-lightsound.de\/wordpress\/wp-json\/wp\/v2\/product_cat?post=1114"},{"taxonomy":"product_tag","embeddable":true,"href":"https:\/\/as-lightsound.de\/wordpress\/wp-json\/wp\/v2\/product_tag?post=1114"}],"curies":[{"name":"wp","href":"https:\/\/api.w.org\/{rel}","templated":true}]}}