{"id":1112,"date":"2023-08-03T19:11:08","date_gmt":"2023-08-03T17:11:08","guid":{"rendered":"https:\/\/as-lightsound.de\/wordpress\/?post_type=product&#038;p=1112"},"modified":"2025-10-09T09:30:23","modified_gmt":"2025-10-09T07:30:23","slug":"lps-bax-24000mw-rgb-40kpps","status":"publish","type":"product","link":"https:\/\/as-lightsound.de\/wordpress\/product\/lps-bax-24000mw-rgb-40kpps\/","title":{"rendered":"LPS BaX 24000mW RGB 40kpps"},"content":{"rendered":"<p data-start=\"49\" data-end=\"407\">Der <strong data-start=\"53\" data-end=\"85\">LPS BaX 24000 mW RGB 40 kpps<\/strong> ist ein hochleistungsf\u00e4higer RGB-Dioden-Laser mit integriertem Pangolin FB4-Controller, der f\u00fcr professionelle Showeffekte ausgelegt ist. Mit seiner kr\u00e4ftigen Laserleistung und flexiblen Steuerungsm\u00f6glichkeiten eignet er sich f\u00fcr gro\u00dfe Veranstaltungsr\u00e4ume, Open-Air-Events, Theaterproduktionen und spannende Lichtshows.<\/p>\n<hr data-start=\"409\" data-end=\"412\" \/>\n<h3 data-start=\"414\" data-end=\"447\">Technische Daten (Tech Specs)<\/h3>\n<div class=\"_tableContainer_1rjym_1\">\n<div class=\"group _tableWrapper_1rjym_13 flex w-fit flex-col-reverse\" tabindex=\"-1\">\n<table class=\"w-fit min-w-(--thread-content-width)\" data-start=\"449\" data-end=\"1445\">\n<thead data-start=\"449\" data-end=\"467\">\n<tr data-start=\"449\" data-end=\"467\">\n<th data-start=\"449\" data-end=\"459\" data-col-size=\"sm\">Merkmal<\/th>\n<th data-start=\"459\" data-end=\"467\" data-col-size=\"md\">Wert<\/th>\n<\/tr>\n<\/thead>\n<tbody data-start=\"488\" data-end=\"1445\">\n<tr data-start=\"488\" data-end=\"540\">\n<td data-start=\"488\" data-end=\"501\" data-col-size=\"sm\"><strong data-start=\"490\" data-end=\"500\">Modell<\/strong><\/td>\n<td data-start=\"501\" data-end=\"540\" data-col-size=\"md\">BaX 24000 mW RGB (mit Pangolin FB4)<\/td>\n<\/tr>\n<tr data-start=\"541\" data-end=\"587\">\n<td data-start=\"541\" data-end=\"574\" data-col-size=\"sm\"><strong data-start=\"543\" data-end=\"573\">Laserleistung (Gesamt RGB)<\/strong><\/td>\n<td data-start=\"574\" data-end=\"587\" data-col-size=\"md\">24.000 mW<\/td>\n<\/tr>\n<tr data-start=\"588\" data-end=\"657\">\n<td data-start=\"588\" data-end=\"621\" data-col-size=\"sm\"><strong data-start=\"590\" data-end=\"620\">Scanrate \/ Geschwindigkeit<\/strong><\/td>\n<td data-start=\"621\" data-end=\"657\" data-col-size=\"md\">40.000 Punkte pro Sekunde (kpps)<\/td>\n<\/tr>\n<tr data-start=\"658\" data-end=\"710\">\n<td data-start=\"658\" data-end=\"685\" data-col-size=\"sm\"><strong data-start=\"660\" data-end=\"684\">Farbmodus \/ Farbraum<\/strong><\/td>\n<td data-start=\"685\" data-end=\"710\" data-col-size=\"md\">RGB (Vollfarbenmodus)<\/td>\n<\/tr>\n<tr data-start=\"711\" data-end=\"757\">\n<td data-start=\"711\" data-end=\"728\" data-col-size=\"sm\"><strong data-start=\"713\" data-end=\"727\">Controller<\/strong><\/td>\n<td data-col-size=\"md\" data-start=\"728\" data-end=\"757\">Pangolin FB4 (integriert)<\/td>\n<\/tr>\n<tr data-start=\"758\" data-end=\"807\">\n<td data-start=\"758\" data-end=\"781\" data-col-size=\"sm\"><strong data-start=\"760\" data-end=\"780\">Steuerprotokolle<\/strong><\/td>\n<td data-start=\"781\" data-end=\"807\" data-col-size=\"md\">ILDA, DMX, ArtNet, LAN<\/td>\n<\/tr>\n<tr data-start=\"808\" data-end=\"903\">\n<td data-start=\"808\" data-end=\"841\" data-col-size=\"sm\"><strong data-start=\"810\" data-end=\"840\">Speichermodus \/ Standalone<\/strong><\/td>\n<td data-start=\"841\" data-end=\"903\" data-col-size=\"md\">Internes Show-Playback via SD-Karte oder interner Speicher<\/td>\n<\/tr>\n<tr data-start=\"904\" data-end=\"984\">\n<td data-start=\"904\" data-end=\"938\" data-col-size=\"sm\"><strong data-start=\"906\" data-end=\"937\">Anschl\u00fcsse \/ Schnittstellen<\/strong><\/td>\n<td data-start=\"938\" data-end=\"984\" data-col-size=\"md\">ILDA In\/Out, Ethernet, SD-Slot, DMX In\/Out<\/td>\n<\/tr>\n<tr data-start=\"985\" data-end=\"1070\">\n<td data-start=\"985\" data-end=\"1022\" data-col-size=\"sm\"><strong data-start=\"987\" data-end=\"1021\">Geh\u00e4usematerial \/ Verarbeitung<\/strong><\/td>\n<td data-start=\"1022\" data-end=\"1070\" data-col-size=\"md\">Aluminiumgeh\u00e4use mit hochwertiger Lackierung<\/td>\n<\/tr>\n<tr data-start=\"1071\" data-end=\"1130\">\n<td data-start=\"1071\" data-end=\"1085\" data-col-size=\"sm\"><strong data-start=\"1073\" data-end=\"1084\">K\u00fchlung<\/strong><\/td>\n<td data-start=\"1085\" data-end=\"1130\" data-col-size=\"md\">Aktive L\u00fcftung (integrierte Ventilatoren)<\/td>\n<\/tr>\n<tr data-start=\"1131\" data-end=\"1179\">\n<td data-start=\"1131\" data-end=\"1156\" data-col-size=\"sm\"><strong data-start=\"1133\" data-end=\"1155\">Betriebstemperatur<\/strong><\/td>\n<td data-start=\"1156\" data-end=\"1179\" data-col-size=\"md\">ca. 0 \u00b0C bis +45 \u00b0C<\/td>\n<\/tr>\n<tr data-start=\"1180\" data-end=\"1252\">\n<td data-start=\"1180\" data-end=\"1219\" data-col-size=\"sm\"><strong data-start=\"1182\" data-end=\"1218\">Feuchtigkeit \/ Umweltbedingungen<\/strong><\/td>\n<td data-col-size=\"md\" data-start=\"1219\" data-end=\"1252\">&lt; 80 % rF, keine Kondensation<\/td>\n<\/tr>\n<tr data-start=\"1253\" data-end=\"1368\">\n<td data-start=\"1253\" data-end=\"1282\" data-col-size=\"sm\"><strong data-start=\"1255\" data-end=\"1281\">Sicherheitszertifikate<\/strong><\/td>\n<td data-start=\"1282\" data-end=\"1368\" data-col-size=\"md\">IEC 60825-1 \/ EN 60825-1 (klassifiziert als Showlaser mit Sicherheitsvorkehrungen)<\/td>\n<\/tr>\n<tr data-start=\"1369\" data-end=\"1415\">\n<td data-start=\"1369\" data-end=\"1393\" data-col-size=\"sm\"><strong data-start=\"1371\" data-end=\"1392\">Abmessungen (ca.)<\/strong><\/td>\n<td data-start=\"1393\" data-end=\"1415\" data-col-size=\"md\">500 \u00d7 220 \u00d7 160 mm<\/td>\n<\/tr>\n<tr data-start=\"1416\" data-end=\"1445\">\n<td data-start=\"1416\" data-end=\"1436\" data-col-size=\"sm\"><strong data-start=\"1418\" data-end=\"1435\">Gewicht (ca.)<\/strong><\/td>\n<td data-start=\"1436\" data-end=\"1445\" data-col-size=\"md\">15 kg<\/td>\n<\/tr>\n<\/tbody>\n<\/table>\n<\/div>\n<\/div>\n","protected":false},"excerpt":{"rendered":"<p>6 vorr\u00e4tig<\/p>\n","protected":false},"featured_media":1113,"template":"","meta":[],"product_brand":[],"product_cat":[52],"product_tag":[],"class_list":{"0":"post-1112","1":"product","2":"type-product","3":"status-publish","4":"has-post-thumbnail","6":"product_cat-lasertechnik","8":"first","9":"instock","10":"taxable","11":"shipping-taxable","12":"purchasable","13":"product-type-simple"},"_links":{"self":[{"href":"https:\/\/as-lightsound.de\/wordpress\/wp-json\/wp\/v2\/product\/1112","targetHints":{"allow":["GET"]}}],"collection":[{"href":"https:\/\/as-lightsound.de\/wordpress\/wp-json\/wp\/v2\/product"}],"about":[{"href":"https:\/\/as-lightsound.de\/wordpress\/wp-json\/wp\/v2\/types\/product"}],"wp:featuredmedia":[{"embeddable":true,"href":"https:\/\/as-lightsound.de\/wordpress\/wp-json\/wp\/v2\/media\/1113"}],"wp:attachment":[{"href":"https:\/\/as-lightsound.de\/wordpress\/wp-json\/wp\/v2\/media?parent=1112"}],"wp:term":[{"taxonomy":"product_brand","embeddable":true,"href":"https:\/\/as-lightsound.de\/wordpress\/wp-json\/wp\/v2\/product_brand?post=1112"},{"taxonomy":"product_cat","embeddable":true,"href":"https:\/\/as-lightsound.de\/wordpress\/wp-json\/wp\/v2\/product_cat?post=1112"},{"taxonomy":"product_tag","embeddable":true,"href":"https:\/\/as-lightsound.de\/wordpress\/wp-json\/wp\/v2\/product_tag?post=1112"}],"curies":[{"name":"wp","href":"https:\/\/api.w.org\/{rel}","templated":true}]}}