{"id":1108,"date":"2023-08-03T18:57:11","date_gmt":"2023-08-03T16:57:11","guid":{"rendered":"https:\/\/as-lightsound.de\/wordpress\/?post_type=product&#038;p=1108"},"modified":"2025-10-09T08:11:05","modified_gmt":"2025-10-09T06:11:05","slug":"blackmagic-design-microconverter-bidirectional-sdi-hdmi","status":"publish","type":"product","link":"https:\/\/as-lightsound.de\/wordpress\/product\/blackmagic-design-microconverter-bidirectional-sdi-hdmi\/","title":{"rendered":"Blackmagic Design MicroConverter Bidirectional SDI\/HDMI 3G"},"content":{"rendered":"<p data-start=\"96\" data-end=\"583\">Der <strong data-start=\"100\" data-end=\"163\">Blackmagic Design Micro Converter BiDirectional SDI\/HDMI 3G<\/strong> ist ein kompakter, professioneller Konverter zur gleichzeitigen Umwandlung von SDI nach HDMI und HDMI nach SDI. Er unterst\u00fctzt Videoaufl\u00f6sungen bis 1080p60 und ist ideal f\u00fcr den Einsatz in Live-, Broadcast-, Kamera- und Monitoring-Setups. Durch sein robustes Metallgeh\u00e4use, USB-Stromversorgung und automatische Signal-Erkennung ist der Konverter besonders flexibel und zuverl\u00e4ssig im mobilen oder station\u00e4ren Einsatz.<\/p>\n<hr data-start=\"585\" data-end=\"588\" \/>\n<h3 data-start=\"590\" data-end=\"623\">Technische Daten (Tech Specs)<\/h3>\n<div class=\"_tableContainer_1rjym_1\">\n<div class=\"group _tableWrapper_1rjym_13 flex w-fit flex-col-reverse\" tabindex=\"-1\">\n<table class=\"w-fit min-w-(--thread-content-width)\" data-start=\"625\" data-end=\"1739\">\n<thead data-start=\"625\" data-end=\"643\">\n<tr data-start=\"625\" data-end=\"643\">\n<th data-start=\"625\" data-end=\"635\" data-col-size=\"sm\">Merkmal<\/th>\n<th data-start=\"635\" data-end=\"643\" data-col-size=\"md\">Wert<\/th>\n<\/tr>\n<\/thead>\n<tbody data-start=\"664\" data-end=\"1739\">\n<tr data-start=\"664\" data-end=\"740\">\n<td data-start=\"664\" data-end=\"677\" data-col-size=\"sm\"><strong data-start=\"666\" data-end=\"676\">Modell<\/strong><\/td>\n<td data-start=\"677\" data-end=\"740\" data-col-size=\"md\">Blackmagic Design Micro Converter BiDirectional SDI\/HDMI 3G<\/td>\n<\/tr>\n<tr data-start=\"741\" data-end=\"792\">\n<td data-start=\"741\" data-end=\"757\" data-col-size=\"sm\"><strong data-start=\"743\" data-end=\"756\">Ger\u00e4tetyp<\/strong><\/td>\n<td data-start=\"757\" data-end=\"792\" data-col-size=\"md\">Bidirektionaler Video-Konverter<\/td>\n<\/tr>\n<tr data-start=\"793\" data-end=\"868\">\n<td data-start=\"793\" data-end=\"808\" data-col-size=\"sm\"><strong data-start=\"795\" data-end=\"807\">Funktion<\/strong><\/td>\n<td data-start=\"808\" data-end=\"868\" data-col-size=\"md\">Gleichzeitige SDI-zu-HDMI- und HDMI-zu-SDI-Konvertierung<\/td>\n<\/tr>\n<tr data-start=\"869\" data-end=\"922\">\n<td data-start=\"869\" data-end=\"889\" data-col-size=\"sm\"><strong data-start=\"871\" data-end=\"888\">Videoeing\u00e4nge<\/strong><\/td>\n<td data-col-size=\"md\" data-start=\"889\" data-end=\"922\">1 \u00d7 SDI (BNC), 1 \u00d7 HDMI Typ A<\/td>\n<\/tr>\n<tr data-start=\"923\" data-end=\"976\">\n<td data-start=\"923\" data-end=\"943\" data-col-size=\"sm\"><strong data-start=\"925\" data-end=\"942\">Videoausg\u00e4nge<\/strong><\/td>\n<td data-start=\"943\" data-end=\"976\" data-col-size=\"md\">1 \u00d7 SDI (BNC), 1 \u00d7 HDMI Typ A<\/td>\n<\/tr>\n<tr data-start=\"977\" data-end=\"1043\">\n<td data-start=\"977\" data-end=\"996\" data-col-size=\"sm\"><strong data-start=\"979\" data-end=\"995\">Videoformate<\/strong><\/td>\n<td data-start=\"996\" data-end=\"1043\" data-col-size=\"md\">SD, HD bis 1080p60 (automatische Erkennung)<\/td>\n<\/tr>\n<tr data-start=\"1044\" data-end=\"1142\">\n<td data-start=\"1044\" data-end=\"1071\" data-col-size=\"sm\"><strong data-start=\"1046\" data-end=\"1070\">Unterst\u00fctzte Formate<\/strong><\/td>\n<td data-start=\"1071\" data-end=\"1142\" data-col-size=\"md\">525i59.94, 625i50, 720p50\/59.94\/60, 1080i50\/59.94\/60, 1080p23.98\u201360<\/td>\n<\/tr>\n<tr data-start=\"1143\" data-end=\"1202\">\n<td data-start=\"1143\" data-end=\"1164\" data-col-size=\"sm\"><strong data-start=\"1145\" data-end=\"1163\">Signalstandard<\/strong><\/td>\n<td data-start=\"1164\" data-end=\"1202\" data-col-size=\"md\">3G-SDI (SMPTE 259M\/292M\/296M\/424M)<\/td>\n<\/tr>\n<tr data-start=\"1203\" data-end=\"1250\">\n<td data-start=\"1203\" data-end=\"1229\" data-col-size=\"sm\"><strong data-start=\"1205\" data-end=\"1228\">Farbraum \/ Sampling<\/strong><\/td>\n<td data-start=\"1229\" data-end=\"1250\" data-col-size=\"md\">YUV 4:2:2, 10 Bit<\/td>\n<\/tr>\n<tr data-start=\"1251\" data-end=\"1303\">\n<td data-start=\"1251\" data-end=\"1274\" data-col-size=\"sm\"><strong data-start=\"1253\" data-end=\"1273\">Audio\u00fcbertragung<\/strong><\/td>\n<td data-start=\"1274\" data-end=\"1303\" data-col-size=\"md\">Embedded Audio (SDI\/HDMI)<\/td>\n<\/tr>\n<tr data-start=\"1304\" data-end=\"1388\">\n<td data-start=\"1304\" data-end=\"1326\" data-col-size=\"sm\"><strong data-start=\"1306\" data-end=\"1325\">Stromversorgung<\/strong><\/td>\n<td data-start=\"1326\" data-end=\"1388\" data-col-size=\"md\">5 V DC \u00fcber USB Typ-C (z. B. Netzteil, Kamera oder Laptop)<\/td>\n<\/tr>\n<tr data-start=\"1389\" data-end=\"1424\">\n<td data-start=\"1389\" data-end=\"1413\" data-col-size=\"sm\"><strong data-start=\"1391\" data-end=\"1412\">Leistungsaufnahme<\/strong><\/td>\n<td data-col-size=\"md\" data-start=\"1413\" data-end=\"1424\">ca. 2 W<\/td>\n<\/tr>\n<tr data-start=\"1425\" data-end=\"1474\">\n<td data-start=\"1425\" data-end=\"1455\" data-col-size=\"sm\"><strong data-start=\"1427\" data-end=\"1454\">Abmessungen (B \u00d7 H \u00d7 T)<\/strong><\/td>\n<td data-start=\"1455\" data-end=\"1474\" data-col-size=\"md\">60 \u00d7 22 \u00d7 75 mm<\/td>\n<\/tr>\n<tr data-start=\"1475\" data-end=\"1502\">\n<td data-start=\"1475\" data-end=\"1489\" data-col-size=\"sm\"><strong data-start=\"1477\" data-end=\"1488\">Gewicht<\/strong><\/td>\n<td data-start=\"1489\" data-end=\"1502\" data-col-size=\"md\">ca. 125 g<\/td>\n<\/tr>\n<tr data-start=\"1503\" data-end=\"1553\">\n<td data-start=\"1503\" data-end=\"1525\" data-col-size=\"sm\"><strong data-start=\"1505\" data-end=\"1524\">Geh\u00e4usematerial<\/strong><\/td>\n<td data-start=\"1525\" data-end=\"1553\" data-col-size=\"md\">Metall (robust, kompakt)<\/td>\n<\/tr>\n<tr data-start=\"1554\" data-end=\"1592\">\n<td data-start=\"1554\" data-end=\"1579\" data-col-size=\"sm\"><strong data-start=\"1556\" data-end=\"1578\">Betriebstemperatur<\/strong><\/td>\n<td data-start=\"1579\" data-end=\"1592\" data-col-size=\"md\">0 \u2013 40 \u00b0C<\/td>\n<\/tr>\n<tr data-start=\"1593\" data-end=\"1629\">\n<td data-start=\"1593\" data-end=\"1607\" data-col-size=\"sm\"><strong data-start=\"1595\" data-end=\"1606\">K\u00fchlung<\/strong><\/td>\n<td data-start=\"1607\" data-end=\"1629\" data-col-size=\"md\">Passiv (l\u00fcfterlos)<\/td>\n<\/tr>\n<tr data-start=\"1630\" data-end=\"1709\">\n<td data-start=\"1630\" data-end=\"1651\" data-col-size=\"sm\"><strong data-start=\"1632\" data-end=\"1650\">Besonderheiten<\/strong><\/td>\n<td data-col-size=\"md\" data-start=\"1651\" data-end=\"1709\">automatische Signal-Erkennung, Firmware-Update via USB<\/td>\n<\/tr>\n<tr data-start=\"1710\" data-end=\"1739\">\n<td data-start=\"1710\" data-end=\"1722\" data-col-size=\"sm\"><strong data-start=\"1712\" data-end=\"1721\">Farbe<\/strong><\/td>\n<td data-start=\"1722\" data-end=\"1739\" data-col-size=\"md\">Silber \/ Grau<\/td>\n<\/tr>\n<\/tbody>\n<\/table>\n<\/div>\n<\/div>\n","protected":false},"excerpt":{"rendered":"<p>8 vorr\u00e4tig<\/p>\n","protected":false},"featured_media":1109,"template":"","meta":[],"product_brand":[],"product_cat":[28],"product_tag":[],"class_list":{"0":"post-1108","1":"product","2":"type-product","3":"status-publish","4":"has-post-thumbnail","6":"product_cat-zubehoer","8":"first","9":"instock","10":"taxable","11":"shipping-taxable","12":"purchasable","13":"product-type-simple"},"_links":{"self":[{"href":"https:\/\/as-lightsound.de\/wordpress\/wp-json\/wp\/v2\/product\/1108","targetHints":{"allow":["GET"]}}],"collection":[{"href":"https:\/\/as-lightsound.de\/wordpress\/wp-json\/wp\/v2\/product"}],"about":[{"href":"https:\/\/as-lightsound.de\/wordpress\/wp-json\/wp\/v2\/types\/product"}],"wp:featuredmedia":[{"embeddable":true,"href":"https:\/\/as-lightsound.de\/wordpress\/wp-json\/wp\/v2\/media\/1109"}],"wp:attachment":[{"href":"https:\/\/as-lightsound.de\/wordpress\/wp-json\/wp\/v2\/media?parent=1108"}],"wp:term":[{"taxonomy":"product_brand","embeddable":true,"href":"https:\/\/as-lightsound.de\/wordpress\/wp-json\/wp\/v2\/product_brand?post=1108"},{"taxonomy":"product_cat","embeddable":true,"href":"https:\/\/as-lightsound.de\/wordpress\/wp-json\/wp\/v2\/product_cat?post=1108"},{"taxonomy":"product_tag","embeddable":true,"href":"https:\/\/as-lightsound.de\/wordpress\/wp-json\/wp\/v2\/product_tag?post=1108"}],"curies":[{"name":"wp","href":"https:\/\/api.w.org\/{rel}","templated":true}]}}