{"id":1099,"date":"2023-08-03T18:48:49","date_gmt":"2023-08-03T16:48:49","guid":{"rendered":"https:\/\/as-lightsound.de\/wordpress\/?post_type=product&#038;p=1099"},"modified":"2025-10-09T09:25:23","modified_gmt":"2025-10-09T07:25:23","slug":"magicfx-stadium-blower","status":"publish","type":"product","link":"https:\/\/as-lightsound.de\/wordpress\/product\/magicfx-stadium-blower\/","title":{"rendered":"MagicFX Stadium Blower"},"content":{"rendered":"<p data-start=\"85\" data-end=\"510\">Der <strong data-start=\"89\" data-end=\"115\">MagicFX Stadium Blower<\/strong> ist ein leistungsstarker, CO\u2082-freier B\u00fchnenkonfetti-Blower, der gro\u00dfe Effektvolumina erzeugt und von bis zu 15 m Aussto\u00dfweite erreicht. Mit zwei konfetti-F\u00e4chern l\u00e4sst sich simultan oder abwechselnd konfetti aus unterschiedlicher Sorte oder Farbe blasen. Die automatische Dosierung, DMX-Steuerung sowie manuelle Bedienelemente machen ihn ideal f\u00fcr Konzerte, Festivals und Gro\u00dfveranstaltungen.<\/p>\n<hr data-start=\"512\" data-end=\"515\" \/>\n<h3 data-start=\"517\" data-end=\"550\">Technische Daten (Tech Specs)<\/h3>\n<div class=\"_tableContainer_1rjym_1\">\n<div class=\"group _tableWrapper_1rjym_13 flex w-fit flex-col-reverse\" tabindex=\"-1\">\n<table class=\"w-fit min-w-(--thread-content-width)\" data-start=\"552\" data-end=\"1359\">\n<thead data-start=\"552\" data-end=\"570\">\n<tr data-start=\"552\" data-end=\"570\">\n<th data-start=\"552\" data-end=\"562\" data-col-size=\"sm\">Merkmal<\/th>\n<th data-start=\"562\" data-end=\"570\" data-col-size=\"md\">Wert<\/th>\n<\/tr>\n<\/thead>\n<tbody data-start=\"591\" data-end=\"1359\">\n<tr data-start=\"591\" data-end=\"636\">\n<td data-start=\"591\" data-end=\"610\" data-col-size=\"sm\"><strong data-start=\"593\" data-end=\"609\">Modell \/ Typ<\/strong><\/td>\n<td data-col-size=\"md\" data-start=\"610\" data-end=\"636\">MagicFX Stadium Blower<\/td>\n<\/tr>\n<tr data-start=\"637\" data-end=\"663\">\n<td data-start=\"637\" data-end=\"652\" data-col-size=\"sm\"><strong data-start=\"639\" data-end=\"651\">Leistung<\/strong><\/td>\n<td data-start=\"652\" data-end=\"663\" data-col-size=\"md\">1.400 W<\/td>\n<\/tr>\n<tr data-start=\"664\" data-end=\"705\">\n<td data-start=\"664\" data-end=\"679\" data-col-size=\"sm\"><strong data-start=\"666\" data-end=\"678\">Spannung<\/strong><\/td>\n<td data-start=\"679\" data-end=\"705\" data-col-size=\"md\">210-240 V AC, 50\/60 Hz<\/td>\n<\/tr>\n<tr data-start=\"706\" data-end=\"745\">\n<td data-start=\"706\" data-end=\"730\" data-col-size=\"sm\"><strong data-start=\"708\" data-end=\"729\">Aussto\u00dfreichweite<\/strong><\/td>\n<td data-col-size=\"md\" data-start=\"730\" data-end=\"745\">bis zu 15 m<\/td>\n<\/tr>\n<tr data-start=\"746\" data-end=\"813\">\n<td data-start=\"746\" data-end=\"765\" data-col-size=\"sm\"><strong data-start=\"748\" data-end=\"764\">Dosiersystem<\/strong><\/td>\n<td data-start=\"765\" data-end=\"813\" data-col-size=\"md\">Automatische Dosierung f\u00fcr konstanten Effekt<\/td>\n<\/tr>\n<tr data-start=\"814\" data-end=\"871\">\n<td data-start=\"814\" data-end=\"830\" data-col-size=\"sm\"><strong data-start=\"816\" data-end=\"829\">Steuerung<\/strong><\/td>\n<td data-col-size=\"md\" data-start=\"830\" data-end=\"871\">DMX \/ manuelle Bedienung \/ Standalone<\/td>\n<\/tr>\n<tr data-start=\"872\" data-end=\"918\">\n<td data-start=\"872\" data-end=\"895\" data-col-size=\"sm\"><strong data-start=\"874\" data-end=\"894\">Konfetti-Kammern<\/strong><\/td>\n<td data-start=\"895\" data-end=\"918\" data-col-size=\"md\">2 getrennte Kammern<\/td>\n<\/tr>\n<tr data-start=\"919\" data-end=\"997\">\n<td data-start=\"919\" data-end=\"939\" data-col-size=\"sm\"><strong data-start=\"921\" data-end=\"938\">F\u00fcllkapazit\u00e4t<\/strong><\/td>\n<td data-start=\"939\" data-end=\"997\" data-col-size=\"md\">je Kammer: 2 kg Papierkonfetti \/ 3 kg Metallickonfetti<\/td>\n<\/tr>\n<tr data-start=\"998\" data-end=\"1074\">\n<td data-start=\"998\" data-end=\"1025\" data-col-size=\"sm\"><strong data-start=\"1000\" data-end=\"1024\">Verbrauch (Volllast)<\/strong><\/td>\n<td data-start=\"1025\" data-end=\"1074\" data-col-size=\"md\">Papier: ca. 2 kg\/min \u2022 Metallic: ca. 4 kg\/min<\/td>\n<\/tr>\n<tr data-start=\"1075\" data-end=\"1127\">\n<td data-start=\"1075\" data-end=\"1105\" data-col-size=\"sm\"><strong data-start=\"1077\" data-end=\"1104\">Abmessungen (L \u00d7 B \u00d7 H)<\/strong><\/td>\n<td data-start=\"1105\" data-end=\"1127\" data-col-size=\"md\">80 \u00d7 60 \u00d7 131,5 cm<\/td>\n<\/tr>\n<tr data-start=\"1128\" data-end=\"1152\">\n<td data-start=\"1128\" data-end=\"1142\" data-col-size=\"sm\"><strong data-start=\"1130\" data-end=\"1141\">Gewicht<\/strong><\/td>\n<td data-start=\"1142\" data-end=\"1152\" data-col-size=\"md\">104 kg<\/td>\n<\/tr>\n<tr data-start=\"1153\" data-end=\"1204\">\n<td data-start=\"1153\" data-end=\"1178\" data-col-size=\"sm\"><strong data-start=\"1155\" data-end=\"1177\">Material \/ Geh\u00e4use<\/strong><\/td>\n<td data-col-size=\"md\" data-start=\"1178\" data-end=\"1204\">Robustes Metallgeh\u00e4use<\/td>\n<\/tr>\n<tr data-start=\"1205\" data-end=\"1252\">\n<td data-start=\"1205\" data-end=\"1237\" data-col-size=\"sm\"><strong data-start=\"1207\" data-end=\"1236\">Konfetti-durchmesser max.<\/strong><\/td>\n<td data-start=\"1237\" data-end=\"1252\" data-col-size=\"md\">bis \u00d8 55 mm<\/td>\n<\/tr>\n<tr data-start=\"1253\" data-end=\"1300\">\n<td data-start=\"1253\" data-end=\"1273\" data-col-size=\"sm\"><strong data-start=\"1255\" data-end=\"1272\">Auswurfwinkel<\/strong><\/td>\n<td data-col-size=\"md\" data-start=\"1273\" data-end=\"1300\">Einstellbar bis ca. 45\u00b0<\/td>\n<\/tr>\n<tr data-start=\"1301\" data-end=\"1359\">\n<td data-start=\"1301\" data-end=\"1323\" data-col-size=\"sm\"><strong data-start=\"1303\" data-end=\"1322\">Anschluss Strom<\/strong><\/td>\n<td data-start=\"1323\" data-end=\"1359\" data-col-size=\"md\">PowerCON TRUE1 IN \/ OUT<\/td>\n<\/tr>\n<\/tbody>\n<\/table>\n<\/div>\n<\/div>\n","protected":false},"excerpt":{"rendered":"<p>4 vorr\u00e4tig<\/p>\n","protected":false},"featured_media":1100,"template":"","meta":[],"product_brand":[],"product_cat":[49,44],"product_tag":[],"class_list":{"0":"post-1099","1":"product","2":"type-product","3":"status-publish","4":"has-post-thumbnail","6":"product_cat-konfetti-fx","7":"product_cat-special-fx","9":"first","10":"instock","11":"taxable","12":"shipping-taxable","13":"purchasable","14":"product-type-simple"},"_links":{"self":[{"href":"https:\/\/as-lightsound.de\/wordpress\/wp-json\/wp\/v2\/product\/1099","targetHints":{"allow":["GET"]}}],"collection":[{"href":"https:\/\/as-lightsound.de\/wordpress\/wp-json\/wp\/v2\/product"}],"about":[{"href":"https:\/\/as-lightsound.de\/wordpress\/wp-json\/wp\/v2\/types\/product"}],"wp:featuredmedia":[{"embeddable":true,"href":"https:\/\/as-lightsound.de\/wordpress\/wp-json\/wp\/v2\/media\/1100"}],"wp:attachment":[{"href":"https:\/\/as-lightsound.de\/wordpress\/wp-json\/wp\/v2\/media?parent=1099"}],"wp:term":[{"taxonomy":"product_brand","embeddable":true,"href":"https:\/\/as-lightsound.de\/wordpress\/wp-json\/wp\/v2\/product_brand?post=1099"},{"taxonomy":"product_cat","embeddable":true,"href":"https:\/\/as-lightsound.de\/wordpress\/wp-json\/wp\/v2\/product_cat?post=1099"},{"taxonomy":"product_tag","embeddable":true,"href":"https:\/\/as-lightsound.de\/wordpress\/wp-json\/wp\/v2\/product_tag?post=1099"}],"curies":[{"name":"wp","href":"https:\/\/api.w.org\/{rel}","templated":true}]}}