{"id":102,"date":"2021-02-17T11:07:21","date_gmt":"2021-02-17T10:07:21","guid":{"rendered":"https:\/\/as-lightsound.de\/wordpress\/?post_type=product&#038;p=102"},"modified":"2025-10-07T10:14:36","modified_gmt":"2025-10-07T08:14:36","slug":"waves-server-sg-extreme-v3","status":"publish","type":"product","link":"https:\/\/as-lightsound.de\/wordpress\/product\/waves-server-sg-extreme-v3\/","title":{"rendered":"Waves Server SG Extreme V3"},"content":{"rendered":"<p data-start=\"223\" data-end=\"658\">Der <strong data-start=\"227\" data-end=\"267\">Waves SoundGrid Server SG Extreme V3<\/strong> ist ein leistungsstarker <strong data-start=\"293\" data-end=\"307\">DSP-Server<\/strong> f\u00fcr den Einsatz mit <strong data-start=\"328\" data-end=\"371\">Waves SoundGrid- und MultiRack-Systemen<\/strong>. Er erm\u00f6glicht die Echtzeitverarbeitung von Waves-Plugins in Live-Umgebungen mit extrem niedriger Latenz. Dank seiner robusten 19\u2033-Bauform, leistungsf\u00e4higer Hardware und zuverl\u00e4ssiger Netzwerkanbindung ist der SG Extreme V3 ideal f\u00fcr Touring, Broadcast und Studioanwendungen geeignet.<\/p>\n<hr data-start=\"660\" data-end=\"663\" \/>\n<h3 data-start=\"665\" data-end=\"702\"><strong data-start=\"669\" data-end=\"702\">Technische Daten (Tech Specs)<\/strong><\/h3>\n<div class=\"_tableContainer_1rjym_1\">\n<div class=\"group _tableWrapper_1rjym_13 flex w-fit flex-col-reverse\" tabindex=\"-1\">\n<table class=\"w-fit min-w-(--thread-content-width)\" data-start=\"704\" data-end=\"1902\">\n<thead data-start=\"704\" data-end=\"731\">\n<tr data-start=\"704\" data-end=\"731\">\n<th data-start=\"704\" data-end=\"714\" data-col-size=\"sm\">Merkmal<\/th>\n<th data-start=\"714\" data-end=\"731\" data-col-size=\"lg\">Spezifikation<\/th>\n<\/tr>\n<\/thead>\n<tbody data-start=\"755\" data-end=\"1902\">\n<tr data-start=\"755\" data-end=\"860\">\n<td data-start=\"755\" data-end=\"770\" data-col-size=\"sm\"><strong data-start=\"757\" data-end=\"769\">Funktion<\/strong><\/td>\n<td data-start=\"770\" data-end=\"860\" data-col-size=\"lg\">Externer DSP-Server zur Echtzeitverarbeitung von Waves-Plugins \u00fcber SoundGrid-Netzwerk<\/td>\n<\/tr>\n<tr data-start=\"861\" data-end=\"949\">\n<td data-start=\"861\" data-end=\"882\" data-col-size=\"sm\"><strong data-start=\"863\" data-end=\"881\">Kompatibilit\u00e4t<\/strong><\/td>\n<td data-start=\"882\" data-end=\"949\" data-col-size=\"lg\">Waves SoundGrid, MultiRack, eMotion LV1, SuperRack, WYG-Systeme<\/td>\n<\/tr>\n<tr data-start=\"950\" data-end=\"1004\">\n<td data-start=\"950\" data-end=\"966\" data-col-size=\"sm\"><strong data-start=\"952\" data-end=\"965\">Prozessor<\/strong><\/td>\n<td data-start=\"966\" data-end=\"1004\" data-col-size=\"lg\">Intel Core i7 (Quad-Core, 3,4 GHz)<\/td>\n<\/tr>\n<tr data-start=\"1005\" data-end=\"1044\">\n<td data-start=\"1005\" data-end=\"1027\" data-col-size=\"sm\"><strong data-start=\"1007\" data-end=\"1026\">Arbeitsspeicher<\/strong><\/td>\n<td data-start=\"1027\" data-end=\"1044\" data-col-size=\"lg\">8 GB DDR3 RAM<\/td>\n<\/tr>\n<tr data-start=\"1045\" data-end=\"1083\">\n<td data-start=\"1045\" data-end=\"1063\" data-col-size=\"sm\"><strong data-start=\"1047\" data-end=\"1062\">Motherboard<\/strong><\/td>\n<td data-start=\"1063\" data-end=\"1083\" data-col-size=\"lg\">Gigabyte GA-H81N<\/td>\n<\/tr>\n<tr data-start=\"1084\" data-end=\"1143\">\n<td data-start=\"1084\" data-end=\"1105\" data-col-size=\"sm\"><strong data-start=\"1086\" data-end=\"1104\">Betriebssystem<\/strong><\/td>\n<td data-start=\"1105\" data-end=\"1143\" data-col-size=\"lg\">Waves SoundGrid OS (Linux-basiert)<\/td>\n<\/tr>\n<tr data-start=\"1144\" data-end=\"1223\">\n<td data-start=\"1144\" data-end=\"1165\" data-col-size=\"sm\"><strong data-start=\"1146\" data-end=\"1164\">Audio-Netzwerk<\/strong><\/td>\n<td data-start=\"1165\" data-end=\"1223\" data-col-size=\"lg\">1 \u00d7 SoundGrid-kompatibler Gigabit-Ethernet-Port (RJ45)<\/td>\n<\/tr>\n<tr data-start=\"1224\" data-end=\"1320\">\n<td data-start=\"1224\" data-end=\"1248\" data-col-size=\"sm\"><strong data-start=\"1226\" data-end=\"1247\">Netzwerkprotokoll<\/strong><\/td>\n<td data-start=\"1248\" data-end=\"1320\" data-col-size=\"lg\">Waves SoundGrid (kompatibel mit allen SoundGrid-Ger\u00e4ten und -Karten)<\/td>\n<\/tr>\n<tr data-start=\"1321\" data-end=\"1391\">\n<td data-start=\"1321\" data-end=\"1334\" data-col-size=\"sm\"><strong data-start=\"1323\" data-end=\"1333\">Latenz<\/strong><\/td>\n<td data-start=\"1334\" data-end=\"1391\" data-col-size=\"lg\">&lt; 1 ms (abh\u00e4ngig von Routing und Systemkonfiguration)<\/td>\n<\/tr>\n<tr data-start=\"1392\" data-end=\"1450\">\n<td data-start=\"1392\" data-end=\"1406\" data-col-size=\"sm\"><strong data-start=\"1394\" data-end=\"1405\">K\u00fchlung<\/strong><\/td>\n<td data-start=\"1406\" data-end=\"1450\" data-col-size=\"lg\">Aktive L\u00fcfterk\u00fchlung, temperaturgeregelt<\/td>\n<\/tr>\n<tr data-start=\"1451\" data-end=\"1512\">\n<td data-start=\"1451\" data-end=\"1465\" data-col-size=\"sm\"><strong data-start=\"1453\" data-end=\"1464\">Geh\u00e4use<\/strong><\/td>\n<td data-start=\"1465\" data-end=\"1512\" data-col-size=\"lg\">19\u2033 Rackmount, 2 HE, robustes Metallchassis<\/td>\n<\/tr>\n<tr data-start=\"1513\" data-end=\"1585\">\n<td data-start=\"1513\" data-end=\"1530\" data-col-size=\"sm\"><strong data-start=\"1515\" data-end=\"1529\">Anschl\u00fcsse<\/strong><\/td>\n<td data-start=\"1530\" data-end=\"1585\" data-col-size=\"lg\">2 \u00d7 USB, 1 \u00d7 HDMI, 1 \u00d7 LAN, 1 \u00d7 Netzanschluss (IEC)<\/td>\n<\/tr>\n<tr data-start=\"1586\" data-end=\"1638\">\n<td data-start=\"1586\" data-end=\"1612\" data-col-size=\"sm\"><strong data-start=\"1588\" data-end=\"1611\">Spannungsversorgung<\/strong><\/td>\n<td data-start=\"1612\" data-end=\"1638\" data-col-size=\"lg\">100\u2013240 V AC, 50\/60 Hz<\/td>\n<\/tr>\n<tr data-start=\"1639\" data-end=\"1677\">\n<td data-start=\"1639\" data-end=\"1663\" data-col-size=\"sm\"><strong data-start=\"1641\" data-end=\"1662\">Leistungsaufnahme<\/strong><\/td>\n<td data-start=\"1663\" data-end=\"1677\" data-col-size=\"lg\">max. 150 W<\/td>\n<\/tr>\n<tr data-start=\"1678\" data-end=\"1729\">\n<td data-start=\"1678\" data-end=\"1708\" data-col-size=\"sm\"><strong data-start=\"1680\" data-end=\"1707\">Abmessungen (B \u00d7 H \u00d7 T)<\/strong><\/td>\n<td data-start=\"1708\" data-end=\"1729\" data-col-size=\"lg\">483 \u00d7 88 \u00d7 300 mm<\/td>\n<\/tr>\n<tr data-start=\"1730\" data-end=\"1758\">\n<td data-start=\"1730\" data-end=\"1744\" data-col-size=\"sm\"><strong data-start=\"1732\" data-end=\"1743\">Gewicht<\/strong><\/td>\n<td data-start=\"1744\" data-end=\"1758\" data-col-size=\"lg\">ca. 7,5 kg<\/td>\n<\/tr>\n<tr data-start=\"1759\" data-end=\"1902\">\n<td data-start=\"1759\" data-end=\"1780\" data-col-size=\"sm\"><strong data-start=\"1761\" data-end=\"1779\">Besonderheiten<\/strong><\/td>\n<td data-start=\"1780\" data-end=\"1902\" data-col-size=\"lg\">Echtzeit-Plugin-Verarbeitung, 8 GB RAM, Gigabit SoundGrid, robustes 2HE-Rackdesign, MultiRack &amp; eMotion LV1 kompatibel<\/td>\n<\/tr>\n<\/tbody>\n<\/table>\n<\/div>\n<\/div>\n","protected":false},"excerpt":{"rendered":"<p>1 vorr\u00e4tig<\/p>\n","protected":false},"featured_media":103,"template":"","meta":[],"product_brand":[],"product_cat":[16],"product_tag":[],"class_list":{"0":"post-102","1":"product","2":"type-product","3":"status-publish","4":"has-post-thumbnail","6":"product_cat-mischpulte","8":"first","9":"instock","10":"taxable","11":"shipping-taxable","12":"purchasable","13":"product-type-simple"},"_links":{"self":[{"href":"https:\/\/as-lightsound.de\/wordpress\/wp-json\/wp\/v2\/product\/102","targetHints":{"allow":["GET"]}}],"collection":[{"href":"https:\/\/as-lightsound.de\/wordpress\/wp-json\/wp\/v2\/product"}],"about":[{"href":"https:\/\/as-lightsound.de\/wordpress\/wp-json\/wp\/v2\/types\/product"}],"wp:featuredmedia":[{"embeddable":true,"href":"https:\/\/as-lightsound.de\/wordpress\/wp-json\/wp\/v2\/media\/103"}],"wp:attachment":[{"href":"https:\/\/as-lightsound.de\/wordpress\/wp-json\/wp\/v2\/media?parent=102"}],"wp:term":[{"taxonomy":"product_brand","embeddable":true,"href":"https:\/\/as-lightsound.de\/wordpress\/wp-json\/wp\/v2\/product_brand?post=102"},{"taxonomy":"product_cat","embeddable":true,"href":"https:\/\/as-lightsound.de\/wordpress\/wp-json\/wp\/v2\/product_cat?post=102"},{"taxonomy":"product_tag","embeddable":true,"href":"https:\/\/as-lightsound.de\/wordpress\/wp-json\/wp\/v2\/product_tag?post=102"}],"curies":[{"name":"wp","href":"https:\/\/api.w.org\/{rel}","templated":true}]}}