{"id":860,"date":"2021-07-05T15:16:43","date_gmt":"2021-07-05T13:16:43","guid":{"rendered":"https:\/\/as-lightsound.de\/wordpress\/impressum\/"},"modified":"2024-08-16T15:28:46","modified_gmt":"2024-08-16T13:28:46","slug":"impressum","status":"publish","type":"page","link":"https:\/\/as-lightsound.de\/wordpress\/impressum\/","title":{"rendered":"Impressum"},"content":{"rendered":"\r\n<p>A.S. Light &amp; Sound<br \/>Inhaber des Unternehmens: Alexander Scherb<br \/>Daimlerstra\u00dfe 52<br \/>72147 T\u00fcbingen-Nehren<br \/>Deutschland<br \/>E-Mail-Adresse: <a href=\"mailto:info@as-lightsound.de\">info@as-lightsound.de<\/a><br \/>Telefonnummer: 07473 \u2013 37 93 441<br \/>Gerichtsstand: T\u00fcbingen<\/p>\r\n<p>\r\n\r\n<\/p>\r\n<p>Verantwortlich f\u00fcr den Inhalt: Alexander Scherb<\/p>\r\n<p>Plattform der Europ\u00e4ischen Kommission zur Online-Streitbeilegung (OS) f\u00fcr Verbraucher: <a href=\"https:\/\/ec.europa.eu\/consumers\/odr\/\" target=\"_blank\" rel=\"noopener\">https:\/\/ec.europa.eu\/consumers\/odr\/<\/a>.<br \/>Wir sind nicht bereit und nicht verpflichtet an einem Streitbeilegungsverfahren vor einer Verbraucherschlichtungsstelle teilzunehmen.<\/p>\r\n<p><\/p>\r\n\r\n<p>\r\n<font color=\"#FFFFFF\">\r\nVeranstaltungstechnik Baden-W\u00fcrttemberg\r\nVeranstaltungstechnik T\u00fcbingen\r\nVeranstaltungstechnik Reutlingen\r\nLasershow\r\nLaser-Show\r\nLasershow T\u00fcbingen\r\nLaser-Show T\u00fcbingen\r\nLasershow Reutlingen\r\nLaser-Show Reutlingen\r\nFlammenshow\r\nFlameShow\r\nFlammenshow T\u00fcbingen\r\nFlammenshow Reutlingen\r\nFlammenshow Baden-W\u00fcrttemberg\r\nLichttechnik\r\nLichttechnik T\u00fcbingen\r\nLichttechnik Reutlingen\r\nLichttechnik Baden-W\u00fcrttemberg\r\nTontechnik T\u00fcbingen\r\nTontechnik Reutlingen\r\nTontechnik Baden-W\u00fcrttemberg\r\n<\/font>\r\n\r\n","protected":false},"excerpt":{"rendered":"<p>A.S. Light &amp; SoundInhaber des Unternehmens: Alexander ScherbDaimlerstra\u00dfe 5272147 T\u00fcbingen-NehrenDeutschlandE-Mail-Adresse: info@as-lightsound.deTelefonnummer: 07473 \u2013 37 93 441Gerichtsstand: T\u00fcbingen Verantwortlich f\u00fcr den Inhalt: Alexander Scherb Plattform der Europ\u00e4ischen Kommission zur Online-Streitbeilegung (OS) f\u00fcr Verbraucher: https:\/\/ec.europa.eu\/consumers\/odr\/.Wir sind nicht bereit und nicht verpflichtet an&#8230;<\/p>\n","protected":false},"author":28,"featured_media":0,"parent":0,"menu_order":0,"comment_status":"closed","ping_status":"closed","template":"","meta":{"footnotes":""},"class_list":["post-860","page","type-page","status-publish","hentry"],"_links":{"self":[{"href":"https:\/\/as-lightsound.de\/wordpress\/wp-json\/wp\/v2\/pages\/860","targetHints":{"allow":["GET"]}}],"collection":[{"href":"https:\/\/as-lightsound.de\/wordpress\/wp-json\/wp\/v2\/pages"}],"about":[{"href":"https:\/\/as-lightsound.de\/wordpress\/wp-json\/wp\/v2\/types\/page"}],"author":[{"embeddable":true,"href":"https:\/\/as-lightsound.de\/wordpress\/wp-json\/wp\/v2\/users\/28"}],"replies":[{"embeddable":true,"href":"https:\/\/as-lightsound.de\/wordpress\/wp-json\/wp\/v2\/comments?post=860"}],"version-history":[{"count":9,"href":"https:\/\/as-lightsound.de\/wordpress\/wp-json\/wp\/v2\/pages\/860\/revisions"}],"predecessor-version":[{"id":1412,"href":"https:\/\/as-lightsound.de\/wordpress\/wp-json\/wp\/v2\/pages\/860\/revisions\/1412"}],"wp:attachment":[{"href":"https:\/\/as-lightsound.de\/wordpress\/wp-json\/wp\/v2\/media?parent=860"}],"curies":[{"name":"wp","href":"https:\/\/api.w.org\/{rel}","templated":true}]}}